{"id":16503,"date":"2025-11-24T12:12:10","date_gmt":"2025-11-24T11:12:10","guid":{"rendered":"https:\/\/www.vaud.ch\/?page_id=16503"},"modified":"2025-12-08T16:34:54","modified_gmt":"2025-12-08T15:34:54","slug":"kultur-und-erbe","status":"publish","type":"page","link":"https:\/\/www.vaud.ch\/de\/tourismus\/kultur-und-erbe\/","title":{"rendered":"Kultur und Erbe"},"content":{"rendered":"\n<div class=\"wp-block-group is-style-section is-layout-constrained wp-block-group-is-layout-constrained\">\n<div class=\"wp-block-columns is-layout-flex wp-container-core-columns-is-layout-9d6595d7 wp-block-columns-is-layout-flex\">\n<div class=\"wp-block-column is-layout-flow wp-block-column-is-layout-flow\">\n<h2 class=\"wp-block-heading has-text-align-left\">Kanton Waadt, Land der Tradition und Innovation<\/h2>\n\n\n\n<p>Wer Kultur sagt, meint Geschichte, Architektur, Kunst und auch Musik. Im Kanton Waadt ist der kulturelle Reichtum zum Greifen nah. Man muss nur Augen und Ohren offen halten, um jede Menge Entdeckungen und Emotionen zu erleben.<\/p>\n<\/div>\n\n\n\n<div class=\"wp-block-column is-vertically-aligned-top is-layout-flow wp-block-column-is-layout-flow\">\n<figure class=\"wp-block-video\"><video height=\"1080\" style=\"aspect-ratio: 1920 \/ 1080;\" width=\"1920\" controls src=\"https:\/\/www.vaud.ch\/app\/uploads\/2025\/12\/2024-04_VAUD-Promotion_Final_DE_16x9.mov\"><\/video><\/figure>\n<\/div>\n<\/div>\n<\/div>\n\n\n\n<div style=\"height:20px\" aria-hidden=\"true\" class=\"wp-block-spacer\"><\/div>\n\n\n\n<div class=\"wp-block-columns is-layout-flex wp-container-core-columns-is-layout-9d6595d7 wp-block-columns-is-layout-flex\">\n<div class=\"wp-block-column is-vertically-aligned-top is-layout-flow wp-block-column-is-layout-flow\">\n<h3 class=\"wp-block-heading\">Vibiscum FestivalFeste und Festivals<\/h3>\n\n\n\n<p><strong>Einige traditionelle Veranstaltungen wie Karneval (Brandons), Winzerfeste, Alpabz\u00fcge usw. finden seit Jahrhunderten statt.<\/strong><\/p>\n\n\n\n<p>J\u00fcngeren Datums, aber nicht mehr wegzudenken, sind die Musikfestivals mit ihren treuen Besuchern, f\u00fcr die allein schon der Start des Vorverkaufs ein Ereignis ist.<\/p>\n\n\n\n<p>Abgesehen von diesen Events gibt es das ganze Jahr \u00fcber zahlreiche Gelegenheiten, in festlicher Atmosph\u00e4re zusammenzukommen. Von Kino \u00fcber Literatur bis hin zu regionalen K\u00f6stlichkeiten oder Sportveranstaltungen ist f\u00fcr jeden Geschmack etwas dabei.<\/p>\n\n\n\n<div class=\"wp-block-buttons is-layout-flex wp-block-buttons-is-layout-flex\">\n<div class=\"wp-block-button\"><a class=\"wp-block-button__link wp-element-button\" href=\"https:\/\/www.vaud.ch\/de\/tourismus\/weintourismus\/geschichte-und-weine-mit-dem-velo\/?preview=true&#038;_thumbnail_id=11845\">Unsere Feste und Festivals entdecken<\/a><\/div>\n<\/div>\n<\/div>\n\n\n\n<div class=\"wp-block-column is-layout-flow wp-block-column-is-layout-flow\">\n<figure class=\"wp-block-image size-full\"><img loading=\"lazy\" decoding=\"async\" width=\"2000\" height=\"1334\" src=\"https:\/\/www.vaud.ch\/app\/uploads\/2024\/03\/festival-images_2000_Mathilda-Olmi.jpeg\" alt=\"festival-images_2000_Mathilda-Olmi\" class=\"wp-image-5740\" style=\"aspect-ratio:16\/9;object-fit:cover\" srcset=\"https:\/\/www.vaud.ch\/app\/uploads\/2024\/03\/festival-images_2000_Mathilda-Olmi.jpeg 2000w, https:\/\/www.vaud.ch\/app\/uploads\/2024\/03\/festival-images_2000_Mathilda-Olmi-750x500.jpeg 750w, https:\/\/www.vaud.ch\/app\/uploads\/2024\/03\/festival-images_2000_Mathilda-Olmi-300x200.jpeg 300w, https:\/\/www.vaud.ch\/app\/uploads\/2024\/03\/festival-images_2000_Mathilda-Olmi-768x512.jpeg 768w, https:\/\/www.vaud.ch\/app\/uploads\/2024\/03\/festival-images_2000_Mathilda-Olmi-1024x683.jpeg 1024w, https:\/\/www.vaud.ch\/app\/uploads\/2024\/03\/festival-images_2000_Mathilda-Olmi-1536x1025.jpeg 1536w\" sizes=\"auto, (max-width: 2000px) 100vw, 2000px\" \/><figcaption class=\"wp-element-caption\">\u00a9Mathilda Olmi<\/figcaption><\/figure>\n<\/div>\n<\/div>\n\n\n\n<div style=\"height:50px\" aria-hidden=\"true\" class=\"wp-block-spacer\"><\/div>\n\n\n\n<div class=\"wp-block-columns is-layout-flex wp-container-core-columns-is-layout-9d6595d7 wp-block-columns-is-layout-flex\">\n<div class=\"wp-block-column is-layout-flow wp-block-column-is-layout-flow\">\n<figure class=\"wp-block-image size-full\"><img loading=\"lazy\" decoding=\"async\" width=\"2560\" height=\"1706\" src=\"https:\/\/www.vaud.ch\/app\/uploads\/2025\/03\/DJI_0189_Chateau_de_Vullierens_photo_Regis_Colombo_2021.jpg-scaled.jpg\" alt=\"\" class=\"wp-image-11101\" style=\"aspect-ratio:16\/9;object-fit:cover\" srcset=\"https:\/\/www.vaud.ch\/app\/uploads\/2025\/03\/DJI_0189_Chateau_de_Vullierens_photo_Regis_Colombo_2021.jpg-scaled.jpg 2560w, https:\/\/www.vaud.ch\/app\/uploads\/2025\/03\/DJI_0189_Chateau_de_Vullierens_photo_Regis_Colombo_2021.jpg-1536x1023.jpg 1536w, https:\/\/www.vaud.ch\/app\/uploads\/2025\/03\/DJI_0189_Chateau_de_Vullierens_photo_Regis_Colombo_2021.jpg-2048x1364.jpg 2048w, https:\/\/www.vaud.ch\/app\/uploads\/2025\/03\/DJI_0189_Chateau_de_Vullierens_photo_Regis_Colombo_2021.jpg-750x500.jpg 750w, https:\/\/www.vaud.ch\/app\/uploads\/2025\/03\/DJI_0189_Chateau_de_Vullierens_photo_Regis_Colombo_2021.jpg-300x200.jpg 300w, https:\/\/www.vaud.ch\/app\/uploads\/2025\/03\/DJI_0189_Chateau_de_Vullierens_photo_Regis_Colombo_2021.jpg-768x512.jpg 768w, https:\/\/www.vaud.ch\/app\/uploads\/2025\/03\/DJI_0189_Chateau_de_Vullierens_photo_Regis_Colombo_2021.jpg-1024x682.jpg 1024w\" sizes=\"auto, (max-width: 2560px) 100vw, 2560px\" \/><figcaption class=\"wp-element-caption\">R\u00e9gis Colombo<\/figcaption><\/figure>\n<\/div>\n\n\n\n<div class=\"wp-block-column is-vertically-aligned-top is-layout-flow wp-block-column-is-layout-flow\">\n<h3 class=\"wp-block-heading\">Schl\u00f6sser und Museen<\/h3>\n\n\n\n<p><strong>Perfekt in die Landschaft eingebettete Schl\u00f6sser, Kirchen, Chalets und weitere Baudenkm\u00e4ler zeugen von unserer reichen Vergangenheit<\/strong><\/p>\n\n\n\n<p>W\u00e4hrend einige \u2013 wie das Schloss Chillon \u2013 zu Wahrzeichen des Kantons Waadt geworden sind, lohnen andere ebenso einen Abstecher, wie zum Beispiel die Schl\u00f6sser von Vuillerens und Prangins mit ihren spektakul\u00e4ren G\u00e4rten. Unser Kulturerbe steckt aber auch in lebendigen Traditionen, die von Generation zu Generation weitergegeben werden. Um in diese spannende Geschichte einzutauchen, gibt es nichts Besseres als einen Museumsbesuch oder eine Begegnung mit Produzenten und Kunsthandwerkern, die tausendundeine Anekdote zu erz\u00e4hlen haben.<\/p>\n\n\n\n<div class=\"wp-block-buttons is-layout-flex wp-block-buttons-is-layout-flex\">\n<div class=\"wp-block-button\"><a class=\"wp-block-button__link wp-element-button\" href=\"https:\/\/www.vaud.ch\/de\/tourismus\/kultur-und-erbe\/schloesser-und-museen\/\" target=\"_blank\" rel=\"noreferrer noopener\">Unsere Schl\u00f6sser und Museen entdecken<\/a><\/div>\n<\/div>\n<\/div>\n<\/div>\n\n\n\n<div style=\"height:50px\" aria-hidden=\"true\" class=\"wp-block-spacer\"><\/div>\n\n\n\n<div class=\"wp-block-columns is-layout-flex wp-container-core-columns-is-layout-9d6595d7 wp-block-columns-is-layout-flex\">\n<div class=\"wp-block-column is-vertically-aligned-top is-layout-flow wp-block-column-is-layout-flow\">\n<h3 class=\"wp-block-heading\">Blumenfeste<\/h3>\n\n\n\n<p><strong>Im Kanton Waadt wird das ganze Jahr \u00fcber, von Anfang M\u00e4rz bis Ende Oktober, den Blumen gehuldigt.<\/strong><\/p>\n\n\n\n<p>Rund um den Genfersee und an vielen Orten des Kantons Waadt bieten Blumenfeste von Anfang M\u00e4rz bis Ende Oktober ein farbenpr\u00e4chtiges Spektakel. In G\u00e4rten, W\u00e4ldern und Blumenbeeten entstehen in enger Verbindung mit der Natur eigentliche Kunstwerke, die eine wahre Wohltat f\u00fcr die Seele sind.<\/p>\n\n\n\n<div class=\"wp-block-buttons is-layout-flex wp-block-buttons-is-layout-flex\">\n<div class=\"wp-block-button\"><a class=\"wp-block-button__link wp-element-button\" href=\"https:\/\/www.vaud.ch\/de\/tourismus\/kultur-und-erbe\/blueten-des-genfersees\/\" target=\"_blank\" rel=\"noreferrer noopener\">Die Floralies entdecken<\/a><\/div>\n<\/div>\n<\/div>\n\n\n\n<div class=\"wp-block-column is-layout-flow wp-block-column-is-layout-flow\">\n<figure class=\"wp-block-image size-full\"><img loading=\"lazy\" decoding=\"async\" width=\"2560\" height=\"1707\" src=\"https:\/\/www.vaud.ch\/app\/uploads\/2025\/03\/IMG_6494_DxO-1-scaled.jpg\" alt=\"\" class=\"wp-image-10986\" style=\"aspect-ratio:16\/9;object-fit:cover\" srcset=\"https:\/\/www.vaud.ch\/app\/uploads\/2025\/03\/IMG_6494_DxO-1-scaled.jpg 2560w, https:\/\/www.vaud.ch\/app\/uploads\/2025\/03\/IMG_6494_DxO-1-2048x1365.jpg 2048w, https:\/\/www.vaud.ch\/app\/uploads\/2025\/03\/IMG_6494_DxO-1-750x500.jpg 750w, https:\/\/www.vaud.ch\/app\/uploads\/2025\/03\/IMG_6494_DxO-1-300x200.jpg 300w, https:\/\/www.vaud.ch\/app\/uploads\/2025\/03\/IMG_6494_DxO-1-768x512.jpg 768w, https:\/\/www.vaud.ch\/app\/uploads\/2025\/03\/IMG_6494_DxO-1-1024x683.jpg 1024w, https:\/\/www.vaud.ch\/app\/uploads\/2025\/03\/IMG_6494_DxO-1-1536x1024.jpg 1536w\" sizes=\"auto, (max-width: 2560px) 100vw, 2560px\" \/><\/figure>\n<\/div>\n<\/div>\n\n\n\n<div style=\"height:84px\" aria-hidden=\"true\" class=\"wp-block-spacer\"><\/div>\n\n\n\n<div class=\"wp-block-group is-style-section has-white-color-color has-green-color-background-color has-text-color has-background has-link-color wp-elements-70a7d1615faff0357306de26bf4ef6e9 is-layout-flow wp-block-group-is-layout-flow\" style=\"padding-top:var(--wp--preset--spacing--80);padding-bottom:var(--wp--preset--spacing--80)\">\n    <div class=\"post-list-arrows cta-title\">\n                    <h2>D\u00e9couvrez d&#8217;autres id\u00e9es d&#8217;activit\u00e9s dans le canton<\/h2>\n                <div class=\"arrows\">\n            <div class=\" prev-arrow\">\n                <img decoding=\"async\" src=\"https:\/\/www.vaud.ch\/app\/themes\/child\/assets\/images\/system-outline-161-trending-flat.svg\" alt=\"\" class=\"skip-lazy\">\n            <\/div>\n            <div class=\"next-arrow\">\n                <img decoding=\"async\" src=\"https:\/\/www.vaud.ch\/app\/themes\/child\/assets\/images\/system-outline-161-trending-flat.svg\" alt=\"\" class=\"skip-lazy\">\n            <\/div>\n        <\/div>\n\n    <\/div>\n    <div class=\"call-to-action  row  \"  style=\"margin-top:0;margin-bottom:0;\">\n                        <div class=\"col-md-3\">\n                                            <a class=\"cta-item \" href=\"https:\/\/www.vaud.ch\/tourisme\/tous-les-evenements\/\" target=\"_blank\">\n                                                                                    <img data-lazy=\"https:\/\/www.vaud.ch\/app\/uploads\/2023\/08\/MJF_Vaudplus_Ambassadeur.jpg\" alt=\"Agenda et \u00e9v\u00e9nements\" class=\"skip-lazy\">\n                                                        <span class=\"text\">Agenda et \u00e9v\u00e9nements<\/span>\n                            <span class=\"read-more\">Mehr lesen<\/span>\n                                                    <\/a>\n                        <\/div>\n                <div class=\"col-md-3\">\n                                            <a class=\"cta-item \" href=\"https:\/\/www.vaud.ch\/fleurs-du-leman\" target=\"_blank\">\n                                                                                    <img data-lazy=\"https:\/\/www.vaud.ch\/app\/uploads\/2025\/03\/Tulipes-Morges-1-750x500.jpg\" alt=\"Le Canton de Vaud en fleurs\" class=\"skip-lazy\">\n                                                        <span class=\"text\">Le Canton de Vaud en fleurs<\/span>\n                            <span class=\"read-more\">Mehr lesen<\/span>\n                                                    <\/a>\n                        <\/div>\n                <div class=\"col-md-3\">\n                                            <a class=\"cta-item \" href=\"https:\/\/www.vaud.ch\/vivre\/sport\/gravel-canton-vaud\/\" target=\"_blank\">\n                                                                                    <img data-lazy=\"https:\/\/www.vaud.ch\/app\/uploads\/2025\/04\/IMG_6317-333x500.jpg\" alt=\"Le Gravel dans le Canton de Vaud\" class=\"skip-lazy\">\n                                                        <span class=\"text\">Le Gravel dans le Canton de Vaud<\/span>\n                            <span class=\"read-more\">Mehr lesen<\/span>\n                                                    <\/a>\n                        <\/div>\n<\/div>\n\n<\/div>\n","protected":false},"excerpt":{"rendered":"<p>Kanton Waadt, Land der Tradition und Innovation Wer Kultur sagt, meint Geschichte, Architektur, Kunst und auch Musik. Im Kanton Waadt ist der kulturelle Reichtum zum Greifen nah. Man muss nur Augen und Ohren offen halten, um jede Menge Entdeckungen und Emotionen zu erleben. Vibiscum FestivalFeste und Festivals Einige traditionelle Veranstaltungen wie Karneval (Brandons), Winzerfeste, Alpabz\u00fcge [&hellip;]<\/p>\n","protected":false},"author":17,"featured_media":7542,"parent":2452,"menu_order":0,"comment_status":"closed","ping_status":"closed","template":"","meta":{"_acf_changed":false,"footnotes":""},"class_list":["post-16503","page","type-page","status-publish","has-post-thumbnail","hentry"],"acf":[],"aioseo_notices":[],"_links":{"self":[{"href":"https:\/\/www.vaud.ch\/de\/wp-json\/wp\/v2\/pages\/16503","targetHints":{"allow":["GET"]}}],"collection":[{"href":"https:\/\/www.vaud.ch\/de\/wp-json\/wp\/v2\/pages"}],"about":[{"href":"https:\/\/www.vaud.ch\/de\/wp-json\/wp\/v2\/types\/page"}],"author":[{"embeddable":true,"href":"https:\/\/www.vaud.ch\/de\/wp-json\/wp\/v2\/users\/17"}],"replies":[{"embeddable":true,"href":"https:\/\/www.vaud.ch\/de\/wp-json\/wp\/v2\/comments?post=16503"}],"version-history":[{"count":14,"href":"https:\/\/www.vaud.ch\/de\/wp-json\/wp\/v2\/pages\/16503\/revisions"}],"predecessor-version":[{"id":19564,"href":"https:\/\/www.vaud.ch\/de\/wp-json\/wp\/v2\/pages\/16503\/revisions\/19564"}],"up":[{"embeddable":true,"href":"https:\/\/www.vaud.ch\/de\/wp-json\/wp\/v2\/pages\/2452"}],"wp:featuredmedia":[{"embeddable":true,"href":"https:\/\/www.vaud.ch\/de\/wp-json\/wp\/v2\/media\/7542"}],"wp:attachment":[{"href":"https:\/\/www.vaud.ch\/de\/wp-json\/wp\/v2\/media?parent=16503"}],"curies":[{"name":"wp","href":"https:\/\/api.w.org\/{rel}","templated":true}]}}

<div class="wp-block-group is-style-section is-layout-constrained wp-block-group-is-layout-constrained">
<div class="wp-block-columns is-layout-flex wp-container-core-columns-is-layout-9d6595d7 wp-block-columns-is-layout-flex">
<div class="wp-block-column is-layout-flow wp-block-column-is-layout-flow">
<h2 class="wp-block-heading has-text-align-left">Kanton Waadt, Land der Tradition und Innovation</h2>



<p>Wer Kultur sagt, meint Geschichte, Architektur, Kunst und auch Musik. Im Kanton Waadt ist der kulturelle Reichtum zum Greifen nah. Man muss nur Augen und Ohren offen halten, um jede Menge Entdeckungen und Emotionen zu erleben.</p>
</div>



<div class="wp-block-column is-vertically-aligned-top is-layout-flow wp-block-column-is-layout-flow">
<figure class="wp-block-video"><video height="1080" style="aspect-ratio: 1920 / 1080;" width="1920" controls src="https://www.vaud.ch/app/uploads/2025/12/2024-04_VAUD-Promotion_Final_DE_16x9.mov"></video></figure>
</div>
</div>
</div>



<div style="height:20px" aria-hidden="true" class="wp-block-spacer"></div>



<div class="wp-block-columns is-layout-flex wp-container-core-columns-is-layout-9d6595d7 wp-block-columns-is-layout-flex">
<div class="wp-block-column is-vertically-aligned-top is-layout-flow wp-block-column-is-layout-flow">
<h3 class="wp-block-heading">Vibiscum FestivalFeste und Festivals</h3>



<p><strong>Einige traditionelle Veranstaltungen wie Karneval (Brandons), Winzerfeste, Alpabzüge usw. finden seit Jahrhunderten statt.</strong></p>



<p>Jüngeren Datums, aber nicht mehr wegzudenken, sind die Musikfestivals mit ihren treuen Besuchern, für die allein schon der Start des Vorverkaufs ein Ereignis ist.</p>



<p>Abgesehen von diesen Events gibt es das ganze Jahr über zahlreiche Gelegenheiten, in festlicher Atmosphäre zusammenzukommen. Von Kino über Literatur bis hin zu regionalen Köstlichkeiten oder Sportveranstaltungen ist für jeden Geschmack etwas dabei.</p>



<div class="wp-block-buttons is-layout-flex wp-block-buttons-is-layout-flex">
<div class="wp-block-button"><a class="wp-block-button__link wp-element-button" href="https://www.vaud.ch/de/tourismus/weintourismus/geschichte-und-weine-mit-dem-velo/?preview=true&#038;_thumbnail_id=11845">Unsere Feste und Festivals entdecken</a></div>
</div>
</div>



<div class="wp-block-column is-layout-flow wp-block-column-is-layout-flow">
<figure class="wp-block-image size-full"><img loading="lazy" decoding="async" width="2000" height="1334" src="https://www.vaud.ch/app/uploads/2024/03/festival-images_2000_Mathilda-Olmi.jpeg" alt="festival-images_2000_Mathilda-Olmi" class="wp-image-5740" style="aspect-ratio:16/9;object-fit:cover" srcset="https://www.vaud.ch/app/uploads/2024/03/festival-images_2000_Mathilda-Olmi.jpeg 2000w, https://www.vaud.ch/app/uploads/2024/03/festival-images_2000_Mathilda-Olmi-750x500.jpeg 750w, https://www.vaud.ch/app/uploads/2024/03/festival-images_2000_Mathilda-Olmi-300x200.jpeg 300w, https://www.vaud.ch/app/uploads/2024/03/festival-images_2000_Mathilda-Olmi-768x512.jpeg 768w, https://www.vaud.ch/app/uploads/2024/03/festival-images_2000_Mathilda-Olmi-1024x683.jpeg 1024w, https://www.vaud.ch/app/uploads/2024/03/festival-images_2000_Mathilda-Olmi-1536x1025.jpeg 1536w" sizes="auto, (max-width: 2000px) 100vw, 2000px" /><figcaption class="wp-element-caption">©Mathilda Olmi</figcaption></figure>
</div>
</div>



<div style="height:50px" aria-hidden="true" class="wp-block-spacer"></div>



<div class="wp-block-columns is-layout-flex wp-container-core-columns-is-layout-9d6595d7 wp-block-columns-is-layout-flex">
<div class="wp-block-column is-layout-flow wp-block-column-is-layout-flow">
<figure class="wp-block-image size-full"><img loading="lazy" decoding="async" width="2560" height="1706" src="https://www.vaud.ch/app/uploads/2025/03/DJI_0189_Chateau_de_Vullierens_photo_Regis_Colombo_2021.jpg-scaled.jpg" alt="" class="wp-image-11101" style="aspect-ratio:16/9;object-fit:cover" srcset="https://www.vaud.ch/app/uploads/2025/03/DJI_0189_Chateau_de_Vullierens_photo_Regis_Colombo_2021.jpg-scaled.jpg 2560w, https://www.vaud.ch/app/uploads/2025/03/DJI_0189_Chateau_de_Vullierens_photo_Regis_Colombo_2021.jpg-1536x1023.jpg 1536w, https://www.vaud.ch/app/uploads/2025/03/DJI_0189_Chateau_de_Vullierens_photo_Regis_Colombo_2021.jpg-2048x1364.jpg 2048w, https://www.vaud.ch/app/uploads/2025/03/DJI_0189_Chateau_de_Vullierens_photo_Regis_Colombo_2021.jpg-750x500.jpg 750w, https://www.vaud.ch/app/uploads/2025/03/DJI_0189_Chateau_de_Vullierens_photo_Regis_Colombo_2021.jpg-300x200.jpg 300w, https://www.vaud.ch/app/uploads/2025/03/DJI_0189_Chateau_de_Vullierens_photo_Regis_Colombo_2021.jpg-768x512.jpg 768w, https://www.vaud.ch/app/uploads/2025/03/DJI_0189_Chateau_de_Vullierens_photo_Regis_Colombo_2021.jpg-1024x682.jpg 1024w" sizes="auto, (max-width: 2560px) 100vw, 2560px" /><figcaption class="wp-element-caption">Régis Colombo</figcaption></figure>
</div>



<div class="wp-block-column is-vertically-aligned-top is-layout-flow wp-block-column-is-layout-flow">
<h3 class="wp-block-heading">Schlösser und Museen</h3>



<p><strong>Perfekt in die Landschaft eingebettete Schlösser, Kirchen, Chalets und weitere Baudenkmäler zeugen von unserer reichen Vergangenheit</strong></p>



<p>Während einige – wie das Schloss Chillon – zu Wahrzeichen des Kantons Waadt geworden sind, lohnen andere ebenso einen Abstecher, wie zum Beispiel die Schlösser von Vuillerens und Prangins mit ihren spektakulären Gärten. Unser Kulturerbe steckt aber auch in lebendigen Traditionen, die von Generation zu Generation weitergegeben werden. Um in diese spannende Geschichte einzutauchen, gibt es nichts Besseres als einen Museumsbesuch oder eine Begegnung mit Produzenten und Kunsthandwerkern, die tausendundeine Anekdote zu erzählen haben.</p>



<div class="wp-block-buttons is-layout-flex wp-block-buttons-is-layout-flex">
<div class="wp-block-button"><a class="wp-block-button__link wp-element-button" href="https://www.vaud.ch/de/tourismus/kultur-und-erbe/schloesser-und-museen/" target="_blank" rel="noreferrer noopener">Unsere Schlösser und Museen entdecken</a></div>
</div>
</div>
</div>



<div style="height:50px" aria-hidden="true" class="wp-block-spacer"></div>



<div class="wp-block-columns is-layout-flex wp-container-core-columns-is-layout-9d6595d7 wp-block-columns-is-layout-flex">
<div class="wp-block-column is-vertically-aligned-top is-layout-flow wp-block-column-is-layout-flow">
<h3 class="wp-block-heading">Blumenfeste</h3>



<p><strong>Im Kanton Waadt wird das ganze Jahr über, von Anfang März bis Ende Oktober, den Blumen gehuldigt.</strong></p>



<p>Rund um den Genfersee und an vielen Orten des Kantons Waadt bieten Blumenfeste von Anfang März bis Ende Oktober ein farbenprächtiges Spektakel. In Gärten, Wäldern und Blumenbeeten entstehen in enger Verbindung mit der Natur eigentliche Kunstwerke, die eine wahre Wohltat für die Seele sind.</p>



<div class="wp-block-buttons is-layout-flex wp-block-buttons-is-layout-flex">
<div class="wp-block-button"><a class="wp-block-button__link wp-element-button" href="https://www.vaud.ch/de/tourismus/kultur-und-erbe/blueten-des-genfersees/" target="_blank" rel="noreferrer noopener">Die Floralies entdecken</a></div>
</div>
</div>



<div class="wp-block-column is-layout-flow wp-block-column-is-layout-flow">
<figure class="wp-block-image size-full"><img loading="lazy" decoding="async" width="2560" height="1707" src="https://www.vaud.ch/app/uploads/2025/03/IMG_6494_DxO-1-scaled.jpg" alt="" class="wp-image-10986" style="aspect-ratio:16/9;object-fit:cover" srcset="https://www.vaud.ch/app/uploads/2025/03/IMG_6494_DxO-1-scaled.jpg 2560w, https://www.vaud.ch/app/uploads/2025/03/IMG_6494_DxO-1-2048x1365.jpg 2048w, https://www.vaud.ch/app/uploads/2025/03/IMG_6494_DxO-1-750x500.jpg 750w, https://www.vaud.ch/app/uploads/2025/03/IMG_6494_DxO-1-300x200.jpg 300w, https://www.vaud.ch/app/uploads/2025/03/IMG_6494_DxO-1-768x512.jpg 768w, https://www.vaud.ch/app/uploads/2025/03/IMG_6494_DxO-1-1024x683.jpg 1024w, https://www.vaud.ch/app/uploads/2025/03/IMG_6494_DxO-1-1536x1024.jpg 1536w" sizes="auto, (max-width: 2560px) 100vw, 2560px" /></figure>
</div>
</div>



<div style="height:84px" aria-hidden="true" class="wp-block-spacer"></div>



<div class="wp-block-group is-style-section has-white-color-color has-green-color-background-color has-text-color has-background has-link-color wp-elements-70a7d1615faff0357306de26bf4ef6e9 is-layout-flow wp-block-group-is-layout-flow" style="padding-top:var(--wp--preset--spacing--80);padding-bottom:var(--wp--preset--spacing--80)">
    <div class="post-list-arrows cta-title">
                    <h2>Découvrez d&#8217;autres idées d&#8217;activités dans le canton</h2>
                <div class="arrows">
            <div class=" prev-arrow">
                <img decoding="async" src="https://www.vaud.ch/app/themes/child/assets/images/system-outline-161-trending-flat.svg" alt="" class="skip-lazy">
            </div>
            <div class="next-arrow">
                <img decoding="async" src="https://www.vaud.ch/app/themes/child/assets/images/system-outline-161-trending-flat.svg" alt="" class="skip-lazy">
            </div>
        </div>

    </div>
    <div class="call-to-action  row  "  style="margin-top:0;margin-bottom:0;">
                        <div class="col-md-3">
                                            <a class="cta-item " href="https://www.vaud.ch/tourisme/tous-les-evenements/" target="_blank">
                                                                                    <img data-lazy="https://www.vaud.ch/app/uploads/2023/08/MJF_Vaudplus_Ambassadeur.jpg" alt="Agenda et événements" class="skip-lazy">
                                                        <span class="text">Agenda et événements</span>
                            <span class="read-more">Mehr lesen</span>
                                                    </a>
                        </div>
                <div class="col-md-3">
                                            <a class="cta-item " href="https://www.vaud.ch/fleurs-du-leman" target="_blank">
                                                                                    <img data-lazy="https://www.vaud.ch/app/uploads/2025/03/Tulipes-Morges-1-750x500.jpg" alt="Le Canton de Vaud en fleurs" class="skip-lazy">
                                                        <span class="text">Le Canton de Vaud en fleurs</span>
                            <span class="read-more">Mehr lesen</span>
                                                    </a>
                        </div>
                <div class="col-md-3">
                                            <a class="cta-item " href="https://www.vaud.ch/vivre/sport/gravel-canton-vaud/" target="_blank">
                                                                                    <img data-lazy="https://www.vaud.ch/app/uploads/2025/04/IMG_6317-333x500.jpg" alt="Le Gravel dans le Canton de Vaud" class="skip-lazy">
                                                        <span class="text">Le Gravel dans le Canton de Vaud</span>
                            <span class="read-more">Mehr lesen</span>
                                                    </a>
                        </div>
</div>

</div>

<p>Kanton Waadt, Land der Tradition und Innovation Wer Kultur sagt, meint Geschichte, Architektur, Kunst und auch Musik. Im Kanton Waadt ist der kulturelle Reichtum zum Greifen nah. Man muss nur Augen und Ohren offen halten, um jede Menge Entdeckungen und Emotionen zu erleben. Vibiscum FestivalFeste und Festivals Einige traditionelle Veranstaltungen wie Karneval (Brandons), Winzerfeste, Alpabzüge [&hellip;]</p>
