{"id":16720,"date":"2025-11-26T08:40:23","date_gmt":"2025-11-26T07:40:23","guid":{"rendered":"https:\/\/www.vaud.ch\/?page_id=16720"},"modified":"2026-01-30T14:45:30","modified_gmt":"2026-01-30T13:45:30","slug":"payerne","status":"publish","type":"page","link":"https:\/\/www.vaud.ch\/de\/tourismus\/nos-destinations\/payerne\/","title":{"rendered":"Payerne und region"},"content":{"rendered":"\n<div class=\"wp-block-group is-style-section is-layout-flow wp-block-group-is-layout-flow\"><div class=\"wp-bootstrap-blocks-row row justify-content-center\">\n\t\n\n<div class=\"col-12 col-md-10 col-xl-6\">\n\t\t\t\n\n<h2 class=\"wp-block-heading\" id=\"id-defini-sur-element\">Payerne<\/h2>\n\n\n\n<p class=\"is-style-heading-p\">Die Region Payerne im Norden des Kantons Waadt profitiert von der idyllischen Atmosph\u00e4re des Neuenburgersees. Die gleichnamige Stadt ist f\u00fcr ihren mittelalterlichen Ortskern und ihre majest\u00e4tische Abteikirche bekannt, lockt aber auch mit Kulturveranstaltungen, Natursch\u00e4tzen, Freizeitangeboten und einem Milit\u00e4rflugplatz.<\/p>\n\n\t<\/div>\n\n<\/div>\n<\/div>\n\n\n\n\n\n<div class=\"wp-block-group is-style-section is-layout-flow wp-block-group-is-layout-flow\"><div class=\"wp-bootstrap-blocks-row row\">\n\t\n\n<div class=\"col-12 col-md-6\">\n\t\t\t\n\n<h2 class=\"wp-block-heading\">Ein Traumaufenthalt in der Region Waadt<\/h2>\n\n\n\n\n\n\n\n\n\n<p>Die historische und kulturelle Stadt Payerne hat sich im Herzen des fruchtbaren Broye-Tals im Rhythmus der gr\u00f6\u00dften romanischen Abteikirche der Schweiz entwickelt. Die im 11. Jahrhundert von M\u00f6nchen aus Cluny erbaut wurde, die zweifellos von der Ruhe des Ortes begeistert waren, ist heute bemerkenswert gut erhalten und gilt als Meisterwerk der romanischen Kunst. Besucher k\u00f6nnen sie dank eines interaktiven Rundgangs erkunden, ihre Wechselausstellungen entdecken oder eines der zahlreichen Konzerte besuchen, die dort regelm\u00e4\u00dfig stattfinden.<\/p>\n\n\n\n<p>Payerne besticht auch durch sein reichhaltiges Freizeitangebot und seine Traditionen. Der Karneval, Les Brandons, z\u00e4hlt zu den \u00e4ltesten der Schweiz, w\u00e4hrend das Freizeitzentrum Payerneland Jung und Alt begeistert. Der Flugplatz von Payerne und sein Milit\u00e4rmuseum sind ein Muss f\u00fcr Flugbegeisterte. Feinschmecker sch\u00e4tzen die Vielfalt der regionalen Produkte, darunter den ber\u00fchmten G\u00e2teau Payernois.<\/p>\n\n\n\n<p>Vor den Toren der Stadt offenbart die Waadtl\u00e4nder Region Broye eine \u00fcppige und unber\u00fchrte Natur. Am Ufer des Neuenburgersees gelegen, bietet sie sch\u00f6ne Str\u00e4nde, charmante H\u00e4fen und zahlreiche Wassersportm\u00f6glichkeiten. Naturliebhaber k\u00f6nnen auch die Grande Cari\u00e7aie entdecken, das gr\u00f6sste Seemoor der Schweiz und ein wahres Paradies f\u00fcr Fauna und Flora.<\/p>\n\n\t<\/div>\n\n\n\n<div class=\"col-12 col-md-6\">\n\t\t\t\n\n<figure class=\"wp-block-image size-full\" style=\"margin-top:0px;margin-bottom:0px\"><img loading=\"lazy\" decoding=\"async\" width=\"2560\" height=\"2560\" src=\"https:\/\/www.vaud.ch\/app\/uploads\/2026\/01\/Port-Chevroux-ete-\u00a9Agence-Audace-Camille-Simon-Brunet-2025-13-edited-scaled.jpg\" alt=\"\u00a9Agence Audace-Camille Simon Brunet-2025 \" class=\"wp-image-20396\" style=\"aspect-ratio:1;object-fit:cover\" srcset=\"https:\/\/www.vaud.ch\/app\/uploads\/2026\/01\/Port-Chevroux-ete-\u00a9Agence-Audace-Camille-Simon-Brunet-2025-13-edited-scaled.jpg 2560w, https:\/\/www.vaud.ch\/app\/uploads\/2026\/01\/Port-Chevroux-ete-\u00a9Agence-Audace-Camille-Simon-Brunet-2025-13-edited-300x300.jpg 300w, https:\/\/www.vaud.ch\/app\/uploads\/2026\/01\/Port-Chevroux-ete-\u00a9Agence-Audace-Camille-Simon-Brunet-2025-13-edited-1024x1024.jpg 1024w, https:\/\/www.vaud.ch\/app\/uploads\/2026\/01\/Port-Chevroux-ete-\u00a9Agence-Audace-Camille-Simon-Brunet-2025-13-edited-150x150.jpg 150w, https:\/\/www.vaud.ch\/app\/uploads\/2026\/01\/Port-Chevroux-ete-\u00a9Agence-Audace-Camille-Simon-Brunet-2025-13-edited-768x768.jpg 768w, https:\/\/www.vaud.ch\/app\/uploads\/2026\/01\/Port-Chevroux-ete-\u00a9Agence-Audace-Camille-Simon-Brunet-2025-13-edited-1536x1536.jpg 1536w, https:\/\/www.vaud.ch\/app\/uploads\/2026\/01\/Port-Chevroux-ete-\u00a9Agence-Audace-Camille-Simon-Brunet-2025-13-edited-2048x2048.jpg 2048w, https:\/\/www.vaud.ch\/app\/uploads\/2026\/01\/Port-Chevroux-ete-\u00a9Agence-Audace-Camille-Simon-Brunet-2025-13-edited-500x500.jpg 500w\" sizes=\"auto, (max-width: 2560px) 100vw, 2560px\" \/><figcaption class=\"wp-element-caption\">\u00a9Agence Audace-Camille Simon Brunet-2025 <\/figcaption><\/figure>\n\n\t<\/div>\n\n<\/div>\n<\/div>\n\n\n\n    \n    <div class=\"tourism-office-section wp-block-group is-style-section has-lightblue-color-background-color has-background \"  style=\"\">\n        <div class=\"wp-bootstrap-blocks-row row is-style-left-img-text align-items-center\">\n            <div class=\"col-12 col-md-6\">\n                                    <img decoding=\"async\" src=\"https:\/\/www.vaud.ch\/app\/uploads\/2025\/10\/region-map.jpg\" alt=\"\" class=\"img-fluid\">\n                            <\/div>\n            <div class=\"col-12 col-md-6\">\n                                <p class=\"is-style-surtitle\">Ihr Tourismusb\u00fcro<\/p>\n\n                <div class=\"tourism-office-tabs\">\n                                            <h2 class=\"wp-block-heading\">\n                            Estavayer-le-Lac                        <\/h2>\n                                                                <div class=\"tourism-office-tabs-content\">\n                                    <div class=\"contact-information-wrapper active\" id=\"tourism-office-0\">\n            <table class=\"contact-information\">\n                <tbody>\n                                            <tr class=\"anime-icon\">\n                            <td>\n                                <label>\n                                    <lord-icon src=\"https:\/\/cdn.lordicon.com\/yymhadbu.json\" target=\".anime-icon\" trigger=\"hover\" colors=\"primary:#199573\" style=\"width:22px;height:22px\"><\/lord-icon>\n                                    Standort                                <\/label>\n                            <\/td>\n                            <td>\n                                                                    <a href=\"https:\/\/www.google.com\/maps\/dir\/\/Place des Bastians 1 1470 Estavayer-le-Lac\" target=\"_blank\">Estavayer-le-Lac R\u00e9gion <\/a>\n                                                            <\/td>\n                        <\/tr>\n                                                                <tr class=\"anime-icon\">\n                            <td>\n                                <label>\n                                    <lord-icon src=\"https:\/\/cdn.lordicon.com\/ssvybplt.json\" target=\".anime-icon\" trigger=\"hover\" colors=\"primary:#199573\" style=\"width:22px;height:22px\"><\/lord-icon>\n                                    Telefon                                <\/label>\n                            <\/td>\n                            <td>\n                                <a href=\"tel:+41 (0)26 301 60 30\">\n                                    +41 (0)26 301 60 30                                <\/a>\n                            <\/td>\n                        <\/tr>\n                                                                <tr class=\"anime-icon\">\n                            <td>\n                                <label>\n                                    <lord-icon src=\"https:\/\/cdn.lordicon.com\/nfsqebdc.json\" target=\".anime-icon\" trigger=\"hover\" colors=\"primary:#199573\" style=\"width:22px;height:22px\"><\/lord-icon>\n                                    E-Mail                                <\/label>\n                            <\/td>\n                            <td>\n                                <a href=\"mailto:tourisme@estavayerlelac.ch\">\n                                    tourisme@estavayerlelac.ch                                <\/a>\n                            <\/td>\n                        <\/tr>\n                                                                <tr class=\"anime-icon\">\n                            <td>\n                                <label>\n                                    <lord-icon src=\"https:\/\/cdn.lordicon.com\/pkagxqjy.json\" target=\".anime-icon\" trigger=\"hover\" colors=\"primary:#199573\" style=\"width:22px;height:22px\"><\/lord-icon>\n                                    Website                                <\/label>\n                            <\/td>\n                            <td>\n                                <a href=\"https:\/\/fribourg.ch\/de\/estavayer-payerne\/\" target=\"_blank\">\n                                    https:\/\/fribourg.ch\/de\/estavayer-payerne\/                                <\/a>\n                            <\/td>\n                        <\/tr>\n                                                                <tr class=\"anime-icon\">\n                            <td>\n                                <label>\n                                    <lord-icon src=\"https:\/\/cdn.lordicon.com\/nqlwocyk.json\" target=\".anime-icon\" trigger=\"hover\" colors=\"primary:#199573\" style=\"width:22px;height:22px\"><\/lord-icon>\n                                    Links                                <\/label>\n                            <\/td>\n                            <td>\n                                <ul class=\"socials-link\">\n                                    <li><a href=\"https:\/\/www.facebook.com\/EstavayerlelacRegion\/\" target=\"_blank\"><i class=\"fab fa-facebook-f\"><\/i><\/a><\/li><li><a href=\"https:\/\/www.instagram.com\/estavayerlelac_region\/\" target=\"_blank\"><i class=\"fab fa-instagram\"><\/i><\/a><\/li><li><a href=\"https:\/\/www.youtube.com\/channel\/UCxr_APuJGTE0e_xUAwptABA?view_as=subscriber\" target=\"_blank\"><i class=\"fab fa-youtube\"><\/i><\/a><\/li><li><a href=\"https:\/\/www.linkedin.com\/company\/estavayer-le-lac-region\/\" target=\"_blank\"><i class=\"fab fa-linkedin\"><\/i><\/a><\/li>                                <\/ul>\n                            <\/td>\n                        <\/tr>\n                                                        <\/tbody>\n            <\/table>\n        <\/div>\n\n                        <\/div>\n                                    <\/div>\n            <\/div>\n        <\/div>\n    <\/div>\n\n\n\n    <div class=\"post-list-arrows cta-title\">\n                    <h2>Den Kanton Waadt entdecken<\/h2>\n                <div class=\"arrows\">\n            <div class=\" prev-arrow\">\n                <img decoding=\"async\" src=\"https:\/\/www.vaud.ch\/app\/themes\/child\/assets\/images\/system-outline-161-trending-flat.svg\" alt=\"\" class=\"skip-lazy\">\n            <\/div>\n            <div class=\"next-arrow\">\n                <img decoding=\"async\" src=\"https:\/\/www.vaud.ch\/app\/themes\/child\/assets\/images\/system-outline-161-trending-flat.svg\" alt=\"\" class=\"skip-lazy\">\n            <\/div>\n        <\/div>\n\n    <\/div>\n    <div class=\"call-to-action  row v2 \"  style=\"\">\n                        <div class=\"col-md-3\">\n                                            <a class=\"cta-item \" href=\"https:\/\/www.vaud.ch\/de\/tourismus\/veranstaltungen\/\" target=\"_self\">\n                                                                                    <img data-lazy=\"https:\/\/www.vaud.ch\/app\/uploads\/2024\/06\/ntm-sa21-nicolas-patault-01_2000-750x500.jpg\" alt=\"Veranstaltungen\" class=\"skip-lazy\">\n                                                        <span class=\"text\">Veranstaltungen<\/span>\n                            <span class=\"read-more\">Mehr lesen<\/span>\n                                                    <\/a>\n                        <\/div>\n                <div class=\"col-md-3\">\n                                            <a class=\"cta-item \" href=\"https:\/\/www.vaud.ch\/de\/tourismus\/aktivitaten\/\" target=\"_self\">\n                                                                                    <img data-lazy=\"https:\/\/www.vaud.ch\/app\/uploads\/2024\/07\/Musee-des-Beaux-Arts-Lausanne-500x500.png\" alt=\"Alle Aktivit\u00e4ten\" class=\"skip-lazy\">\n                                                        <span class=\"text\">Alle Aktivit\u00e4ten<\/span>\n                            <span class=\"read-more\">Mehr lesen<\/span>\n                                                    <\/a>\n                        <\/div>\n                <div class=\"col-md-3\">\n                                            <a class=\"cta-item \" href=\"https:\/\/www.vaud.ch\/de\/praktische-tipps\/\" target=\"_self\">\n                                                                                    <img data-lazy=\"https:\/\/www.vaud.ch\/app\/uploads\/2025\/11\/BoNoel_VP-07-scaled-750x500.jpg\" alt=\"Praktische Tipps\" class=\"skip-lazy\">\n                                                        <span class=\"text\">Praktische Tipps<\/span>\n                            <span class=\"read-more\">Mehr lesen<\/span>\n                                                    <\/a>\n                        <\/div>\n                <div class=\"col-md-3\">\n                                            <a class=\"cta-item \" href=\"https:\/\/www.vaud.ch\/de\/tourismus\/nos-destinations\/\" target=\"_self\">\n                                                                                    <img data-lazy=\"https:\/\/www.vaud.ch\/app\/uploads\/2025\/03\/lavaux-750x500.jpg\" alt=\"Unsere Reiseziele\" class=\"skip-lazy\">\n                                                        <span class=\"text\">Unsere Reiseziele<\/span>\n                            <span class=\"read-more\">Mehr lesen<\/span>\n                                                    <\/a>\n                        <\/div>\n<\/div>\n\n","protected":false},"excerpt":{"rendered":"","protected":false},"author":17,"featured_media":6227,"parent":16764,"menu_order":0,"comment_status":"closed","ping_status":"closed","template":"","meta":{"_acf_changed":false,"footnotes":""},"class_list":["post-16720","page","type-page","status-publish","has-post-thumbnail","hentry"],"acf":[],"aioseo_notices":[],"_links":{"self":[{"href":"https:\/\/www.vaud.ch\/de\/wp-json\/wp\/v2\/pages\/16720","targetHints":{"allow":["GET"]}}],"collection":[{"href":"https:\/\/www.vaud.ch\/de\/wp-json\/wp\/v2\/pages"}],"about":[{"href":"https:\/\/www.vaud.ch\/de\/wp-json\/wp\/v2\/types\/page"}],"author":[{"embeddable":true,"href":"https:\/\/www.vaud.ch\/de\/wp-json\/wp\/v2\/users\/17"}],"replies":[{"embeddable":true,"href":"https:\/\/www.vaud.ch\/de\/wp-json\/wp\/v2\/comments?post=16720"}],"version-history":[{"count":13,"href":"https:\/\/www.vaud.ch\/de\/wp-json\/wp\/v2\/pages\/16720\/revisions"}],"predecessor-version":[{"id":20399,"href":"https:\/\/www.vaud.ch\/de\/wp-json\/wp\/v2\/pages\/16720\/revisions\/20399"}],"up":[{"embeddable":true,"href":"https:\/\/www.vaud.ch\/de\/wp-json\/wp\/v2\/pages\/16764"}],"wp:featuredmedia":[{"embeddable":true,"href":"https:\/\/www.vaud.ch\/de\/wp-json\/wp\/v2\/media\/6227"}],"wp:attachment":[{"href":"https:\/\/www.vaud.ch\/de\/wp-json\/wp\/v2\/media?parent=16720"}],"curies":[{"name":"wp","href":"https:\/\/api.w.org\/{rel}","templated":true}]}}

<div class="wp-block-group is-style-section is-layout-flow wp-block-group-is-layout-flow"><div class="wp-bootstrap-blocks-row row justify-content-center">
	

<div class="col-12 col-md-10 col-xl-6">
			

<h2 class="wp-block-heading" id="id-defini-sur-element">Payerne</h2>



<p class="is-style-heading-p">Die Region Payerne im Norden des Kantons Waadt profitiert von der idyllischen Atmosphäre des Neuenburgersees. Die gleichnamige Stadt ist für ihren mittelalterlichen Ortskern und ihre majestätische Abteikirche bekannt, lockt aber auch mit Kulturveranstaltungen, Naturschätzen, Freizeitangeboten und einem Militärflugplatz.</p>

	</div>

</div>
</div>





<div class="wp-block-group is-style-section is-layout-flow wp-block-group-is-layout-flow"><div class="wp-bootstrap-blocks-row row">
	

<div class="col-12 col-md-6">
			

<h2 class="wp-block-heading">Ein Traumaufenthalt in der Region Waadt</h2>









<p>Die historische und kulturelle Stadt Payerne hat sich im Herzen des fruchtbaren Broye-Tals im Rhythmus der größten romanischen Abteikirche der Schweiz entwickelt. Die im 11. Jahrhundert von Mönchen aus Cluny erbaut wurde, die zweifellos von der Ruhe des Ortes begeistert waren, ist heute bemerkenswert gut erhalten und gilt als Meisterwerk der romanischen Kunst. Besucher können sie dank eines interaktiven Rundgangs erkunden, ihre Wechselausstellungen entdecken oder eines der zahlreichen Konzerte besuchen, die dort regelmäßig stattfinden.</p>



<p>Payerne besticht auch durch sein reichhaltiges Freizeitangebot und seine Traditionen. Der Karneval, Les Brandons, zählt zu den ältesten der Schweiz, während das Freizeitzentrum Payerneland Jung und Alt begeistert. Der Flugplatz von Payerne und sein Militärmuseum sind ein Muss für Flugbegeisterte. Feinschmecker schätzen die Vielfalt der regionalen Produkte, darunter den berühmten Gâteau Payernois.</p>



<p>Vor den Toren der Stadt offenbart die Waadtländer Region Broye eine üppige und unberührte Natur. Am Ufer des Neuenburgersees gelegen, bietet sie schöne Strände, charmante Häfen und zahlreiche Wassersportmöglichkeiten. Naturliebhaber können auch die Grande Cariçaie entdecken, das grösste Seemoor der Schweiz und ein wahres Paradies für Fauna und Flora.</p>

	</div>



<div class="col-12 col-md-6">
			

<figure class="wp-block-image size-full" style="margin-top:0px;margin-bottom:0px"><img loading="lazy" decoding="async" width="2560" height="2560" src="https://www.vaud.ch/app/uploads/2026/01/Port-Chevroux-ete-©Agence-Audace-Camille-Simon-Brunet-2025-13-edited-scaled.jpg" alt="©Agence Audace-Camille Simon Brunet-2025 " class="wp-image-20396" style="aspect-ratio:1;object-fit:cover" srcset="https://www.vaud.ch/app/uploads/2026/01/Port-Chevroux-ete-©Agence-Audace-Camille-Simon-Brunet-2025-13-edited-scaled.jpg 2560w, https://www.vaud.ch/app/uploads/2026/01/Port-Chevroux-ete-©Agence-Audace-Camille-Simon-Brunet-2025-13-edited-300x300.jpg 300w, https://www.vaud.ch/app/uploads/2026/01/Port-Chevroux-ete-©Agence-Audace-Camille-Simon-Brunet-2025-13-edited-1024x1024.jpg 1024w, https://www.vaud.ch/app/uploads/2026/01/Port-Chevroux-ete-©Agence-Audace-Camille-Simon-Brunet-2025-13-edited-150x150.jpg 150w, https://www.vaud.ch/app/uploads/2026/01/Port-Chevroux-ete-©Agence-Audace-Camille-Simon-Brunet-2025-13-edited-768x768.jpg 768w, https://www.vaud.ch/app/uploads/2026/01/Port-Chevroux-ete-©Agence-Audace-Camille-Simon-Brunet-2025-13-edited-1536x1536.jpg 1536w, https://www.vaud.ch/app/uploads/2026/01/Port-Chevroux-ete-©Agence-Audace-Camille-Simon-Brunet-2025-13-edited-2048x2048.jpg 2048w, https://www.vaud.ch/app/uploads/2026/01/Port-Chevroux-ete-©Agence-Audace-Camille-Simon-Brunet-2025-13-edited-500x500.jpg 500w" sizes="auto, (max-width: 2560px) 100vw, 2560px" /><figcaption class="wp-element-caption">©Agence Audace-Camille Simon Brunet-2025 </figcaption></figure>

	</div>

</div>
</div>



    
    <div class="tourism-office-section wp-block-group is-style-section has-lightblue-color-background-color has-background "  style="">
        <div class="wp-bootstrap-blocks-row row is-style-left-img-text align-items-center">
            <div class="col-12 col-md-6">
                                    <img decoding="async" src="https://www.vaud.ch/app/uploads/2025/10/region-map.jpg" alt="" class="img-fluid">
                            </div>
            <div class="col-12 col-md-6">
                                <p class="is-style-surtitle">Ihr Tourismusbüro</p>

                <div class="tourism-office-tabs">
                                            <h2 class="wp-block-heading">
                            Estavayer-le-Lac                        </h2>
                                                                <div class="tourism-office-tabs-content">
                                    <div class="contact-information-wrapper active" id="tourism-office-0">
            <table class="contact-information">
                <tbody>
                                            <tr class="anime-icon">
                            <td>
                                <label>
                                    <lord-icon src="https://cdn.lordicon.com/yymhadbu.json" target=".anime-icon" trigger="hover" colors="primary:#199573" style="width:22px;height:22px"></lord-icon>
                                    Standort                                </label>
                            </td>
                            <td>
                                                                    <a href="https://www.google.com/maps/dir//Place des Bastians 1 1470 Estavayer-le-Lac" target="_blank">Estavayer-le-Lac Région </a>
                                                            </td>
                        </tr>
                                                                <tr class="anime-icon">
                            <td>
                                <label>
                                    <lord-icon src="https://cdn.lordicon.com/ssvybplt.json" target=".anime-icon" trigger="hover" colors="primary:#199573" style="width:22px;height:22px"></lord-icon>
                                    Telefon                                </label>
                            </td>
                            <td>
                                <a href="tel:+41 (0)26 301 60 30">
                                    +41 (0)26 301 60 30                                </a>
                            </td>
                        </tr>
                                                                <tr class="anime-icon">
                            <td>
                                <label>
                                    <lord-icon src="https://cdn.lordicon.com/nfsqebdc.json" target=".anime-icon" trigger="hover" colors="primary:#199573" style="width:22px;height:22px"></lord-icon>
                                    E-Mail                                </label>
                            </td>
                            <td>
                                <a href="mailto:tourisme@estavayerlelac.ch">
                                    tourisme@estavayerlelac.ch                                </a>
                            </td>
                        </tr>
                                                                <tr class="anime-icon">
                            <td>
                                <label>
                                    <lord-icon src="https://cdn.lordicon.com/pkagxqjy.json" target=".anime-icon" trigger="hover" colors="primary:#199573" style="width:22px;height:22px"></lord-icon>
                                    Website                                </label>
                            </td>
                            <td>
                                <a href="https://fribourg.ch/de/estavayer-payerne/" target="_blank">
                                    https://fribourg.ch/de/estavayer-payerne/                                </a>
                            </td>
                        </tr>
                                                                <tr class="anime-icon">
                            <td>
                                <label>
                                    <lord-icon src="https://cdn.lordicon.com/nqlwocyk.json" target=".anime-icon" trigger="hover" colors="primary:#199573" style="width:22px;height:22px"></lord-icon>
                                    Links                                </label>
                            </td>
                            <td>
                                <ul class="socials-link">
                                    <li><a href="https://www.facebook.com/EstavayerlelacRegion/" target="_blank"><i class="fab fa-facebook-f"></i></a></li><li><a href="https://www.instagram.com/estavayerlelac_region/" target="_blank"><i class="fab fa-instagram"></i></a></li><li><a href="https://www.youtube.com/channel/UCxr_APuJGTE0e_xUAwptABA?view_as=subscriber" target="_blank"><i class="fab fa-youtube"></i></a></li><li><a href="https://www.linkedin.com/company/estavayer-le-lac-region/" target="_blank"><i class="fab fa-linkedin"></i></a></li>                                </ul>
                            </td>
                        </tr>
                                                        </tbody>
            </table>
        </div>

                        </div>
                                    </div>
            </div>
        </div>
    </div>



    <div class="post-list-arrows cta-title">
                    <h2>Den Kanton Waadt entdecken</h2>
                <div class="arrows">
            <div class=" prev-arrow">
                <img decoding="async" src="https://www.vaud.ch/app/themes/child/assets/images/system-outline-161-trending-flat.svg" alt="" class="skip-lazy">
            </div>
            <div class="next-arrow">
                <img decoding="async" src="https://www.vaud.ch/app/themes/child/assets/images/system-outline-161-trending-flat.svg" alt="" class="skip-lazy">
            </div>
        </div>

    </div>
    <div class="call-to-action  row v2 "  style="">
                        <div class="col-md-3">
                                            <a class="cta-item " href="https://www.vaud.ch/de/tourismus/veranstaltungen/" target="_self">
                                                                                    <img data-lazy="https://www.vaud.ch/app/uploads/2024/06/ntm-sa21-nicolas-patault-01_2000-750x500.jpg" alt="Veranstaltungen" class="skip-lazy">
                                                        <span class="text">Veranstaltungen</span>
                            <span class="read-more">Mehr lesen</span>
                                                    </a>
                        </div>
                <div class="col-md-3">
                                            <a class="cta-item " href="https://www.vaud.ch/de/tourismus/aktivitaten/" target="_self">
                                                                                    <img data-lazy="https://www.vaud.ch/app/uploads/2024/07/Musee-des-Beaux-Arts-Lausanne-500x500.png" alt="Alle Aktivitäten" class="skip-lazy">
                                                        <span class="text">Alle Aktivitäten</span>
                            <span class="read-more">Mehr lesen</span>
                                                    </a>
                        </div>
                <div class="col-md-3">
                                            <a class="cta-item " href="https://www.vaud.ch/de/praktische-tipps/" target="_self">
                                                                                    <img data-lazy="https://www.vaud.ch/app/uploads/2025/11/BoNoel_VP-07-scaled-750x500.jpg" alt="Praktische Tipps" class="skip-lazy">
                                                        <span class="text">Praktische Tipps</span>
                            <span class="read-more">Mehr lesen</span>
                                                    </a>
                        </div>
                <div class="col-md-3">
                                            <a class="cta-item " href="https://www.vaud.ch/de/tourismus/nos-destinations/" target="_self">
                                                                                    <img data-lazy="https://www.vaud.ch/app/uploads/2025/03/lavaux-750x500.jpg" alt="Unsere Reiseziele" class="skip-lazy">
                                                        <span class="text">Unsere Reiseziele</span>
                            <span class="read-more">Mehr lesen</span>
                                                    </a>
                        </div>
</div>
