{"id":2367,"date":"2023-08-22T10:27:05","date_gmt":"2023-08-22T08:27:05","guid":{"rendered":"https:\/\/www.vaud.ch\/?page_id=2367"},"modified":"2023-09-01T15:41:41","modified_gmt":"2023-09-01T13:41:41","slug":"nachhaltigkeit","status":"publish","type":"page","link":"https:\/\/www.vaud.ch\/de\/nachhaltigkeit\/","title":{"rendered":"Nachhaltigkeit"},"content":{"rendered":"<div class=\"wp-bootstrap-blocks-row row justify-content-center\">\n\t\n\n<div class=\"col-12 col-md-10 col-xl-7\">\n\t\t\t\n\n<p class=\"is-style-heading-p\">Die Nachhaltigkeit steht im Zentrum der Strategie der Standortf\u00f6rderung im Kanton Waadt. Mit seinen Seen und Bergen, seinen St\u00e4dten und l\u00e4ndlichen Gebieten ist der Kanton reich an Vorz\u00fcgen, die Tourismusfachleute unbedingt bewahren wollen, damit dieses Kulturerbe weiterhin auf der schweizerischen und internationalen B\u00fchne gl\u00e4nzt.<\/p>\n\n\n\n<h2 class=\"wp-block-heading\"><strong>VAUD engagiert sich f\u00fcr Nachhaltigkeit<\/strong><\/h2>\n\n\n\n<figure class=\"wp-block-image size-full\"><img loading=\"lazy\" decoding=\"async\" width=\"1600\" height=\"1066\" src=\"https:\/\/www.vaud.ch\/app\/uploads\/2023\/08\/Bretaye-Lac-des-Chavonnes-c-Sebastian-Trevissick-2.jpg\" alt=\"Lac des Chavonnes a Bretaye\" class=\"wp-image-1685\" srcset=\"https:\/\/www.vaud.ch\/app\/uploads\/2023\/08\/Bretaye-Lac-des-Chavonnes-c-Sebastian-Trevissick-2.jpg 1600w, https:\/\/www.vaud.ch\/app\/uploads\/2023\/08\/Bretaye-Lac-des-Chavonnes-c-Sebastian-Trevissick-2-750x500.jpg 750w, https:\/\/www.vaud.ch\/app\/uploads\/2023\/08\/Bretaye-Lac-des-Chavonnes-c-Sebastian-Trevissick-2-300x200.jpg 300w, https:\/\/www.vaud.ch\/app\/uploads\/2023\/08\/Bretaye-Lac-des-Chavonnes-c-Sebastian-Trevissick-2-768x512.jpg 768w, https:\/\/www.vaud.ch\/app\/uploads\/2023\/08\/Bretaye-Lac-des-Chavonnes-c-Sebastian-Trevissick-2-1024x682.jpg 1024w, https:\/\/www.vaud.ch\/app\/uploads\/2023\/08\/Bretaye-Lac-des-Chavonnes-c-Sebastian-Trevissick-2-1536x1023.jpg 1536w\" sizes=\"auto, (max-width: 1600px) 100vw, 1600px\" \/><figcaption class=\"wp-element-caption\">Sebastian Trevissick<\/figcaption><\/figure>\n\n\n\n<h3 class=\"wp-block-heading\"><strong>Nachhaltigkeitsstrategie und nachhaltiger Tourismus<\/strong><\/h3>\n\n\n\n<p>Von der Notwendigkeit eines kollektiven Engagements f\u00fcr eine nachhaltige Entwicklung \u00fcberzeugt, hat Vaud Promotion als Standortf\u00f6rderer des Kantons Waadt diesen Weg eingeschlagen.<\/p>\n\n\n\n<p>Im Jahr 2009 haben wir die <a href=\"https:\/\/www.vaud.ch\/app\/uploads\/2023\/09\/Charte_tourisme-durable.pdf\" target=\"_blank\" rel=\"noopener\" title=\"Nachhaltigkeits-Charta des Schweizer Tourismus \">Nachhaltigkeits-Charta des Schweizer Tourismus <\/a>unterzeichnet. Dieses Engagement wurde im Laufe der Zeit verst\u00e4rkt, insbesondere durch die Umsetzung \u2013 ab 2022 \u2013 der neuen sektor\u00fcbergreifenden Strategie. Unser Ziel: die vielen Facetten des Kantons und seine Nachhaltigkeitsbem\u00fchungen f\u00f6rdern. Zudem beteiligen wir uns aktiv an der Umsetzung des Programms <a href=\"https:\/\/www.stv-fst.ch\/nachhaltigkeit\/kompetenzzentrum\/swisstainable\" target=\"_blank\" rel=\"noopener\" title=\"\">Swisstainable<\/a> auf dem Gebiet des Kantons Waadt. Vaud Promotion ist seit 2012 als EcoEntreprise zertifiziert und besitzt das \u00abLevel III \u2013 leading\u00bb des Programms Swisstainable.<\/p>\n\n\n\n<h3 class=\"wp-block-heading\"><strong>Zwei Labels<\/strong><\/h3>\n\n\n\n<p>Die wirtschaftliche, soziale und \u00f6kologische Nachhaltigkeit ist entscheidend, um unsere beiden Labels, die Waadtl\u00e4nder Exzellenz w\u00fcrdigen, zu erhalten: <a href=\"https:\/\/www.vaud.ch\/de\/das-label-vaud-certifie-dici\/\" title=\"VAUD CERTIFI\u00c9 D\u2019ICI\">VAUD CERTIFI\u00c9 D\u2019ICI<\/a> und <a href=\"https:\/\/www.vaud.ch\/de\/vaud-ambassadeur\/\" title=\"\">VAUD AMBASSADEUR<\/a>.<\/p>\n\n\n\n<figure class=\"wp-block-image size-full\"><img loading=\"lazy\" decoding=\"async\" width=\"1600\" height=\"1067\" src=\"https:\/\/www.vaud.ch\/app\/uploads\/2023\/08\/campagne-ferme_Switzerland-Tourism-Lorenz-Richard.jpg\" alt=\"La durabilit\u00e9 dans le Canton de Vaud, une priorit\u00e9\" class=\"wp-image-1595\" srcset=\"https:\/\/www.vaud.ch\/app\/uploads\/2023\/08\/campagne-ferme_Switzerland-Tourism-Lorenz-Richard.jpg 1600w, https:\/\/www.vaud.ch\/app\/uploads\/2023\/08\/campagne-ferme_Switzerland-Tourism-Lorenz-Richard-750x500.jpg 750w, https:\/\/www.vaud.ch\/app\/uploads\/2023\/08\/campagne-ferme_Switzerland-Tourism-Lorenz-Richard-300x200.jpg 300w, https:\/\/www.vaud.ch\/app\/uploads\/2023\/08\/campagne-ferme_Switzerland-Tourism-Lorenz-Richard-768x512.jpg 768w, https:\/\/www.vaud.ch\/app\/uploads\/2023\/08\/campagne-ferme_Switzerland-Tourism-Lorenz-Richard-1024x683.jpg 1024w, https:\/\/www.vaud.ch\/app\/uploads\/2023\/08\/campagne-ferme_Switzerland-Tourism-Lorenz-Richard-1536x1024.jpg 1536w\" sizes=\"auto, (max-width: 1600px) 100vw, 1600px\" \/><figcaption class=\"wp-element-caption\">Switzerland Tourism\/Lorenz Richard<\/figcaption><\/figure>\n\n\n\n<h4 class=\"wp-block-heading\">Beispiele f\u00fcr ein paar Aktionen von Vaud Promotion:<\/h4>\n\n\n\n<ul class=\"editor-list wp-block-list\">\n<li><a href=\"https:\/\/www.vaud.ch\/actualites\/du-tour-de-france-aux-epaules-denfants-en-difficulte\/\" target=\"_blank\" rel=\"noopener\" title=\"Le recyclage de l\u2019illustration g\u00e9ante cr\u00e9\u00e9e pour le Tour de France 2022 en sacs de gym \">Recycling der riesengrossen Blache der Tour de France 2022 in Turnbeutel<\/a><\/li>\n\n\n\n<li>Hervorhebung der Produkte von <a href=\"https:\/\/vaud.plus\/terroir\/produits-certifies\/de\" title=\"VAUD CERTIFI\u00c9 D\u2019ICI\">VAUD CERTIFI\u00c9 D\u2019ICI<\/a> bei Events und anderen Veranstaltungen<\/li>\n\n\n\n<li>Zusammenarbeit mit der <a href=\"https:\/\/www.summit-foundation.org\/?lang=de\">Summit Foundation<\/a> zur Abfallbek\u00e4mpfung,<\/li>\n\n\n\n<li>Hervorhebung von f\u00fcr Menschen mit Behinderungen <a href=\"https:\/\/www.myvaud.ch\/de\/Z14224\/tourismus-im-waadtland-fuer-jedermann-zugaenglich?\" target=\"_blank\" rel=\"noopener\" title=\"zug\u00e4nglichen Angeboten\">zug\u00e4nglichen Angeboten<\/a><\/li>\n\n\n\n<li><a href=\"https:\/\/www.lausanne-montreux-congress.ch\/de\/nachhaltige-destination\/\">Unterst\u00fctzung bei der Umsetzung der Nachhaltigkeitsstrategie der Region Lausanne-Montreux<\/a> <\/li>\n<\/ul>\n\n\n\n<h4 class=\"wp-block-heading\">Unsere Partner:<\/h4>\n\n\n\n<ul class=\"editor-list wp-block-list\">\n<li><a href=\"https:\/\/www.innovationsgenerator.ch\/home.html\" target=\"_blank\" rel=\"noopener\" title=\"\">Innovationsgenerator<\/a><\/li>\n\n\n\n<li><a href=\"https:\/\/www.resilienttourism.ch\/de\" target=\"_blank\" rel=\"noopener\" title=\"\">Resilient Tourism<\/a><\/li>\n\n\n\n<li><a href=\"https:\/\/www.summit-foundation.org\/?lang=de\" target=\"_blank\" rel=\"noopener\" title=\"\">Summit Foundation<\/a><\/li>\n\n\n\n<li><a href=\"https:\/\/www.proinfirmis.ch\/index.html\" target=\"_blank\" rel=\"noopener\" title=\"\">Pro Infirmis<\/a><\/li>\n\n\n\n<li><a href=\"https:\/\/www.claireundgeorge.ch\/de\/barrierefreie-ferien-und-reisen-schweiz\" target=\"_blank\" rel=\"noopener\" title=\"\">Claire &amp; George<\/a><\/li>\n<\/ul>\n\n\n\n<div class=\"wp-block-group has-white-color-color has-blue-color-background-color has-text-color has-background is-layout-flow wp-block-group-is-layout-flow\">\n<h4 class=\"wp-block-heading\">Was ist nachhaltiger Tourismus?<\/h4>\n\n\n\n<p>Die Weltorganisation f\u00fcr Tourismus (UNWTO) definiert nachhaltigen Tourismus wie folgt: \u00abNachhaltiger Tourismus ber\u00fccksichtigt alle aktuellen und zuk\u00fcnftigen \u00f6konomischen, sozialen und \u00f6kologischen Auswirkungen bei gleichzeitiger Beachtung der Bed\u00fcrfnisse der Touristen, der Industrie, der Umwelt und der Gastgeberkommunen.\u00bb<\/p>\n\n\n\n<p>Was tun wir daf\u00fcr und wie setzen wir ihn konkret um?<\/p>\n<\/div>\n\n\t<\/div>\n\n<\/div>\n\n\n<div class=\"wp-bootstrap-blocks-row row\">\n\t\n\n<div class=\"col-12 col-md-6\">\n\t\t\t\n\n            <a class=\"special-link with-icon internal with-img\" href=\"https:\/\/www.vaud.ch\/une-priorite-regionale-et-nationale\/\" target=\"_blank\">\n                            <img decoding=\"async\" src=\"https:\/\/www.vaud.ch\/app\/uploads\/2023\/08\/Matthias-Lehmann-2017-8-750x500.jpg\" alt=\"Eine regionale und nationale Priorit\u00e4t (Seite auf Franz\u00f6sisch)\">\n                        <div class=\"special-link-content\">\n                                    <lord-icon src=\"https:\/\/cdn.lordicon.com\/zmkotitn.json\" target=\".special-link\" trigger=\"hover\" colors=\"primary:#199573\" style=\"width:28px;height:28px\"><\/lord-icon>\n                \n                Eine regionale und nationale Priorit\u00e4t (Seite auf Franz\u00f6sisch)            <\/div>\n        <\/a>\n    \n\t<\/div>\n\n\n\n<div class=\"col-12 col-md-6\">\n\t\t\t\n\n            <a class=\"special-link with-icon internal with-img\" href=\"https:\/\/www.vaud.ch\/label-swisstainable\/\" target=\"_self\">\n                            <img decoding=\"async\" src=\"https:\/\/www.vaud.ch\/app\/uploads\/2023\/08\/VivreVaud_ST_3x2_Chateau-dOex-hot-air-balloon-flight_75366-750x500.jpg\" alt=\"Label Swisstainable (Seite auf Franz\u00f6sisch)\">\n                        <div class=\"special-link-content\">\n                                    <lord-icon src=\"https:\/\/cdn.lordicon.com\/zmkotitn.json\" target=\".special-link\" trigger=\"hover\" colors=\"primary:#199573\" style=\"width:28px;height:28px\"><\/lord-icon>\n                \n                Label Swisstainable (Seite auf Franz\u00f6sisch)            <\/div>\n        <\/a>\n    \n\t<\/div>\n\n<\/div>\n","protected":false},"excerpt":{"rendered":"","protected":false},"author":8,"featured_media":1478,"parent":0,"menu_order":0,"comment_status":"closed","ping_status":"closed","template":"","meta":{"_acf_changed":false,"footnotes":""},"class_list":["post-2367","page","type-page","status-publish","has-post-thumbnail","hentry"],"acf":[],"aioseo_notices":[],"_links":{"self":[{"href":"https:\/\/www.vaud.ch\/de\/wp-json\/wp\/v2\/pages\/2367","targetHints":{"allow":["GET"]}}],"collection":[{"href":"https:\/\/www.vaud.ch\/de\/wp-json\/wp\/v2\/pages"}],"about":[{"href":"https:\/\/www.vaud.ch\/de\/wp-json\/wp\/v2\/types\/page"}],"author":[{"embeddable":true,"href":"https:\/\/www.vaud.ch\/de\/wp-json\/wp\/v2\/users\/8"}],"replies":[{"embeddable":true,"href":"https:\/\/www.vaud.ch\/de\/wp-json\/wp\/v2\/comments?post=2367"}],"version-history":[{"count":9,"href":"https:\/\/www.vaud.ch\/de\/wp-json\/wp\/v2\/pages\/2367\/revisions"}],"predecessor-version":[{"id":2872,"href":"https:\/\/www.vaud.ch\/de\/wp-json\/wp\/v2\/pages\/2367\/revisions\/2872"}],"wp:featuredmedia":[{"embeddable":true,"href":"https:\/\/www.vaud.ch\/de\/wp-json\/wp\/v2\/media\/1478"}],"wp:attachment":[{"href":"https:\/\/www.vaud.ch\/de\/wp-json\/wp\/v2\/media?parent=2367"}],"curies":[{"name":"wp","href":"https:\/\/api.w.org\/{rel}","templated":true}]}}

<div class="wp-bootstrap-blocks-row row justify-content-center">
	

<div class="col-12 col-md-10 col-xl-7">
			

<p class="is-style-heading-p">Die Nachhaltigkeit steht im Zentrum der Strategie der Standortförderung im Kanton Waadt. Mit seinen Seen und Bergen, seinen Städten und ländlichen Gebieten ist der Kanton reich an Vorzügen, die Tourismusfachleute unbedingt bewahren wollen, damit dieses Kulturerbe weiterhin auf der schweizerischen und internationalen Bühne glänzt.</p>



<h2 class="wp-block-heading"><strong>VAUD engagiert sich für Nachhaltigkeit</strong></h2>



<figure class="wp-block-image size-full"><img loading="lazy" decoding="async" width="1600" height="1066" src="https://www.vaud.ch/app/uploads/2023/08/Bretaye-Lac-des-Chavonnes-c-Sebastian-Trevissick-2.jpg" alt="Lac des Chavonnes a Bretaye" class="wp-image-1685" srcset="https://www.vaud.ch/app/uploads/2023/08/Bretaye-Lac-des-Chavonnes-c-Sebastian-Trevissick-2.jpg 1600w, https://www.vaud.ch/app/uploads/2023/08/Bretaye-Lac-des-Chavonnes-c-Sebastian-Trevissick-2-750x500.jpg 750w, https://www.vaud.ch/app/uploads/2023/08/Bretaye-Lac-des-Chavonnes-c-Sebastian-Trevissick-2-300x200.jpg 300w, https://www.vaud.ch/app/uploads/2023/08/Bretaye-Lac-des-Chavonnes-c-Sebastian-Trevissick-2-768x512.jpg 768w, https://www.vaud.ch/app/uploads/2023/08/Bretaye-Lac-des-Chavonnes-c-Sebastian-Trevissick-2-1024x682.jpg 1024w, https://www.vaud.ch/app/uploads/2023/08/Bretaye-Lac-des-Chavonnes-c-Sebastian-Trevissick-2-1536x1023.jpg 1536w" sizes="auto, (max-width: 1600px) 100vw, 1600px" /><figcaption class="wp-element-caption">Sebastian Trevissick</figcaption></figure>



<h3 class="wp-block-heading"><strong>Nachhaltigkeitsstrategie und nachhaltiger Tourismus</strong></h3>



<p>Von der Notwendigkeit eines kollektiven Engagements für eine nachhaltige Entwicklung überzeugt, hat Vaud Promotion als Standortförderer des Kantons Waadt diesen Weg eingeschlagen.</p>



<p>Im Jahr 2009 haben wir die <a href="https://www.vaud.ch/app/uploads/2023/09/Charte_tourisme-durable.pdf" target="_blank" rel="noopener" title="Nachhaltigkeits-Charta des Schweizer Tourismus ">Nachhaltigkeits-Charta des Schweizer Tourismus </a>unterzeichnet. Dieses Engagement wurde im Laufe der Zeit verstärkt, insbesondere durch die Umsetzung – ab 2022 – der neuen sektorübergreifenden Strategie. Unser Ziel: die vielen Facetten des Kantons und seine Nachhaltigkeitsbemühungen fördern. Zudem beteiligen wir uns aktiv an der Umsetzung des Programms <a href="https://www.stv-fst.ch/nachhaltigkeit/kompetenzzentrum/swisstainable" target="_blank" rel="noopener" title="">Swisstainable</a> auf dem Gebiet des Kantons Waadt. Vaud Promotion ist seit 2012 als EcoEntreprise zertifiziert und besitzt das «Level III – leading» des Programms Swisstainable.</p>



<h3 class="wp-block-heading"><strong>Zwei Labels</strong></h3>



<p>Die wirtschaftliche, soziale und ökologische Nachhaltigkeit ist entscheidend, um unsere beiden Labels, die Waadtländer Exzellenz würdigen, zu erhalten: <a href="https://www.vaud.ch/de/das-label-vaud-certifie-dici/" title="VAUD CERTIFIÉ D’ICI">VAUD CERTIFIÉ D’ICI</a> und <a href="https://www.vaud.ch/de/vaud-ambassadeur/" title="">VAUD AMBASSADEUR</a>.</p>



<figure class="wp-block-image size-full"><img loading="lazy" decoding="async" width="1600" height="1067" src="https://www.vaud.ch/app/uploads/2023/08/campagne-ferme_Switzerland-Tourism-Lorenz-Richard.jpg" alt="La durabilité dans le Canton de Vaud, une priorité" class="wp-image-1595" srcset="https://www.vaud.ch/app/uploads/2023/08/campagne-ferme_Switzerland-Tourism-Lorenz-Richard.jpg 1600w, https://www.vaud.ch/app/uploads/2023/08/campagne-ferme_Switzerland-Tourism-Lorenz-Richard-750x500.jpg 750w, https://www.vaud.ch/app/uploads/2023/08/campagne-ferme_Switzerland-Tourism-Lorenz-Richard-300x200.jpg 300w, https://www.vaud.ch/app/uploads/2023/08/campagne-ferme_Switzerland-Tourism-Lorenz-Richard-768x512.jpg 768w, https://www.vaud.ch/app/uploads/2023/08/campagne-ferme_Switzerland-Tourism-Lorenz-Richard-1024x683.jpg 1024w, https://www.vaud.ch/app/uploads/2023/08/campagne-ferme_Switzerland-Tourism-Lorenz-Richard-1536x1024.jpg 1536w" sizes="auto, (max-width: 1600px) 100vw, 1600px" /><figcaption class="wp-element-caption">Switzerland Tourism/Lorenz Richard</figcaption></figure>



<h4 class="wp-block-heading">Beispiele für ein paar Aktionen von Vaud Promotion:</h4>



<ul class="editor-list wp-block-list">
<li><a href="https://www.vaud.ch/actualites/du-tour-de-france-aux-epaules-denfants-en-difficulte/" target="_blank" rel="noopener" title="Le recyclage de l’illustration géante créée pour le Tour de France 2022 en sacs de gym ">Recycling der riesengrossen Blache der Tour de France 2022 in Turnbeutel</a></li>



<li>Hervorhebung der Produkte von <a href="https://vaud.plus/terroir/produits-certifies/de" title="VAUD CERTIFIÉ D’ICI">VAUD CERTIFIÉ D’ICI</a> bei Events und anderen Veranstaltungen</li>



<li>Zusammenarbeit mit der <a href="https://www.summit-foundation.org/?lang=de">Summit Foundation</a> zur Abfallbekämpfung,</li>



<li>Hervorhebung von für Menschen mit Behinderungen <a href="https://www.myvaud.ch/de/Z14224/tourismus-im-waadtland-fuer-jedermann-zugaenglich?" target="_blank" rel="noopener" title="zugänglichen Angeboten">zugänglichen Angeboten</a></li>



<li><a href="https://www.lausanne-montreux-congress.ch/de/nachhaltige-destination/">Unterstützung bei der Umsetzung der Nachhaltigkeitsstrategie der Region Lausanne-Montreux</a> </li>
</ul>



<h4 class="wp-block-heading">Unsere Partner:</h4>



<ul class="editor-list wp-block-list">
<li><a href="https://www.innovationsgenerator.ch/home.html" target="_blank" rel="noopener" title="">Innovationsgenerator</a></li>



<li><a href="https://www.resilienttourism.ch/de" target="_blank" rel="noopener" title="">Resilient Tourism</a></li>



<li><a href="https://www.summit-foundation.org/?lang=de" target="_blank" rel="noopener" title="">Summit Foundation</a></li>



<li><a href="https://www.proinfirmis.ch/index.html" target="_blank" rel="noopener" title="">Pro Infirmis</a></li>



<li><a href="https://www.claireundgeorge.ch/de/barrierefreie-ferien-und-reisen-schweiz" target="_blank" rel="noopener" title="">Claire &amp; George</a></li>
</ul>



<div class="wp-block-group has-white-color-color has-blue-color-background-color has-text-color has-background is-layout-flow wp-block-group-is-layout-flow">
<h4 class="wp-block-heading">Was ist nachhaltiger Tourismus?</h4>



<p>Die Weltorganisation für Tourismus (UNWTO) definiert nachhaltigen Tourismus wie folgt: «Nachhaltiger Tourismus berücksichtigt alle aktuellen und zukünftigen ökonomischen, sozialen und ökologischen Auswirkungen bei gleichzeitiger Beachtung der Bedürfnisse der Touristen, der Industrie, der Umwelt und der Gastgeberkommunen.»</p>



<p>Was tun wir dafür und wie setzen wir ihn konkret um?</p>
</div>

	</div>

</div>


<div class="wp-bootstrap-blocks-row row">
	

<div class="col-12 col-md-6">
			

            <a class="special-link with-icon internal with-img" href="https://www.vaud.ch/une-priorite-regionale-et-nationale/" target="_blank">
                            <img decoding="async" src="https://www.vaud.ch/app/uploads/2023/08/Matthias-Lehmann-2017-8-750x500.jpg" alt="Eine regionale und nationale Priorität (Seite auf Französisch)">
                        <div class="special-link-content">
                                    <lord-icon src="https://cdn.lordicon.com/zmkotitn.json" target=".special-link" trigger="hover" colors="primary:#199573" style="width:28px;height:28px"></lord-icon>
                
                Eine regionale und nationale Priorität (Seite auf Französisch)            </div>
        </a>
    
	</div>



<div class="col-12 col-md-6">
			

            <a class="special-link with-icon internal with-img" href="https://www.vaud.ch/label-swisstainable/" target="_self">
                            <img decoding="async" src="https://www.vaud.ch/app/uploads/2023/08/VivreVaud_ST_3x2_Chateau-dOex-hot-air-balloon-flight_75366-750x500.jpg" alt="Label Swisstainable (Seite auf Französisch)">
                        <div class="special-link-content">
                                    <lord-icon src="https://cdn.lordicon.com/zmkotitn.json" target=".special-link" trigger="hover" colors="primary:#199573" style="width:28px;height:28px"></lord-icon>
                
                Label Swisstainable (Seite auf Französisch)            </div>
        </a>
    
	</div>

</div>
