{"id":2369,"date":"2023-08-09T16:36:22","date_gmt":"2023-08-09T14:36:22","guid":{"rendered":"https:\/\/www.vaud.ch\/?page_id=2369"},"modified":"2023-09-12T16:07:43","modified_gmt":"2023-09-12T14:07:43","slug":"wirtschaft","status":"publish","type":"page","link":"https:\/\/www.vaud.ch\/de\/wirtschaft\/","title":{"rendered":"Wirtschaft"},"content":{"rendered":"\n<div class=\"wp-block-group is-style-section is-layout-flow wp-block-group-is-layout-flow\"><div class=\"wp-bootstrap-blocks-row row justify-content-center align-items-start\">\n\t\n\n<div class=\"col-12 col-md-8 col-xl-6\">\n\t\t\t\n\n<p class=\"is-style-heading-p\">Im Kanton Waadt lernen Sie Innovation kennen. Inmitten einer aussergew\u00f6hnlichen Gegend ist es den Waadtl\u00e4ndern gelungen, ein Wirtschaftssystem zu schaffen, das Hochschulen, Spitzenforschung, den Kanton und Unternehmen miteinander in Kontakt bringt, um Innovationen anzuregen und Projekttr\u00e4ger auf ihrem Weg zum internationalen Erfolg zu begleiten.<\/p>\n\n\n\n<h2 class=\"wp-block-heading\">Waadt oder die Passion f\u00fcr Innovation<\/h2>\n\n\n\n<figure class=\"wp-block-image size-full\"><img decoding=\"async\" src=\"https:\/\/www.vaud.ch\/app\/uploads\/2023\/08\/EconomieVaud_Solar_Impulse_SecondtestFlight_revillar-scaled-e1692951794325.jpg\" alt=\"\" class=\"wp-image-1485\"\/><figcaption class=\"wp-element-caption\">\u00a9Solar Impulse &#8211; Revillard<\/figcaption><\/figure>\n\n\n\n<p>Logitech, Solar Impulse, Nespresso und die Uhrenindustrie z\u00e4hlen zu den Flaggschiffen. Mit dem Amt f\u00fcr Wirtschaftsf\u00f6rderung und Innovation (SPEI) k\u00f6nnen Sie auf einen Verb\u00fcndeten an Ihrer Seite z\u00e4hlen, um sich zu entwickeln.<\/p>\n\n\n\n<div class=\"wp-block-buttons is-layout-flex wp-block-buttons-is-layout-flex\">\n<div class=\"wp-block-button\"><a class=\"wp-block-button__link wp-element-button\" href=\"https:\/\/www.vaud-economie.ch\/\" target=\"_blank\" rel=\"noreferrer noopener\">Mehr dazu<\/a><\/div>\n\n\n\n<div class=\"wp-block-button\"><a class=\"wp-block-button__link has-green-color-background-color has-background wp-element-button\" href=\"https:\/\/www.vaud-economie.ch\/general\/newsletter\" target=\"_blank\" rel=\"noreferrer noopener\">Abonnieren Sie den Waadtl\u00e4nder Wirtschafts-Newsletter<\/a><\/div>\n<\/div>\n\n\t<\/div>\n\n<\/div>\n<\/div>\n\n\n","protected":false},"excerpt":{"rendered":"<p>Aktuelles<\/p>\n","protected":false},"author":8,"featured_media":1424,"parent":0,"menu_order":0,"comment_status":"closed","ping_status":"closed","template":"","meta":{"_acf_changed":false,"footnotes":""},"class_list":["post-2369","page","type-page","status-publish","has-post-thumbnail","hentry"],"acf":[],"aioseo_notices":[],"_links":{"self":[{"href":"https:\/\/www.vaud.ch\/de\/wp-json\/wp\/v2\/pages\/2369","targetHints":{"allow":["GET"]}}],"collection":[{"href":"https:\/\/www.vaud.ch\/de\/wp-json\/wp\/v2\/pages"}],"about":[{"href":"https:\/\/www.vaud.ch\/de\/wp-json\/wp\/v2\/types\/page"}],"author":[{"embeddable":true,"href":"https:\/\/www.vaud.ch\/de\/wp-json\/wp\/v2\/users\/8"}],"replies":[{"embeddable":true,"href":"https:\/\/www.vaud.ch\/de\/wp-json\/wp\/v2\/comments?post=2369"}],"version-history":[{"count":6,"href":"https:\/\/www.vaud.ch\/de\/wp-json\/wp\/v2\/pages\/2369\/revisions"}],"predecessor-version":[{"id":3482,"href":"https:\/\/www.vaud.ch\/de\/wp-json\/wp\/v2\/pages\/2369\/revisions\/3482"}],"wp:featuredmedia":[{"embeddable":true,"href":"https:\/\/www.vaud.ch\/de\/wp-json\/wp\/v2\/media\/1424"}],"wp:attachment":[{"href":"https:\/\/www.vaud.ch\/de\/wp-json\/wp\/v2\/media?parent=2369"}],"curies":[{"name":"wp","href":"https:\/\/api.w.org\/{rel}","templated":true}]}}

<div class="wp-block-group is-style-section is-layout-flow wp-block-group-is-layout-flow"><div class="wp-bootstrap-blocks-row row justify-content-center align-items-start">
	

<div class="col-12 col-md-8 col-xl-6">
			

<p class="is-style-heading-p">Im Kanton Waadt lernen Sie Innovation kennen. Inmitten einer aussergewöhnlichen Gegend ist es den Waadtländern gelungen, ein Wirtschaftssystem zu schaffen, das Hochschulen, Spitzenforschung, den Kanton und Unternehmen miteinander in Kontakt bringt, um Innovationen anzuregen und Projektträger auf ihrem Weg zum internationalen Erfolg zu begleiten.</p>



<h2 class="wp-block-heading">Waadt oder die Passion für Innovation</h2>



<figure class="wp-block-image size-full"><img decoding="async" src="https://www.vaud.ch/app/uploads/2023/08/EconomieVaud_Solar_Impulse_SecondtestFlight_revillar-scaled-e1692951794325.jpg" alt="" class="wp-image-1485"/><figcaption class="wp-element-caption">©Solar Impulse &#8211; Revillard</figcaption></figure>



<p>Logitech, Solar Impulse, Nespresso und die Uhrenindustrie zählen zu den Flaggschiffen. Mit dem Amt für Wirtschaftsförderung und Innovation (SPEI) können Sie auf einen Verbündeten an Ihrer Seite zählen, um sich zu entwickeln.</p>



<div class="wp-block-buttons is-layout-flex wp-block-buttons-is-layout-flex">
<div class="wp-block-button"><a class="wp-block-button__link wp-element-button" href="https://www.vaud-economie.ch/" target="_blank" rel="noreferrer noopener">Mehr dazu</a></div>



<div class="wp-block-button"><a class="wp-block-button__link has-green-color-background-color has-background wp-element-button" href="https://www.vaud-economie.ch/general/newsletter" target="_blank" rel="noreferrer noopener">Abonnieren Sie den Waadtländer Wirtschafts-Newsletter</a></div>
</div>

	</div>

</div>
</div>
