{"id":2482,"date":"2023-08-09T16:29:27","date_gmt":"2023-08-09T14:29:27","guid":{"rendered":"https:\/\/www.vaud.ch\/?page_id=2482"},"modified":"2025-12-05T10:32:08","modified_gmt":"2025-12-05T09:32:08","slug":"communaute-vaud","status":"publish","type":"page","link":"https:\/\/www.vaud.ch\/de\/leben\/communaute-vaud\/","title":{"rendered":"VAUD Gemeinschaft"},"content":{"rendered":"<div class=\"wp-bootstrap-blocks-row row justify-content-center\">\n\t\n\n<div class=\"col-12 col-md-10 col-xl-7\">\n\t\t\t\n\n<p class=\"is-style-heading-p\">VAUD AMBASSADEUR und VAUD CERTIFI\u00c9 D\u2019ICI w\u00fcrdigen Waadtl\u00e4nder Engagements f\u00fcr Nachhaltigkeit, innovatives Know-how und Exzellenz. Sie stehen f\u00fcr Qualit\u00e4t und sind der ganze Stolz des Kantons.<\/p>\n\n\n\n<h2 class=\"wp-block-heading\">Zwei Labels b\u00fcrgen f\u00fcr Waadtl\u00e4nder Exzellenz<\/h2>\n\n\n\n<figure class=\"wp-block-image size-full\"><img loading=\"lazy\" decoding=\"async\" width=\"1930\" height=\"1287\" src=\"https:\/\/www.vaud.ch\/app\/uploads\/2023\/08\/CommunauteVaud_Ambassadeur_ST-ete-2021-Vallee-de-Joux-16_\u00a9-Rob-Lewis-Photography.jpg\" alt=\"\" class=\"wp-image-1479\" srcset=\"https:\/\/www.vaud.ch\/app\/uploads\/2023\/08\/CommunauteVaud_Ambassadeur_ST-ete-2021-Vallee-de-Joux-16_\u00a9-Rob-Lewis-Photography.jpg 1930w, https:\/\/www.vaud.ch\/app\/uploads\/2023\/08\/CommunauteVaud_Ambassadeur_ST-ete-2021-Vallee-de-Joux-16_\u00a9-Rob-Lewis-Photography-750x500.jpg 750w, https:\/\/www.vaud.ch\/app\/uploads\/2023\/08\/CommunauteVaud_Ambassadeur_ST-ete-2021-Vallee-de-Joux-16_\u00a9-Rob-Lewis-Photography-300x200.jpg 300w, https:\/\/www.vaud.ch\/app\/uploads\/2023\/08\/CommunauteVaud_Ambassadeur_ST-ete-2021-Vallee-de-Joux-16_\u00a9-Rob-Lewis-Photography-768x512.jpg 768w, https:\/\/www.vaud.ch\/app\/uploads\/2023\/08\/CommunauteVaud_Ambassadeur_ST-ete-2021-Vallee-de-Joux-16_\u00a9-Rob-Lewis-Photography-1024x683.jpg 1024w, https:\/\/www.vaud.ch\/app\/uploads\/2023\/08\/CommunauteVaud_Ambassadeur_ST-ete-2021-Vallee-de-Joux-16_\u00a9-Rob-Lewis-Photography-1536x1024.jpg 1536w\" sizes=\"auto, (max-width: 1930px) 100vw, 1930px\" \/><figcaption class=\"wp-element-caption\">\u00a9Schweiz Tourismus \/ Rob Lewis Photography<\/figcaption><\/figure>\n\n\n\n<ul class=\"wp-block-list editor-list\">\n<li>Das Label VAUD AMBASSADEUR umfasst eine Gemeinschaft von Unternehmen, Organisationen und Institutionen, die anhand von 23 Kriterien zertifiziert werden, Waadtl\u00e4nder Exzellenz verk\u00f6rpern und den Kanton zum Leuchten zu bringen.<\/li>\n\n\n\n<li>Das Label VAUD CERTIFI\u00c9 D\u2019ICI betrifft mehr als 1600 Waadtl\u00e4nder Produkte, die nach allen Regeln der Kunst kultiviert oder entwickelt werden, und bietet dem Konsumenten eine Garantie f\u00fcr Know-how und R\u00fcckverfolgbarkeit. <\/li>\n<\/ul>\n\n\n<div class=\"wp-bootstrap-blocks-row row\">\n\t\n\n<div class=\"col-12 col-md-6\">\n\t\t\t\n\n            <a class=\"special-link with-icon external with-img\" href=\"https:\/\/www.vaud.ch\/de\/das-label-vaud-certifie-dici\/\" target=\"_self\">\n                            <img decoding=\"async\" src=\"https:\/\/www.vaud.ch\/app\/uploads\/2023\/08\/vaud_certifie_dici.svg\" alt=\"Entdecken Sie das Label\">\n                        <div class=\"special-link-content\">\n                                    <lord-icon src=\"https:\/\/cdn.lordicon.com\/qwegujbf.json\" target=\".special-link\" trigger=\"hover\" colors=\"primary:#199573\" style=\"width:28px;height:28px\"><\/lord-icon>\n                \n                Entdecken Sie das Label            <\/div>\n        <\/a>\n    \n\t<\/div>\n\n\n\n<div class=\"col-12 col-md-6\">\n\t\t\t\n\n            <a class=\"special-link with-icon external with-img\" href=\"https:\/\/www.vaud.ch\/de\/vaud-ambassadeur\/\" target=\"_self\">\n                            <img decoding=\"async\" src=\"https:\/\/www.vaud.ch\/app\/uploads\/2023\/08\/vaud_ambassadeur.svg\" alt=\"Entdecken Sie die Gemeinschaft VAUD AMBASSADEUR\">\n                        <div class=\"special-link-content\">\n                                    <lord-icon src=\"https:\/\/cdn.lordicon.com\/qwegujbf.json\" target=\".special-link\" trigger=\"hover\" colors=\"primary:#199573\" style=\"width:28px;height:28px\"><\/lord-icon>\n                \n                Entdecken Sie die Gemeinschaft VAUD AMBASSADEUR            <\/div>\n        <\/a>\n    \n\t<\/div>\n\n<\/div>\n\n\t<\/div>\n\n<\/div>\n","protected":false},"excerpt":{"rendered":"","protected":false},"author":8,"featured_media":1811,"parent":2495,"menu_order":0,"comment_status":"closed","ping_status":"closed","template":"","meta":{"_acf_changed":false,"footnotes":""},"class_list":["post-2482","page","type-page","status-publish","has-post-thumbnail","hentry"],"acf":[],"aioseo_notices":[],"_links":{"self":[{"href":"https:\/\/www.vaud.ch\/de\/wp-json\/wp\/v2\/pages\/2482","targetHints":{"allow":["GET"]}}],"collection":[{"href":"https:\/\/www.vaud.ch\/de\/wp-json\/wp\/v2\/pages"}],"about":[{"href":"https:\/\/www.vaud.ch\/de\/wp-json\/wp\/v2\/types\/page"}],"author":[{"embeddable":true,"href":"https:\/\/www.vaud.ch\/de\/wp-json\/wp\/v2\/users\/8"}],"replies":[{"embeddable":true,"href":"https:\/\/www.vaud.ch\/de\/wp-json\/wp\/v2\/comments?post=2482"}],"version-history":[{"count":10,"href":"https:\/\/www.vaud.ch\/de\/wp-json\/wp\/v2\/pages\/2482\/revisions"}],"predecessor-version":[{"id":19012,"href":"https:\/\/www.vaud.ch\/de\/wp-json\/wp\/v2\/pages\/2482\/revisions\/19012"}],"up":[{"embeddable":true,"href":"https:\/\/www.vaud.ch\/de\/wp-json\/wp\/v2\/pages\/2495"}],"wp:featuredmedia":[{"embeddable":true,"href":"https:\/\/www.vaud.ch\/de\/wp-json\/wp\/v2\/media\/1811"}],"wp:attachment":[{"href":"https:\/\/www.vaud.ch\/de\/wp-json\/wp\/v2\/media?parent=2482"}],"curies":[{"name":"wp","href":"https:\/\/api.w.org\/{rel}","templated":true}]}}

<div class="wp-bootstrap-blocks-row row justify-content-center">
	

<div class="col-12 col-md-10 col-xl-7">
			

<p class="is-style-heading-p">VAUD AMBASSADEUR und VAUD CERTIFIÉ D’ICI würdigen Waadtländer Engagements für Nachhaltigkeit, innovatives Know-how und Exzellenz. Sie stehen für Qualität und sind der ganze Stolz des Kantons.</p>



<h2 class="wp-block-heading">Zwei Labels bürgen für Waadtländer Exzellenz</h2>



<figure class="wp-block-image size-full"><img loading="lazy" decoding="async" width="1930" height="1287" src="https://www.vaud.ch/app/uploads/2023/08/CommunauteVaud_Ambassadeur_ST-ete-2021-Vallee-de-Joux-16_©-Rob-Lewis-Photography.jpg" alt="" class="wp-image-1479" srcset="https://www.vaud.ch/app/uploads/2023/08/CommunauteVaud_Ambassadeur_ST-ete-2021-Vallee-de-Joux-16_©-Rob-Lewis-Photography.jpg 1930w, https://www.vaud.ch/app/uploads/2023/08/CommunauteVaud_Ambassadeur_ST-ete-2021-Vallee-de-Joux-16_©-Rob-Lewis-Photography-750x500.jpg 750w, https://www.vaud.ch/app/uploads/2023/08/CommunauteVaud_Ambassadeur_ST-ete-2021-Vallee-de-Joux-16_©-Rob-Lewis-Photography-300x200.jpg 300w, https://www.vaud.ch/app/uploads/2023/08/CommunauteVaud_Ambassadeur_ST-ete-2021-Vallee-de-Joux-16_©-Rob-Lewis-Photography-768x512.jpg 768w, https://www.vaud.ch/app/uploads/2023/08/CommunauteVaud_Ambassadeur_ST-ete-2021-Vallee-de-Joux-16_©-Rob-Lewis-Photography-1024x683.jpg 1024w, https://www.vaud.ch/app/uploads/2023/08/CommunauteVaud_Ambassadeur_ST-ete-2021-Vallee-de-Joux-16_©-Rob-Lewis-Photography-1536x1024.jpg 1536w" sizes="auto, (max-width: 1930px) 100vw, 1930px" /><figcaption class="wp-element-caption">©Schweiz Tourismus / Rob Lewis Photography</figcaption></figure>



<ul class="wp-block-list editor-list">
<li>Das Label VAUD AMBASSADEUR umfasst eine Gemeinschaft von Unternehmen, Organisationen und Institutionen, die anhand von 23 Kriterien zertifiziert werden, Waadtländer Exzellenz verkörpern und den Kanton zum Leuchten zu bringen.</li>



<li>Das Label VAUD CERTIFIÉ D’ICI betrifft mehr als 1600 Waadtländer Produkte, die nach allen Regeln der Kunst kultiviert oder entwickelt werden, und bietet dem Konsumenten eine Garantie für Know-how und Rückverfolgbarkeit. </li>
</ul>


<div class="wp-bootstrap-blocks-row row">
	

<div class="col-12 col-md-6">
			

            <a class="special-link with-icon external with-img" href="https://www.vaud.ch/de/das-label-vaud-certifie-dici/" target="_self">
                            <img decoding="async" src="https://www.vaud.ch/app/uploads/2023/08/vaud_certifie_dici.svg" alt="Entdecken Sie das Label">
                        <div class="special-link-content">
                                    <lord-icon src="https://cdn.lordicon.com/qwegujbf.json" target=".special-link" trigger="hover" colors="primary:#199573" style="width:28px;height:28px"></lord-icon>
                
                Entdecken Sie das Label            </div>
        </a>
    
	</div>



<div class="col-12 col-md-6">
			

            <a class="special-link with-icon external with-img" href="https://www.vaud.ch/de/vaud-ambassadeur/" target="_self">
                            <img decoding="async" src="https://www.vaud.ch/app/uploads/2023/08/vaud_ambassadeur.svg" alt="Entdecken Sie die Gemeinschaft VAUD AMBASSADEUR">
                        <div class="special-link-content">
                                    <lord-icon src="https://cdn.lordicon.com/qwegujbf.json" target=".special-link" trigger="hover" colors="primary:#199573" style="width:28px;height:28px"></lord-icon>
                
                Entdecken Sie die Gemeinschaft VAUD AMBASSADEUR            </div>
        </a>
    
	</div>

</div>

	</div>

</div>
