{"id":2629,"date":"2023-08-22T16:30:36","date_gmt":"2023-08-22T14:30:36","guid":{"rendered":"https:\/\/www.vaud.ch\/?page_id=2629"},"modified":"2025-12-11T14:32:41","modified_gmt":"2025-12-11T13:32:41","slug":"medien","status":"publish","type":"page","link":"https:\/\/www.vaud.ch\/de\/medien\/","title":{"rendered":"Medien"},"content":{"rendered":"<div class=\"wp-bootstrap-blocks-row row justify-content-center\">\n\t\n\n<div class=\"col-12 col-md-10 col-xl-7\">\n\t\t\t\n\n<p class=\"is-style-heading-p\">Unsere Pressestelle ist f\u00fcr Sie da und gibt Ihnen Auskunft \u00fcber Aktuelles und neue Projekte in der Region. Wir planen und organisieren massgeschneiderte Besuche f\u00fcr Medienschaffende und Influencer.<\/p>\n\n\n\n<h2 class=\"wp-block-heading\">M\u00f6chten Sie unseren Kanton besuchen ?<\/h2>\n\n\n\n<figure class=\"wp-block-image size-full\"><img loading=\"lazy\" decoding=\"async\" width=\"1600\" height=\"1067\" src=\"https:\/\/www.vaud.ch\/app\/uploads\/2023\/08\/YlBR-le-Chasseron-VTT-\u00a9-Vincent-bourrut-www.vinc-1.jpg\" alt=\"\" class=\"wp-image-1670\" srcset=\"https:\/\/www.vaud.ch\/app\/uploads\/2023\/08\/YlBR-le-Chasseron-VTT-\u00a9-Vincent-bourrut-www.vinc-1.jpg 1600w, https:\/\/www.vaud.ch\/app\/uploads\/2023\/08\/YlBR-le-Chasseron-VTT-\u00a9-Vincent-bourrut-www.vinc-1-750x500.jpg 750w, https:\/\/www.vaud.ch\/app\/uploads\/2023\/08\/YlBR-le-Chasseron-VTT-\u00a9-Vincent-bourrut-www.vinc-1-300x200.jpg 300w, https:\/\/www.vaud.ch\/app\/uploads\/2023\/08\/YlBR-le-Chasseron-VTT-\u00a9-Vincent-bourrut-www.vinc-1-768x512.jpg 768w, https:\/\/www.vaud.ch\/app\/uploads\/2023\/08\/YlBR-le-Chasseron-VTT-\u00a9-Vincent-bourrut-www.vinc-1-1024x683.jpg 1024w, https:\/\/www.vaud.ch\/app\/uploads\/2023\/08\/YlBR-le-Chasseron-VTT-\u00a9-Vincent-bourrut-www.vinc-1-1536x1024.jpg 1536w\" sizes=\"auto, (max-width: 1600px) 100vw, 1600px\" \/><figcaption class=\"wp-element-caption\">\u00a9 Vincent Bourrut &#8211; www.vincentbourrut.ch<\/figcaption><\/figure>\n\n\n\n<h3 class=\"wp-block-heading\">Pressedossier<\/h3>\n\n\n\n            <a class=\"special-link file with-icon \" href=\"https:\/\/www.vaud.ch\/app\/uploads\/2023\/09\/VD-230913-8_PressKit_VAUD_1920x1080-ALL-11-light.pdf\" target=\"_blank\" >\n                        <div class=\"special-link-content\">\n                <lord-icon src=\"https:\/\/cdn.lordicon.com\/iiixgoqp.json\" target=\".special-link\" trigger=\"hover\" colors=\"primary:#199573\" style=\"width:28px;height:28px\"><\/lord-icon>\n                <span>\n                    Downloard unserer Pressedossier                                    <\/span>\n            <\/div>\n        <\/a>\n    \n\n\n<h4 class=\"wp-block-heading\">Lesen Sie unsere letzten Medienmitteilungen <\/h4>\n\n\n\n            <a class=\"special-link file with-icon \" href=\"https:\/\/www.vaud.ch\/app\/uploads\/2023\/09\/vp-230914-Communique-de-Presse-VP_A4_2pages-07-all-04-final-hd.pdf\" target=\"_blank\" >\n                        <div class=\"special-link-content\">\n                <lord-icon src=\"https:\/\/cdn.lordicon.com\/iiixgoqp.json\" target=\".special-link\" trigger=\"hover\" colors=\"primary:#199573\" style=\"width:28px;height:28px\"><\/lord-icon>\n                <span>\n                    14. September 2023, VAUD &#8211; Waadtland : eine Destination mit anzeihungskraft und neuem selbstbewusstsein                                    <\/span>\n            <\/div>\n        <\/a>\n    \n\n\n<h4 class=\"wp-block-heading\">Die Werbekampagne des Kantons Waadt: \u00abEs beginnt hier\u00bb<\/h4>\n\n\n\n<figure class=\"wp-block-embed is-type-video is-provider-youtube wp-block-embed-youtube wp-embed-aspect-16-9 wp-has-aspect-ratio\"><div class=\"wp-block-embed__wrapper\">\n<iframe loading=\"lazy\" title=\"VAUD, \u00e7a commence ici\" width=\"500\" height=\"281\" src=\"https:\/\/www.youtube.com\/embed\/z_EiVX9RPb4?feature=oembed\" frameborder=\"0\" allow=\"accelerometer; autoplay; clipboard-write; encrypted-media; gyroscope; picture-in-picture; web-share\" referrerpolicy=\"strict-origin-when-cross-origin\" allowfullscreen><\/iframe>\n<\/div><\/figure>\n\n\n\n<div class=\"wp-block-group has-lightblue-color-2-color has-lightblue-color-full-background-color has-text-color has-background is-layout-flow wp-block-group-is-layout-flow\">\n<h4 class=\"wp-block-heading\">Kontaktieren Sie uns<\/h4>\n\n\n\n<p>Haben Sie Fragen oder ben\u00f6tigen Sie Inhalte? <a href=\"mailto:media@vaud-promotion.ch\" title=\"Schreiben Sie uns\">Schreiben Sie uns<\/a>!<\/p>\n<\/div>\n\n\t<\/div>\n\n<\/div>\n","protected":false},"excerpt":{"rendered":"","protected":false},"author":8,"featured_media":1370,"parent":0,"menu_order":0,"comment_status":"closed","ping_status":"closed","template":"","meta":{"_acf_changed":false,"footnotes":""},"class_list":["post-2629","page","type-page","status-publish","has-post-thumbnail","hentry"],"acf":[],"aioseo_notices":[],"_links":{"self":[{"href":"https:\/\/www.vaud.ch\/de\/wp-json\/wp\/v2\/pages\/2629","targetHints":{"allow":["GET"]}}],"collection":[{"href":"https:\/\/www.vaud.ch\/de\/wp-json\/wp\/v2\/pages"}],"about":[{"href":"https:\/\/www.vaud.ch\/de\/wp-json\/wp\/v2\/types\/page"}],"author":[{"embeddable":true,"href":"https:\/\/www.vaud.ch\/de\/wp-json\/wp\/v2\/users\/8"}],"replies":[{"embeddable":true,"href":"https:\/\/www.vaud.ch\/de\/wp-json\/wp\/v2\/comments?post=2629"}],"version-history":[{"count":35,"href":"https:\/\/www.vaud.ch\/de\/wp-json\/wp\/v2\/pages\/2629\/revisions"}],"predecessor-version":[{"id":20052,"href":"https:\/\/www.vaud.ch\/de\/wp-json\/wp\/v2\/pages\/2629\/revisions\/20052"}],"wp:featuredmedia":[{"embeddable":true,"href":"https:\/\/www.vaud.ch\/de\/wp-json\/wp\/v2\/media\/1370"}],"wp:attachment":[{"href":"https:\/\/www.vaud.ch\/de\/wp-json\/wp\/v2\/media?parent=2629"}],"curies":[{"name":"wp","href":"https:\/\/api.w.org\/{rel}","templated":true}]}}

<div class="wp-bootstrap-blocks-row row justify-content-center">
	

<div class="col-12 col-md-10 col-xl-7">
			

<p class="is-style-heading-p">Unsere Pressestelle ist für Sie da und gibt Ihnen Auskunft über Aktuelles und neue Projekte in der Region. Wir planen und organisieren massgeschneiderte Besuche für Medienschaffende und Influencer.</p>



<h2 class="wp-block-heading">Möchten Sie unseren Kanton besuchen ?</h2>



<figure class="wp-block-image size-full"><img loading="lazy" decoding="async" width="1600" height="1067" src="https://www.vaud.ch/app/uploads/2023/08/YlBR-le-Chasseron-VTT-©-Vincent-bourrut-www.vinc-1.jpg" alt="" class="wp-image-1670" srcset="https://www.vaud.ch/app/uploads/2023/08/YlBR-le-Chasseron-VTT-©-Vincent-bourrut-www.vinc-1.jpg 1600w, https://www.vaud.ch/app/uploads/2023/08/YlBR-le-Chasseron-VTT-©-Vincent-bourrut-www.vinc-1-750x500.jpg 750w, https://www.vaud.ch/app/uploads/2023/08/YlBR-le-Chasseron-VTT-©-Vincent-bourrut-www.vinc-1-300x200.jpg 300w, https://www.vaud.ch/app/uploads/2023/08/YlBR-le-Chasseron-VTT-©-Vincent-bourrut-www.vinc-1-768x512.jpg 768w, https://www.vaud.ch/app/uploads/2023/08/YlBR-le-Chasseron-VTT-©-Vincent-bourrut-www.vinc-1-1024x683.jpg 1024w, https://www.vaud.ch/app/uploads/2023/08/YlBR-le-Chasseron-VTT-©-Vincent-bourrut-www.vinc-1-1536x1024.jpg 1536w" sizes="auto, (max-width: 1600px) 100vw, 1600px" /><figcaption class="wp-element-caption">© Vincent Bourrut &#8211; www.vincentbourrut.ch</figcaption></figure>



<h3 class="wp-block-heading">Pressedossier</h3>



            <a class="special-link file with-icon " href="https://www.vaud.ch/app/uploads/2023/09/VD-230913-8_PressKit_VAUD_1920x1080-ALL-11-light.pdf" target="_blank" >
                        <div class="special-link-content">
                <lord-icon src="https://cdn.lordicon.com/iiixgoqp.json" target=".special-link" trigger="hover" colors="primary:#199573" style="width:28px;height:28px"></lord-icon>
                <span>
                    Downloard unserer Pressedossier                                    </span>
            </div>
        </a>
    


<h4 class="wp-block-heading">Lesen Sie unsere letzten Medienmitteilungen </h4>



            <a class="special-link file with-icon " href="https://www.vaud.ch/app/uploads/2023/09/vp-230914-Communique-de-Presse-VP_A4_2pages-07-all-04-final-hd.pdf" target="_blank" >
                        <div class="special-link-content">
                <lord-icon src="https://cdn.lordicon.com/iiixgoqp.json" target=".special-link" trigger="hover" colors="primary:#199573" style="width:28px;height:28px"></lord-icon>
                <span>
                    14. September 2023, VAUD &#8211; Waadtland : eine Destination mit anzeihungskraft und neuem selbstbewusstsein                                    </span>
            </div>
        </a>
    


<h4 class="wp-block-heading">Die Werbekampagne des Kantons Waadt: «Es beginnt hier»</h4>



<figure class="wp-block-embed is-type-video is-provider-youtube wp-block-embed-youtube wp-embed-aspect-16-9 wp-has-aspect-ratio"><div class="wp-block-embed__wrapper">
<iframe loading="lazy" title="VAUD, ça commence ici" width="500" height="281" src="https://www.youtube.com/embed/z_EiVX9RPb4?feature=oembed" frameborder="0" allow="accelerometer; autoplay; clipboard-write; encrypted-media; gyroscope; picture-in-picture; web-share" referrerpolicy="strict-origin-when-cross-origin" allowfullscreen></iframe>
</div></figure>



<div class="wp-block-group has-lightblue-color-2-color has-lightblue-color-full-background-color has-text-color has-background is-layout-flow wp-block-group-is-layout-flow">
<h4 class="wp-block-heading">Kontaktieren Sie uns</h4>



<p>Haben Sie Fragen oder benötigen Sie Inhalte? <a href="mailto:media@vaud-promotion.ch" title="Schreiben Sie uns">Schreiben Sie uns</a>!</p>
</div>

	</div>

</div>
