{"id":2818,"date":"2023-08-22T10:29:55","date_gmt":"2023-08-22T08:29:55","guid":{"rendered":"https:\/\/www.vaud.ch\/?page_id=2818"},"modified":"2025-12-05T10:36:39","modified_gmt":"2025-12-05T09:36:39","slug":"das-label-vaud-certifie-dici","status":"publish","type":"page","link":"https:\/\/www.vaud.ch\/de\/das-label-vaud-certifie-dici\/","title":{"rendered":"Das Label VAUD CERTIFI\u00c9 D&#8217;ICI"},"content":{"rendered":"<div class=\"wp-bootstrap-blocks-row row justify-content-center\">\n\t\n\n<div class=\"col-12 col-md-10 col-xl-7\">\n\t\t\t\n\n<p class=\"is-style-heading-p\">Mit diesem Exzellenzlabel garantieren wir den Konsumenten die N\u00e4he, die Vielfalt, die Authentizit\u00e4t und die R\u00fcckverfolgbarkeit der Waadtl\u00e4nder Produkte.<\/p>\n\n\n\n<h2 class=\"wp-block-heading\">VAUD CERTIFI\u00c9 D\u2019ICI, eine Garantie f\u00fcr Know-how und R\u00fcckverfolgbarkeit<\/h2>\n\n\n\n<figure class=\"wp-block-image size-full\"><img loading=\"lazy\" decoding=\"async\" width=\"1281\" height=\"1920\" src=\"https:\/\/www.vaud.ch\/app\/uploads\/2023\/09\/IMGP9379.jpg\" alt=\"Photo d'un producteur avec une ch\u00e8vre\" class=\"wp-image-2956\" style=\"aspect-ratio:4\/3;object-fit:cover\" srcset=\"https:\/\/www.vaud.ch\/app\/uploads\/2023\/09\/IMGP9379.jpg 1281w, https:\/\/www.vaud.ch\/app\/uploads\/2023\/09\/IMGP9379-200x300.jpg 200w, https:\/\/www.vaud.ch\/app\/uploads\/2023\/09\/IMGP9379-683x1024.jpg 683w, https:\/\/www.vaud.ch\/app\/uploads\/2023\/09\/IMGP9379-768x1151.jpg 768w, https:\/\/www.vaud.ch\/app\/uploads\/2023\/09\/IMGP9379-1025x1536.jpg 1025w\" sizes=\"auto, (max-width: 1281px) 100vw, 1281px\" \/><figcaption class=\"wp-element-caption\">Basilic &amp; Co<\/figcaption><\/figure>\n\n\n\n<p>Es liegt uns am Herzen, unsere zertifizierten Produkte aus dem Waadtland sowie die innovativen Akteure dieser Gemeinschaft zu f\u00f6rdern.<\/p>\n\n\n\n<p>Unsere Mission ist einfach: Wir wollen die Attraktivit\u00e4t des Kantons steigern, seine Talente hervorheben und ihre Exzellenz zertifizieren.<\/p>\n\n\n\n<div class=\"wp-block-group has-white-color-color has-green-color-background-color has-text-color has-background is-layout-flow wp-block-group-is-layout-flow\">\n<h4 class=\"wp-block-heading\">Unsere Werte<\/h4>\n\n\n\n<p>Authentizit\u00e4t \u2013 Geselligkeit \u2013 Innovation \u2013 N\u00e4he<\/p>\n<\/div>\n\n\t<\/div>\n\n\n\n<div class=\"col-12\">\n\t\t\t\n\n<div class=\"wp-block-group is-style-section has-lightblue-color-2-background-color has-background is-layout-flow wp-block-group-is-layout-flow\" style=\"margin-top:0px;margin-bottom:0px\"><div class=\"wp-bootstrap-blocks-row row is-style-default justify-content-center\">\n\t\n\n<div class=\"col-12 col-md-4\">\n\t\t\t\n\n<figure class=\"wp-block-image size-full\"><img loading=\"lazy\" decoding=\"async\" width=\"2560\" height=\"1707\" src=\"https:\/\/www.vaud.ch\/app\/uploads\/2023\/08\/TerroirVaud_Tour-de-Romandie-Feminin-Jonanthan-Viey-Studio-scaled.jpg\" alt=\"trouver les produits vaudois certifi\u00e9 VAUD CERTIFI\u00c9 D'ICI\" class=\"wp-image-1389\" srcset=\"https:\/\/www.vaud.ch\/app\/uploads\/2023\/08\/TerroirVaud_Tour-de-Romandie-Feminin-Jonanthan-Viey-Studio-scaled.jpg 2560w, https:\/\/www.vaud.ch\/app\/uploads\/2023\/08\/TerroirVaud_Tour-de-Romandie-Feminin-Jonanthan-Viey-Studio-750x500.jpg 750w, https:\/\/www.vaud.ch\/app\/uploads\/2023\/08\/TerroirVaud_Tour-de-Romandie-Feminin-Jonanthan-Viey-Studio-300x200.jpg 300w, https:\/\/www.vaud.ch\/app\/uploads\/2023\/08\/TerroirVaud_Tour-de-Romandie-Feminin-Jonanthan-Viey-Studio-768x512.jpg 768w, https:\/\/www.vaud.ch\/app\/uploads\/2023\/08\/TerroirVaud_Tour-de-Romandie-Feminin-Jonanthan-Viey-Studio-1024x683.jpg 1024w, https:\/\/www.vaud.ch\/app\/uploads\/2023\/08\/TerroirVaud_Tour-de-Romandie-Feminin-Jonanthan-Viey-Studio-1536x1024.jpg 1536w, https:\/\/www.vaud.ch\/app\/uploads\/2023\/08\/TerroirVaud_Tour-de-Romandie-Feminin-Jonanthan-Viey-Studio-2048x1366.jpg 2048w\" sizes=\"auto, (max-width: 2560px) 100vw, 2560px\" \/><figcaption class=\"wp-element-caption\">Jonanthan-Viey-Studio<\/figcaption><\/figure>\n\n\t<\/div>\n\n\n\n<div class=\"col-12 col-md-4 offset-md-1\">\n\t\t\t\n\n<h2 class=\"wp-block-heading has-white-color-color has-text-color\">Weitere Informationen<\/h2>\n\n\n\n<p class=\"has-white-color-color has-text-color\">Besuchen Sie die franz\u00f6sischsprachige Seite, um sich \u00fcber die Vorteile f\u00fcr die Produzenten und den Zertifizierungsprozess zu informieren.<\/p>\n\n\n\n<div class=\"wp-block-buttons is-layout-flex wp-block-buttons-is-layout-flex\">\n<div class=\"wp-block-button is-style-fill\"><a class=\"wp-block-button__link has-green-color-background-color has-background wp-element-button\" href=\"https:\/\/www.vaud.ch\/de\/das-label-vaud-certifie-dici\/\" target=\"_blank\" rel=\"noreferrer noopener\">Mehr dazu<\/a><\/div>\n<\/div>\n\n\t<\/div>\n\n<\/div>\n<\/div>\n\n\t<\/div>\n\n<\/div>\n","protected":false},"excerpt":{"rendered":"","protected":false},"author":7,"featured_media":1484,"parent":0,"menu_order":0,"comment_status":"closed","ping_status":"closed","template":"","meta":{"_acf_changed":false,"footnotes":""},"class_list":["post-2818","page","type-page","status-publish","has-post-thumbnail","hentry"],"acf":[],"aioseo_notices":[],"_links":{"self":[{"href":"https:\/\/www.vaud.ch\/de\/wp-json\/wp\/v2\/pages\/2818","targetHints":{"allow":["GET"]}}],"collection":[{"href":"https:\/\/www.vaud.ch\/de\/wp-json\/wp\/v2\/pages"}],"about":[{"href":"https:\/\/www.vaud.ch\/de\/wp-json\/wp\/v2\/types\/page"}],"author":[{"embeddable":true,"href":"https:\/\/www.vaud.ch\/de\/wp-json\/wp\/v2\/users\/7"}],"replies":[{"embeddable":true,"href":"https:\/\/www.vaud.ch\/de\/wp-json\/wp\/v2\/comments?post=2818"}],"version-history":[{"count":4,"href":"https:\/\/www.vaud.ch\/de\/wp-json\/wp\/v2\/pages\/2818\/revisions"}],"predecessor-version":[{"id":19029,"href":"https:\/\/www.vaud.ch\/de\/wp-json\/wp\/v2\/pages\/2818\/revisions\/19029"}],"wp:featuredmedia":[{"embeddable":true,"href":"https:\/\/www.vaud.ch\/de\/wp-json\/wp\/v2\/media\/1484"}],"wp:attachment":[{"href":"https:\/\/www.vaud.ch\/de\/wp-json\/wp\/v2\/media?parent=2818"}],"curies":[{"name":"wp","href":"https:\/\/api.w.org\/{rel}","templated":true}]}}

Das Label VAUD CERTIFIÉ D&#8217;ICI

<div class="wp-bootstrap-blocks-row row justify-content-center">
	

<div class="col-12 col-md-10 col-xl-7">
			

<p class="is-style-heading-p">Mit diesem Exzellenzlabel garantieren wir den Konsumenten die Nähe, die Vielfalt, die Authentizität und die Rückverfolgbarkeit der Waadtländer Produkte.</p>



<h2 class="wp-block-heading">VAUD CERTIFIÉ D’ICI, eine Garantie für Know-how und Rückverfolgbarkeit</h2>



<figure class="wp-block-image size-full"><img loading="lazy" decoding="async" width="1281" height="1920" src="https://www.vaud.ch/app/uploads/2023/09/IMGP9379.jpg" alt="Photo d'un producteur avec une chèvre" class="wp-image-2956" style="aspect-ratio:4/3;object-fit:cover" srcset="https://www.vaud.ch/app/uploads/2023/09/IMGP9379.jpg 1281w, https://www.vaud.ch/app/uploads/2023/09/IMGP9379-200x300.jpg 200w, https://www.vaud.ch/app/uploads/2023/09/IMGP9379-683x1024.jpg 683w, https://www.vaud.ch/app/uploads/2023/09/IMGP9379-768x1151.jpg 768w, https://www.vaud.ch/app/uploads/2023/09/IMGP9379-1025x1536.jpg 1025w" sizes="auto, (max-width: 1281px) 100vw, 1281px" /><figcaption class="wp-element-caption">Basilic &amp; Co</figcaption></figure>



<p>Es liegt uns am Herzen, unsere zertifizierten Produkte aus dem Waadtland sowie die innovativen Akteure dieser Gemeinschaft zu fördern.</p>



<p>Unsere Mission ist einfach: Wir wollen die Attraktivität des Kantons steigern, seine Talente hervorheben und ihre Exzellenz zertifizieren.</p>



<div class="wp-block-group has-white-color-color has-green-color-background-color has-text-color has-background is-layout-flow wp-block-group-is-layout-flow">
<h4 class="wp-block-heading">Unsere Werte</h4>



<p>Authentizität – Geselligkeit – Innovation – Nähe</p>
</div>

	</div>



<div class="col-12">
			

<div class="wp-block-group is-style-section has-lightblue-color-2-background-color has-background is-layout-flow wp-block-group-is-layout-flow" style="margin-top:0px;margin-bottom:0px"><div class="wp-bootstrap-blocks-row row is-style-default justify-content-center">
	

<div class="col-12 col-md-4">
			

<figure class="wp-block-image size-full"><img loading="lazy" decoding="async" width="2560" height="1707" src="https://www.vaud.ch/app/uploads/2023/08/TerroirVaud_Tour-de-Romandie-Feminin-Jonanthan-Viey-Studio-scaled.jpg" alt="trouver les produits vaudois certifié VAUD CERTIFIÉ D'ICI" class="wp-image-1389" srcset="https://www.vaud.ch/app/uploads/2023/08/TerroirVaud_Tour-de-Romandie-Feminin-Jonanthan-Viey-Studio-scaled.jpg 2560w, https://www.vaud.ch/app/uploads/2023/08/TerroirVaud_Tour-de-Romandie-Feminin-Jonanthan-Viey-Studio-750x500.jpg 750w, https://www.vaud.ch/app/uploads/2023/08/TerroirVaud_Tour-de-Romandie-Feminin-Jonanthan-Viey-Studio-300x200.jpg 300w, https://www.vaud.ch/app/uploads/2023/08/TerroirVaud_Tour-de-Romandie-Feminin-Jonanthan-Viey-Studio-768x512.jpg 768w, https://www.vaud.ch/app/uploads/2023/08/TerroirVaud_Tour-de-Romandie-Feminin-Jonanthan-Viey-Studio-1024x683.jpg 1024w, https://www.vaud.ch/app/uploads/2023/08/TerroirVaud_Tour-de-Romandie-Feminin-Jonanthan-Viey-Studio-1536x1024.jpg 1536w, https://www.vaud.ch/app/uploads/2023/08/TerroirVaud_Tour-de-Romandie-Feminin-Jonanthan-Viey-Studio-2048x1366.jpg 2048w" sizes="auto, (max-width: 2560px) 100vw, 2560px" /><figcaption class="wp-element-caption">Jonanthan-Viey-Studio</figcaption></figure>

	</div>



<div class="col-12 col-md-4 offset-md-1">
			

<h2 class="wp-block-heading has-white-color-color has-text-color">Weitere Informationen</h2>



<p class="has-white-color-color has-text-color">Besuchen Sie die französischsprachige Seite, um sich über die Vorteile für die Produzenten und den Zertifizierungsprozess zu informieren.</p>



<div class="wp-block-buttons is-layout-flex wp-block-buttons-is-layout-flex">
<div class="wp-block-button is-style-fill"><a class="wp-block-button__link has-green-color-background-color has-background wp-element-button" href="https://www.vaud.ch/de/das-label-vaud-certifie-dici/" target="_blank" rel="noreferrer noopener">Mehr dazu</a></div>
</div>

	</div>

</div>
</div>

	</div>

</div>
