{"id":2860,"date":"2023-08-22T10:29:22","date_gmt":"2023-08-22T08:29:22","guid":{"rendered":"https:\/\/www.vaud.ch\/?page_id=2860"},"modified":"2026-04-22T15:12:09","modified_gmt":"2026-04-22T13:12:09","slug":"vaud-ambassadeur","status":"publish","type":"page","link":"https:\/\/www.vaud.ch\/de\/vaud-ambassadeur\/","title":{"rendered":"VAUD AMBASSADEUR"},"content":{"rendered":"<div class=\"wp-bootstrap-blocks-row row justify-content-center\">\n\t\n\n<div class=\"col-12 col-md-10 col-xl-7\">\n\t\t\t\n\n<p class=\"is-style-heading-p\">Entdecken Sie mit VAUD AMBASSDEUR, was unseren Kanton wirklich einzigartig macht. <\/p>\n\n\n\n<h2 class=\"wp-block-heading\">Eine Exzellenz Gemeinschaft<\/h2>\n\n\n\n<figure class=\"wp-block-image size-full\"><img loading=\"lazy\" decoding=\"async\" width=\"1600\" height=\"1084\" src=\"https:\/\/www.vaud.ch\/app\/uploads\/2023\/08\/Nestle_labo_3_MAG.jpg\" alt=\"\" class=\"wp-image-1727\" srcset=\"https:\/\/www.vaud.ch\/app\/uploads\/2023\/08\/Nestle_labo_3_MAG.jpg 1600w, https:\/\/www.vaud.ch\/app\/uploads\/2023\/08\/Nestle_labo_3_MAG-738x500.jpg 738w, https:\/\/www.vaud.ch\/app\/uploads\/2023\/08\/Nestle_labo_3_MAG-300x203.jpg 300w, https:\/\/www.vaud.ch\/app\/uploads\/2023\/08\/Nestle_labo_3_MAG-768x520.jpg 768w, https:\/\/www.vaud.ch\/app\/uploads\/2023\/08\/Nestle_labo_3_MAG-1024x694.jpg 1024w, https:\/\/www.vaud.ch\/app\/uploads\/2023\/08\/Nestle_labo_3_MAG-1536x1041.jpg 1536w\" sizes=\"auto, (max-width: 1600px) 100vw, 1600px\" \/><figcaption class=\"wp-element-caption\">Nestl\u00e9<\/figcaption><\/figure>\n\n\n\n<p>Die 2022 ins Leben gerufene Gemeinschaft VAUD AMBASSADEUR vereint Waadtl\u00e4nder Unternehmen, Produzentinnen und Produzenten, Unternehmerinnen und Unternehmer. Ihr Ziel? Innovative Synergien anregen und eine Dynamik f\u00fcr Begegnungen und Entwicklungsm\u00f6glichkeiten schaffen.<\/p>\n\n\n\n<p>Diese anhand von 23 Kriterien zertifizierten Institutionen verleihen dem Kanton Waadt Ausstrahlung und tragen mit Stolz die Farben der Marke VAUD. Wir teilen gemeinsame Werte, die die Exzellenz des Waadtlands verk\u00f6rpern, und tragen damit zur Identit\u00e4t und zum Ruf des Kantons bei.<\/p>\n\n\n\n<hr class=\"wp-block-separator has-alpha-channel-opacity is-style-default\"\/>\n\n\n\n<h3 class=\"wp-block-heading\">Wer Sind Sie? <\/h3>\n\n\n\n            <a class=\"special-link with-icon internal with-img\" href=\"https:\/\/www.vaud.ch\/de\/unsere-vaud-ambassadeur\/\" target=\"_self\">\n                            <img decoding=\"async\" src=\"https:\/\/www.vaud.ch\/app\/uploads\/2023\/08\/EconomieVaud_UNIL_recherche_FBM_MG_5458-750x500.jpg\" alt=\"Sehen Sie sich die Liste der Institutionen an VAUD AMBASSADEUR\">\n                        <div class=\"special-link-content\">\n                                    <lord-icon src=\"https:\/\/cdn.lordicon.com\/zmkotitn.json\" target=\".special-link\" trigger=\"hover\" colors=\"primary:#199573\" style=\"width:28px;height:28px\"><\/lord-icon>\n                \n                Sehen Sie sich die Liste der Institutionen an VAUD AMBASSADEUR            <\/div>\n        <\/a>\n    \n\n\n<hr class=\"wp-block-separator has-alpha-channel-opacity is-style-default\"\/>\n\n\n\n<h3 class=\"wp-block-heading\">Warum Mitglied werden? <\/h3>\n\n\n\n\t<div class=\"tabs \"  style=\"\">\n\t\t<div class=\"tabs-nav\">\n\t\t\t<ul>\n\t\t\t\t\t\t\t\t\t\t\t\t\t<li class=\"active\" data-tab-nav=\"0\">Weil wir gemeinsam st\u00e4rker sind<\/li>\n\t\t\t\t\t\t\t\t\t\t\t\t\t\t\t\t<li data-tab-nav=\"1\">Was Sind Meine Vorteile?<\/li>\n\t\t\t\t\t\t\t\t\t\t\t\t\t\t\t\t<li data-tab-nav=\"2\">Wie kann man sich zertifizieren lassen ?<\/li>\n\t\t\t\t\t\t\t\t\t\t\t\t\t\t\t\t<\/ul>\n\t\t<\/div>\n\t\t<div class=\"tabs-content\">\n\t\t\t\t\t\t\t\t\t\t\t<div class=\"tab active\" data-tab-content=\"0\">\n\t\t\t\t\t\t<p>Wir lassen Sie an etwas teilhaben, das gr\u00f6sser als Sie selbst ist. Wir bieten Ihnen eine h\u00f6here Sichtbarkeit, dank einem gemeinsamen Label, in dessen Mittelpunkt Respekt, Ethik und Nachhaltigkeit stehen. Damit Sie in einer von Wettbewerb gepr\u00e4gten Welt aus der Masse herausstechen und konkurrenzf\u00e4hig bleiben.<\/p>\n<p><strong>Um zur Attraktivit\u00e4t des Kantons beizutragen<\/strong><\/p>\n<p>Indem wir unsere Talente hervorheben und sie zertifizieren, machen wir die Region attraktiver. Das Label VAUD AMBASSADEUR b\u00fcrgt f\u00fcr Waadtl\u00e4nder Exzellenz. Die Zertifizierung wird durch ein spezialisiertes Unternehmen vorgenommen, das anhand von haupts\u00e4chlich auf Nachhaltigkeitsgrunds\u00e4tzen basierenden Kriterien eine Pr\u00fcfung vornimmt.<\/p>\n\t\t\t\t\t<\/div>\n\t\t\t\t\t\t\t\t\t\t\t\t<div class=\"tab\" data-tab-content=\"1\">\n\t\t\t\t\t\t<p><strong>Eine h\u00f6here Sichtbarkeit:<\/strong><\/p>\n<ul>\n<li>Hervorhebung in unseren verschiedenen Kommunikationskan\u00e4len (soziale Netzwerke, Website, Newsletter f\u00fcr die breite \u00d6ffentlichkeit) und in unseren Kampagnen<\/li>\n<li>Verwenden Sie in Ihrer Kommunikation das Label VAUD AMBASSADEUR, das f\u00fcr Waadtl\u00e4nder Exzellenz b\u00fcrgt<\/li>\n<li>Erhalten Sie M\u00f6glichkeiten f\u00fcr Partnerschaften<\/li>\n<\/ul>\n<p><strong>Informationen teilen:<\/strong><\/p>\n<ul>\n<li>Nehmen Sie an Veranstaltungen teil VAUD AMBASSADEUR<\/li>\n<li>Profitieren Sie von einer Austauschplattform und einem Netzwerk guter Praktiken<\/li>\n<\/ul>\n<p><strong>Anerkanntes nachhaltiges Engagement: <\/strong><\/p>\n<ul>\n<li>F\u00fcr Tourismusunternehmen wird das Label VAUD AMBASSADEUR als Nachweis f\u00fcr <a href=\"https:\/\/www.stv-fst.ch\/nachhaltigkeit\/kompetenzzentrum\/swisstainable\" target=\"_blank\" rel=\"noopener\">Level II-Engaged<\/a> des Nachhaltigkeitsprogramms <a href=\"https:\/\/www.stnet.ch\/de\/swisstainable\/\" target=\"_blank\" rel=\"noopener\">Swisstainable<\/a> anerkannt.<\/li>\n<\/ul>\n\t\t\t\t\t<\/div>\n\t\t\t\t\t\t\t\t\t\t\t\t<div class=\"tab\" data-tab-content=\"2\">\n\t\t\t\t\t\t<p>Wir wollten ein seri\u00f6ses, aber dennoch einfaches Zertifizierungsverfahren. Schreiben Sie uns per <a href=\"mailto:ambassadeurs@vaud-promotion.ch\">E-mail<\/a>.<\/p>\n<p>Nach einem ersten Kontakt m\u00fcssen Sie nur noch die folgenden Punkte umsetzen:<\/p>\n<ul>\n<li>Online-Registrierung der Kontaktdaten Ihres Unternehmens und Erstellung eines Logins f\u00fcr den Zugang zu den Kriterien<\/li>\n<li>\u00dcbersendung einer eidesstattlichen Erkl\u00e4rung, aus der hervorgeht, dass Ihr Unternehmen in keine Rechtsstreitigkeiten verwickelt ist<\/li>\n<li>Validierung des Beginns der Zertifizierung Ihres Unternehmens und Beantwortung einer Selbstevaluation<\/li>\n<li>Beginn des Zertifizierungsverfahrens und Sammeln von Informationen aus Ihrem Unternehmen durch das Unternehmen PME-Durable (unabh\u00e4ngiger Experte)<\/li>\n<li>Validierung (wenn alles gut l\u00e4uft !) Ihrer Zertifizierung und gemeinsames Feiern Ihres Beitritts zu unserem Label.<\/li>\n<li>Treffen und Austausch \u00fcber Ihre Bed\u00fcrfnisse sowie die notwendige Kommunikation, um Ihre Aufnahme in das Netzwerk anzuk\u00fcndigen.<\/li>\n<\/ul>\n\t\t\t\t\t<\/div>\n\t\t\t\t\t\t\t\t\t\t\t\t<\/div>\n\t<\/div>\n\n\n\n\n\n<hr class=\"wp-block-separator has-alpha-channel-opacity\"\/>\n\n\n\n<div class=\"wp-block-group has-white-color-color has-lightblue-color-2-background-color has-text-color has-background has-link-color wp-elements-5ae01559f6500718712689d42e73c565 is-layout-flow wp-block-group-is-layout-flow\">\n<h4 class=\"wp-block-heading has-white-color-color has-text-color has-link-color wp-elements-190bd03b53db71fdce785d044b50d4b9\">Kriterien<\/h4>\n\n\n\n<p>Das Label umfasst 23 Kriterien f\u00fcr die gesellschaftliche Verantwortung von Unternehmen, die in sechs Schwerpunkte unterteilt sind:<\/p>\n\n\n\n<ol class=\"wp-block-list\">\n<li>Lokale Verankerung<\/li>\n\n\n\n<li>Soziale Verantwortung<\/li>\n\n\n\n<li>Positiver Beitrag<\/li>\n\n\n\n<li>Transparenz und kontinuierliche Verbesserung<\/li>\n\n\n\n<li>Ausbildung und Innovation<\/li>\n\n\n\n<li>\u00d6kologische Verantwortung<\/li>\n<\/ol>\n<\/div>\n\n\n\n<div class=\"wp-block-group has-lightblue-color-background-color has-background is-layout-flow wp-block-group-is-layout-flow\">\n<h4 class=\"wp-block-heading\">Bedingungen<\/h4>\n\n\n\n<p>Das Label \u201eVAUD AMBASSADEUR\u201c richtet sich an Unternehmen, die seit mindestens zwei Jahren bestehen. Es wird f\u00fcr eine Dauer von drei Jahren vergeben, nachdem die unabh\u00e4ngige Organisation PME Durable, die auf die Begleitung kleiner und mittlerer Unternehmen spezialisiert ist, ein Audit durchgef\u00fchrt hat. Die Kosten, die nach Abschluss des Audits direkt von PME Durable in Rechnung gestellt werden, sind unabh\u00e4ngig vom Ergebnis des Audits f\u00e4llig. Sie werden einmalig gezahlt und decken die gesamte G\u00fcltigkeitsdauer des Labels ab, also drei Jahre. Der Betrag variiert je nach Unternehmensgr\u00f6\u00dfe.<\/p>\n\n\n\n<p><strong>3 bis 30 VZ\u00c4: <\/strong>1\u202f800 CHF \u2013 2\u202f200 CHF (1 Treffen \u00e0 2 Stunden inbegriffen) <\/p>\n\n\n\n<p><strong>31 bis 500 VZ\u00c4: <\/strong>2\u202f400 CHF \u2013 3\u202f100 CHF* (1 Treffen \u00e0 2 Stunden inbegriffen) <\/p>\n\n\n\n<p><strong>501 VZ\u00c4 oder mehr: <\/strong>4&#8217;000 CHF * (2 Treffen \u00e0 2 Stunden inbegriffen)<\/p>\n\n\n\n<p class=\"is-style-alert-info\">*Wichtiger Hinweis: Diese Betr\u00e4ge sind Sch\u00e4tzungen f\u00fcr nicht zertifizierte Organisationen (ISO 9001 &amp; 14001, Ecoentreprise, B Corp usw.). F\u00fcr bereits zertifizierte Unternehmen fallen die Betr\u00e4ge geringer aus. <br><br>Die Kosten f\u00fcr die Rezertifizierung gehen zu Lasten Ihres Unternehmens und beziehen sich ausschlie\u00dflich auf das Audit, das vom unabh\u00e4ngigen Experten von PME Durable durchgef\u00fchrt wird. Diese Tarife, die sich nach der Gr\u00f6\u00dfe Ihrer Organisation richten (klein: 1&#8217;350 CHF, mittel: 1&#8217;950 CHF, gro\u00df: 2&#8217;350 CHF), sind direkt an den Auditor zu entrichten.<\/p>\n<\/div>\n\n\n\n<div style=\"height:30px\" aria-hidden=\"true\" class=\"wp-block-spacer\"><\/div>\n\n\t<\/div>\n\n<\/div>\n\n\n\n<div class=\"wp-block-group is-style-section has-lightblue-color-2-background-color has-background is-layout-flow wp-block-group-is-layout-flow\" style=\"margin-top:0px;margin-bottom:0px\"><div class=\"wp-bootstrap-blocks-row row is-style-default justify-content-center\">\n\t\n\n<div class=\"col-12 col-md-4\">\n\t\t\t\n\n<figure class=\"wp-block-image size-full\"><img decoding=\"async\" src=\"https:\/\/www.vaud.ch\/app\/uploads\/2023\/08\/EconomieVaud_Solar_Impulse_SecondtestFlight_revillar-scaled-e1692951794325.jpg\" alt=\"\" class=\"wp-image-1485\"\/><figcaption class=\"wp-element-caption\">Solar Impulse | Revillard | Rezo.ch<\/figcaption><\/figure>\n\n\t<\/div>\n\n\n\n<div class=\"col-12 col-md-4 offset-md-1\">\n\t\t\t\n\n<h2 class=\"wp-block-heading has-white-color-color has-text-color\">Mitgleid Werden VAUD AMBASSADEUR<\/h2>\n\n\n\n<p class=\"has-white-color-color has-text-color\">Schreiben Sie uns, wir f\u00fchren Sie gerne durch den Prozess.<\/p>\n\n\n\n<div class=\"wp-block-buttons is-layout-flex wp-block-buttons-is-layout-flex\">\n<div class=\"wp-block-button is-style-fill\"><a class=\"wp-block-button__link has-green-color-background-color has-background wp-element-button\" href=\"mailto:ambassadeurs@vaud-promotion.ch\" target=\"_blank\" rel=\"noreferrer noopener\">Kontakt<\/a><\/div>\n<\/div>\n\n\t<\/div>\n\n<\/div>\n<\/div>\n","protected":false},"excerpt":{"rendered":"","protected":false},"author":7,"featured_media":1646,"parent":0,"menu_order":0,"comment_status":"closed","ping_status":"closed","template":"","meta":{"_acf_changed":false,"footnotes":""},"class_list":["post-2860","page","type-page","status-publish","has-post-thumbnail","hentry"],"acf":[],"aioseo_notices":[],"_links":{"self":[{"href":"https:\/\/www.vaud.ch\/de\/wp-json\/wp\/v2\/pages\/2860","targetHints":{"allow":["GET"]}}],"collection":[{"href":"https:\/\/www.vaud.ch\/de\/wp-json\/wp\/v2\/pages"}],"about":[{"href":"https:\/\/www.vaud.ch\/de\/wp-json\/wp\/v2\/types\/page"}],"author":[{"embeddable":true,"href":"https:\/\/www.vaud.ch\/de\/wp-json\/wp\/v2\/users\/7"}],"replies":[{"embeddable":true,"href":"https:\/\/www.vaud.ch\/de\/wp-json\/wp\/v2\/comments?post=2860"}],"version-history":[{"count":16,"href":"https:\/\/www.vaud.ch\/de\/wp-json\/wp\/v2\/pages\/2860\/revisions"}],"predecessor-version":[{"id":21883,"href":"https:\/\/www.vaud.ch\/de\/wp-json\/wp\/v2\/pages\/2860\/revisions\/21883"}],"wp:featuredmedia":[{"embeddable":true,"href":"https:\/\/www.vaud.ch\/de\/wp-json\/wp\/v2\/media\/1646"}],"wp:attachment":[{"href":"https:\/\/www.vaud.ch\/de\/wp-json\/wp\/v2\/media?parent=2860"}],"curies":[{"name":"wp","href":"https:\/\/api.w.org\/{rel}","templated":true}]}}

<div class="wp-bootstrap-blocks-row row justify-content-center">
	

<div class="col-12 col-md-10 col-xl-7">
			

<p class="is-style-heading-p">Entdecken Sie mit VAUD AMBASSDEUR, was unseren Kanton wirklich einzigartig macht. </p>



<h2 class="wp-block-heading">Eine Exzellenz Gemeinschaft</h2>



<figure class="wp-block-image size-full"><img loading="lazy" decoding="async" width="1600" height="1084" src="https://www.vaud.ch/app/uploads/2023/08/Nestle_labo_3_MAG.jpg" alt="" class="wp-image-1727" srcset="https://www.vaud.ch/app/uploads/2023/08/Nestle_labo_3_MAG.jpg 1600w, https://www.vaud.ch/app/uploads/2023/08/Nestle_labo_3_MAG-738x500.jpg 738w, https://www.vaud.ch/app/uploads/2023/08/Nestle_labo_3_MAG-300x203.jpg 300w, https://www.vaud.ch/app/uploads/2023/08/Nestle_labo_3_MAG-768x520.jpg 768w, https://www.vaud.ch/app/uploads/2023/08/Nestle_labo_3_MAG-1024x694.jpg 1024w, https://www.vaud.ch/app/uploads/2023/08/Nestle_labo_3_MAG-1536x1041.jpg 1536w" sizes="auto, (max-width: 1600px) 100vw, 1600px" /><figcaption class="wp-element-caption">Nestlé</figcaption></figure>



<p>Die 2022 ins Leben gerufene Gemeinschaft VAUD AMBASSADEUR vereint Waadtländer Unternehmen, Produzentinnen und Produzenten, Unternehmerinnen und Unternehmer. Ihr Ziel? Innovative Synergien anregen und eine Dynamik für Begegnungen und Entwicklungsmöglichkeiten schaffen.</p>



<p>Diese anhand von 23 Kriterien zertifizierten Institutionen verleihen dem Kanton Waadt Ausstrahlung und tragen mit Stolz die Farben der Marke VAUD. Wir teilen gemeinsame Werte, die die Exzellenz des Waadtlands verkörpern, und tragen damit zur Identität und zum Ruf des Kantons bei.</p>



<hr class="wp-block-separator has-alpha-channel-opacity is-style-default"/>



<h3 class="wp-block-heading">Wer Sind Sie? </h3>



            <a class="special-link with-icon internal with-img" href="https://www.vaud.ch/de/unsere-vaud-ambassadeur/" target="_self">
                            <img decoding="async" src="https://www.vaud.ch/app/uploads/2023/08/EconomieVaud_UNIL_recherche_FBM_MG_5458-750x500.jpg" alt="Sehen Sie sich die Liste der Institutionen an VAUD AMBASSADEUR">
                        <div class="special-link-content">
                                    <lord-icon src="https://cdn.lordicon.com/zmkotitn.json" target=".special-link" trigger="hover" colors="primary:#199573" style="width:28px;height:28px"></lord-icon>
                
                Sehen Sie sich die Liste der Institutionen an VAUD AMBASSADEUR            </div>
        </a>
    


<hr class="wp-block-separator has-alpha-channel-opacity is-style-default"/>



<h3 class="wp-block-heading">Warum Mitglied werden? </h3>



	<div class="tabs "  style="">
		<div class="tabs-nav">
			<ul>
													<li class="active" data-tab-nav="0">Weil wir gemeinsam stärker sind</li>
																<li data-tab-nav="1">Was Sind Meine Vorteile?</li>
																<li data-tab-nav="2">Wie kann man sich zertifizieren lassen ?</li>
																</ul>
		</div>
		<div class="tabs-content">
											<div class="tab active" data-tab-content="0">
						<p>Wir lassen Sie an etwas teilhaben, das grösser als Sie selbst ist. Wir bieten Ihnen eine höhere Sichtbarkeit, dank einem gemeinsamen Label, in dessen Mittelpunkt Respekt, Ethik und Nachhaltigkeit stehen. Damit Sie in einer von Wettbewerb geprägten Welt aus der Masse herausstechen und konkurrenzfähig bleiben.</p>
<p><strong>Um zur Attraktivität des Kantons beizutragen</strong></p>
<p>Indem wir unsere Talente hervorheben und sie zertifizieren, machen wir die Region attraktiver. Das Label VAUD AMBASSADEUR bürgt für Waadtländer Exzellenz. Die Zertifizierung wird durch ein spezialisiertes Unternehmen vorgenommen, das anhand von hauptsächlich auf Nachhaltigkeitsgrundsätzen basierenden Kriterien eine Prüfung vornimmt.</p>
					</div>
												<div class="tab" data-tab-content="1">
						<p><strong>Eine höhere Sichtbarkeit:</strong></p>
<ul>
<li>Hervorhebung in unseren verschiedenen Kommunikationskanälen (soziale Netzwerke, Website, Newsletter für die breite Öffentlichkeit) und in unseren Kampagnen</li>
<li>Verwenden Sie in Ihrer Kommunikation das Label VAUD AMBASSADEUR, das für Waadtländer Exzellenz bürgt</li>
<li>Erhalten Sie Möglichkeiten für Partnerschaften</li>
</ul>
<p><strong>Informationen teilen:</strong></p>
<ul>
<li>Nehmen Sie an Veranstaltungen teil VAUD AMBASSADEUR</li>
<li>Profitieren Sie von einer Austauschplattform und einem Netzwerk guter Praktiken</li>
</ul>
<p><strong>Anerkanntes nachhaltiges Engagement: </strong></p>
<ul>
<li>Für Tourismusunternehmen wird das Label VAUD AMBASSADEUR als Nachweis für <a href="https://www.stv-fst.ch/nachhaltigkeit/kompetenzzentrum/swisstainable" target="_blank" rel="noopener">Level II-Engaged</a> des Nachhaltigkeitsprogramms <a href="https://www.stnet.ch/de/swisstainable/" target="_blank" rel="noopener">Swisstainable</a> anerkannt.</li>
</ul>
					</div>
												<div class="tab" data-tab-content="2">
						<p>Wir wollten ein seriöses, aber dennoch einfaches Zertifizierungsverfahren. Schreiben Sie uns per <a href="mailto:ambassadeurs@vaud-promotion.ch">E-mail</a>.</p>
<p>Nach einem ersten Kontakt müssen Sie nur noch die folgenden Punkte umsetzen:</p>
<ul>
<li>Online-Registrierung der Kontaktdaten Ihres Unternehmens und Erstellung eines Logins für den Zugang zu den Kriterien</li>
<li>Übersendung einer eidesstattlichen Erklärung, aus der hervorgeht, dass Ihr Unternehmen in keine Rechtsstreitigkeiten verwickelt ist</li>
<li>Validierung des Beginns der Zertifizierung Ihres Unternehmens und Beantwortung einer Selbstevaluation</li>
<li>Beginn des Zertifizierungsverfahrens und Sammeln von Informationen aus Ihrem Unternehmen durch das Unternehmen PME-Durable (unabhängiger Experte)</li>
<li>Validierung (wenn alles gut läuft !) Ihrer Zertifizierung und gemeinsames Feiern Ihres Beitritts zu unserem Label.</li>
<li>Treffen und Austausch über Ihre Bedürfnisse sowie die notwendige Kommunikation, um Ihre Aufnahme in das Netzwerk anzukündigen.</li>
</ul>
					</div>
												</div>
	</div>





<hr class="wp-block-separator has-alpha-channel-opacity"/>



<div class="wp-block-group has-white-color-color has-lightblue-color-2-background-color has-text-color has-background has-link-color wp-elements-5ae01559f6500718712689d42e73c565 is-layout-flow wp-block-group-is-layout-flow">
<h4 class="wp-block-heading has-white-color-color has-text-color has-link-color wp-elements-190bd03b53db71fdce785d044b50d4b9">Kriterien</h4>



<p>Das Label umfasst 23 Kriterien für die gesellschaftliche Verantwortung von Unternehmen, die in sechs Schwerpunkte unterteilt sind:</p>



<ol class="wp-block-list">
<li>Lokale Verankerung</li>



<li>Soziale Verantwortung</li>



<li>Positiver Beitrag</li>



<li>Transparenz und kontinuierliche Verbesserung</li>



<li>Ausbildung und Innovation</li>



<li>Ökologische Verantwortung</li>
</ol>
</div>



<div class="wp-block-group has-lightblue-color-background-color has-background is-layout-flow wp-block-group-is-layout-flow">
<h4 class="wp-block-heading">Bedingungen</h4>



<p>Das Label „VAUD AMBASSADEUR“ richtet sich an Unternehmen, die seit mindestens zwei Jahren bestehen. Es wird für eine Dauer von drei Jahren vergeben, nachdem die unabhängige Organisation PME Durable, die auf die Begleitung kleiner und mittlerer Unternehmen spezialisiert ist, ein Audit durchgeführt hat. Die Kosten, die nach Abschluss des Audits direkt von PME Durable in Rechnung gestellt werden, sind unabhängig vom Ergebnis des Audits fällig. Sie werden einmalig gezahlt und decken die gesamte Gültigkeitsdauer des Labels ab, also drei Jahre. Der Betrag variiert je nach Unternehmensgröße.</p>



<p><strong>3 bis 30 VZÄ: </strong>1 800 CHF – 2 200 CHF (1 Treffen à 2 Stunden inbegriffen) </p>



<p><strong>31 bis 500 VZÄ: </strong>2 400 CHF – 3 100 CHF* (1 Treffen à 2 Stunden inbegriffen) </p>



<p><strong>501 VZÄ oder mehr: </strong>4&#8217;000 CHF * (2 Treffen à 2 Stunden inbegriffen)</p>



<p class="is-style-alert-info">*Wichtiger Hinweis: Diese Beträge sind Schätzungen für nicht zertifizierte Organisationen (ISO 9001 &amp; 14001, Ecoentreprise, B Corp usw.). Für bereits zertifizierte Unternehmen fallen die Beträge geringer aus. <br><br>Die Kosten für die Rezertifizierung gehen zu Lasten Ihres Unternehmens und beziehen sich ausschließlich auf das Audit, das vom unabhängigen Experten von PME Durable durchgeführt wird. Diese Tarife, die sich nach der Größe Ihrer Organisation richten (klein: 1&#8217;350 CHF, mittel: 1&#8217;950 CHF, groß: 2&#8217;350 CHF), sind direkt an den Auditor zu entrichten.</p>
</div>



<div style="height:30px" aria-hidden="true" class="wp-block-spacer"></div>

	</div>

</div>



<div class="wp-block-group is-style-section has-lightblue-color-2-background-color has-background is-layout-flow wp-block-group-is-layout-flow" style="margin-top:0px;margin-bottom:0px"><div class="wp-bootstrap-blocks-row row is-style-default justify-content-center">
	

<div class="col-12 col-md-4">
			

<figure class="wp-block-image size-full"><img decoding="async" src="https://www.vaud.ch/app/uploads/2023/08/EconomieVaud_Solar_Impulse_SecondtestFlight_revillar-scaled-e1692951794325.jpg" alt="" class="wp-image-1485"/><figcaption class="wp-element-caption">Solar Impulse | Revillard | Rezo.ch</figcaption></figure>

	</div>



<div class="col-12 col-md-4 offset-md-1">
			

<h2 class="wp-block-heading has-white-color-color has-text-color">Mitgleid Werden VAUD AMBASSADEUR</h2>



<p class="has-white-color-color has-text-color">Schreiben Sie uns, wir führen Sie gerne durch den Prozess.</p>



<div class="wp-block-buttons is-layout-flex wp-block-buttons-is-layout-flex">
<div class="wp-block-button is-style-fill"><a class="wp-block-button__link has-green-color-background-color has-background wp-element-button" href="mailto:ambassadeurs@vaud-promotion.ch" target="_blank" rel="noreferrer noopener">Kontakt</a></div>
</div>

	</div>

</div>
</div>
