{"id":16504,"date":"2025-11-24T12:12:10","date_gmt":"2025-11-24T11:12:10","guid":{"rendered":"https:\/\/www.vaud.ch\/?page_id=16504"},"modified":"2025-12-08T16:33:00","modified_gmt":"2025-12-08T15:33:00","slug":"culture-and-heritage","status":"publish","type":"page","link":"https:\/\/www.vaud.ch\/en\/tourism\/culture-and-heritage\/","title":{"rendered":"Culture and Heritage"},"content":{"rendered":"\n<div class=\"wp-block-group is-style-section is-layout-constrained wp-block-group-is-layout-constrained\">\n<div class=\"wp-block-columns is-layout-flex wp-container-core-columns-is-layout-9d6595d7 wp-block-columns-is-layout-flex\">\n<div class=\"wp-block-column is-layout-flow wp-block-column-is-layout-flow\">\n<h2 class=\"wp-block-heading has-text-align-left\">The Canton of Vaud, a land of tradition and innovation<\/h2>\n\n\n\n<p>Culture encompasses history, architecture, art, and music. In the Canton of Vaud, all these treasures are within easy reach. All you need to do is open your eyes and ears to make the most of them. Follow the guide.<\/p>\n<\/div>\n\n\n\n<div class=\"wp-block-column is-vertically-aligned-top is-layout-flow wp-block-column-is-layout-flow\">\n<figure class=\"wp-block-video\"><video height=\"1080\" style=\"aspect-ratio: 1920 \/ 1080;\" width=\"1920\" controls src=\"https:\/\/www.vaud.ch\/app\/uploads\/2025\/12\/2024-04_VAUD-Promotion_Final_FR_16x9.mov\"><\/video><\/figure>\n<\/div>\n<\/div>\n<\/div>\n\n\n\n<div style=\"height:20px\" aria-hidden=\"true\" class=\"wp-block-spacer\"><\/div>\n\n\n\n<div class=\"wp-block-columns is-layout-flex wp-container-core-columns-is-layout-9d6595d7 wp-block-columns-is-layout-flex\">\n<div class=\"wp-block-column is-vertically-aligned-top is-layout-flow wp-block-column-is-layout-flow\">\n<h3 class=\"wp-block-heading\">Celebrations and festivals<\/h3>\n\n\n\n<p><strong>Some traditional events such as carnivals or \u201cBrandons\u201d, harvesting festivals, d\u00e9salpes, and more have been held for centuries.<\/strong><\/p>\n\n\n\n<p>More recent but a must: the music festivals attract a faithful public for whom the opening of the box office is already an event in itself.<\/p>\n\n\n\n<p>Apart from these events, there are many opportunities to enjoy a festive atmosphere throughout the year. From cinema and books to local delights and sports gatherings, there is something for everyone&#8217;s taste.<\/p>\n\n\n\n<div class=\"wp-block-buttons is-layout-flex wp-block-buttons-is-layout-flex\">\n<div class=\"wp-block-button\"><a class=\"wp-block-button__link wp-element-button\" href=\"https:\/\/www.vaud.ch\/en\/tourism\/culture-and-heritage\/festivals-in-the-canton-of-vaud\/\">Discover our celebrations and festivals<\/a><\/div>\n<\/div>\n<\/div>\n\n\n\n<div class=\"wp-block-column is-layout-flow wp-block-column-is-layout-flow\">\n<figure class=\"wp-block-image size-full\"><img loading=\"lazy\" decoding=\"async\" width=\"2000\" height=\"1334\" src=\"https:\/\/www.vaud.ch\/app\/uploads\/2024\/03\/festival-images_2000_Mathilda-Olmi.jpeg\" alt=\"festival-images_2000_Mathilda-Olmi\" class=\"wp-image-5740\" style=\"aspect-ratio:16\/9;object-fit:cover\" srcset=\"https:\/\/www.vaud.ch\/app\/uploads\/2024\/03\/festival-images_2000_Mathilda-Olmi.jpeg 2000w, https:\/\/www.vaud.ch\/app\/uploads\/2024\/03\/festival-images_2000_Mathilda-Olmi-750x500.jpeg 750w, https:\/\/www.vaud.ch\/app\/uploads\/2024\/03\/festival-images_2000_Mathilda-Olmi-300x200.jpeg 300w, https:\/\/www.vaud.ch\/app\/uploads\/2024\/03\/festival-images_2000_Mathilda-Olmi-768x512.jpeg 768w, https:\/\/www.vaud.ch\/app\/uploads\/2024\/03\/festival-images_2000_Mathilda-Olmi-1024x683.jpeg 1024w, https:\/\/www.vaud.ch\/app\/uploads\/2024\/03\/festival-images_2000_Mathilda-Olmi-1536x1025.jpeg 1536w\" sizes=\"auto, (max-width: 2000px) 100vw, 2000px\" \/><figcaption class=\"wp-element-caption\">\u00a9Mathilda Olmi<\/figcaption><\/figure>\n<\/div>\n<\/div>\n\n\n\n<div style=\"height:50px\" aria-hidden=\"true\" class=\"wp-block-spacer\"><\/div>\n\n\n\n<div class=\"wp-block-columns is-layout-flex wp-container-core-columns-is-layout-9d6595d7 wp-block-columns-is-layout-flex\">\n<div class=\"wp-block-column is-layout-flow wp-block-column-is-layout-flow\">\n<figure class=\"wp-block-image size-full\"><img loading=\"lazy\" decoding=\"async\" width=\"2560\" height=\"1706\" src=\"https:\/\/www.vaud.ch\/app\/uploads\/2025\/03\/DJI_0189_Chateau_de_Vullierens_photo_Regis_Colombo_2021.jpg-scaled.jpg\" alt=\"\" class=\"wp-image-11101\" style=\"aspect-ratio:16\/9;object-fit:cover\" srcset=\"https:\/\/www.vaud.ch\/app\/uploads\/2025\/03\/DJI_0189_Chateau_de_Vullierens_photo_Regis_Colombo_2021.jpg-scaled.jpg 2560w, https:\/\/www.vaud.ch\/app\/uploads\/2025\/03\/DJI_0189_Chateau_de_Vullierens_photo_Regis_Colombo_2021.jpg-1536x1023.jpg 1536w, https:\/\/www.vaud.ch\/app\/uploads\/2025\/03\/DJI_0189_Chateau_de_Vullierens_photo_Regis_Colombo_2021.jpg-2048x1364.jpg 2048w, https:\/\/www.vaud.ch\/app\/uploads\/2025\/03\/DJI_0189_Chateau_de_Vullierens_photo_Regis_Colombo_2021.jpg-750x500.jpg 750w, https:\/\/www.vaud.ch\/app\/uploads\/2025\/03\/DJI_0189_Chateau_de_Vullierens_photo_Regis_Colombo_2021.jpg-300x200.jpg 300w, https:\/\/www.vaud.ch\/app\/uploads\/2025\/03\/DJI_0189_Chateau_de_Vullierens_photo_Regis_Colombo_2021.jpg-768x512.jpg 768w, https:\/\/www.vaud.ch\/app\/uploads\/2025\/03\/DJI_0189_Chateau_de_Vullierens_photo_Regis_Colombo_2021.jpg-1024x682.jpg 1024w\" sizes=\"auto, (max-width: 2560px) 100vw, 2560px\" \/><figcaption class=\"wp-element-caption\">R\u00e9gis Colombo<\/figcaption><\/figure>\n<\/div>\n\n\n\n<div class=\"wp-block-column is-vertically-aligned-top is-layout-flow wp-block-column-is-layout-flow\">\n<h3 class=\"wp-block-heading\">Castles and museums<\/h3>\n\n\n\n<p><strong>Perfectly integrated into the landscape, Vaudois castles, churches, chalets, and other architectural monuments are witnesses of our rich past.<\/strong><\/p>\n\n\n\n<p>Our heritage is sometimes also found in certain living traditions that are passed down from generation to generation. To immerse yourself in our thrilling history, there is nothing like visiting a museum or meeting artisans who will entertain you with a thousand and one anecdotes.<\/p>\n\n\n\n<div class=\"wp-block-buttons is-layout-flex wp-block-buttons-is-layout-flex\">\n<div class=\"wp-block-button\"><a class=\"wp-block-button__link wp-element-button\" href=\"https:\/\/www.vaud.ch\/en\/tourism\/culture-and-heritage\/castles-and-museums\/\" target=\"_blank\" rel=\"noreferrer noopener\">Discover our castles and museums<\/a><\/div>\n<\/div>\n<\/div>\n<\/div>\n\n\n\n<div style=\"height:50px\" aria-hidden=\"true\" class=\"wp-block-spacer\"><\/div>\n\n\n\n<div class=\"wp-block-columns is-layout-flex wp-container-core-columns-is-layout-9d6595d7 wp-block-columns-is-layout-flex\">\n<div class=\"wp-block-column is-vertically-aligned-top is-layout-flow wp-block-column-is-layout-flow\">\n<h3 class=\"wp-block-heading\">Flowers shows<\/h3>\n\n\n\n<p><strong>The Canton of Vaud honours flowers throughout the year, from early March to the end of October.<\/strong><\/p>\n\n\n\n<p>Around Lake Geneva and in many places in the Canton of Vaud, flower shows offer a colourful spectacle from early March to late October. Gardens, forests and floral arrangements are both artistic and intimately linked to nature &#8211; real soul balm.<\/p>\n\n\n\n<div class=\"wp-block-buttons is-layout-flex wp-block-buttons-is-layout-flex\">\n<div class=\"wp-block-button\"><a class=\"wp-block-button__link wp-element-button\" href=\"https:\/\/www.vaud.ch\/en\/tourism\/culture-and-heritage\/lake-geneva-flowers\/\" target=\"_blank\" rel=\"noreferrer noopener\">Discover the Floralies<\/a><\/div>\n<\/div>\n<\/div>\n\n\n\n<div class=\"wp-block-column is-layout-flow wp-block-column-is-layout-flow\">\n<figure class=\"wp-block-image size-full\"><img loading=\"lazy\" decoding=\"async\" width=\"2560\" height=\"1707\" src=\"https:\/\/www.vaud.ch\/app\/uploads\/2025\/03\/IMG_6494_DxO-1-scaled.jpg\" alt=\"\" class=\"wp-image-10986\" style=\"aspect-ratio:16\/9;object-fit:cover\" srcset=\"https:\/\/www.vaud.ch\/app\/uploads\/2025\/03\/IMG_6494_DxO-1-scaled.jpg 2560w, https:\/\/www.vaud.ch\/app\/uploads\/2025\/03\/IMG_6494_DxO-1-2048x1365.jpg 2048w, https:\/\/www.vaud.ch\/app\/uploads\/2025\/03\/IMG_6494_DxO-1-750x500.jpg 750w, https:\/\/www.vaud.ch\/app\/uploads\/2025\/03\/IMG_6494_DxO-1-300x200.jpg 300w, https:\/\/www.vaud.ch\/app\/uploads\/2025\/03\/IMG_6494_DxO-1-768x512.jpg 768w, https:\/\/www.vaud.ch\/app\/uploads\/2025\/03\/IMG_6494_DxO-1-1024x683.jpg 1024w, https:\/\/www.vaud.ch\/app\/uploads\/2025\/03\/IMG_6494_DxO-1-1536x1024.jpg 1536w\" sizes=\"auto, (max-width: 2560px) 100vw, 2560px\" \/><\/figure>\n<\/div>\n<\/div>\n\n\n\n<div style=\"height:84px\" aria-hidden=\"true\" class=\"wp-block-spacer\"><\/div>\n\n\n\n<div class=\"wp-block-group is-style-section has-white-color-color has-green-color-background-color has-text-color has-background has-link-color wp-elements-70a7d1615faff0357306de26bf4ef6e9 is-layout-flow wp-block-group-is-layout-flow\" style=\"padding-top:var(--wp--preset--spacing--80);padding-bottom:var(--wp--preset--spacing--80)\">\n    <div class=\"post-list-arrows cta-title\">\n                    <h2>D\u00e9couvrez d&#8217;autres id\u00e9es d&#8217;activit\u00e9s dans le canton<\/h2>\n                <div class=\"arrows\">\n            <div class=\" prev-arrow\">\n                <img decoding=\"async\" src=\"https:\/\/www.vaud.ch\/app\/themes\/child\/assets\/images\/system-outline-161-trending-flat.svg\" alt=\"\" class=\"skip-lazy\">\n            <\/div>\n            <div class=\"next-arrow\">\n                <img decoding=\"async\" src=\"https:\/\/www.vaud.ch\/app\/themes\/child\/assets\/images\/system-outline-161-trending-flat.svg\" alt=\"\" class=\"skip-lazy\">\n            <\/div>\n        <\/div>\n\n    <\/div>\n    <div class=\"call-to-action  row  \"  style=\"margin-top:0;margin-bottom:0;\">\n                        <div class=\"col-md-3\">\n                                            <a class=\"cta-item \" href=\"https:\/\/www.vaud.ch\/tourisme\/tous-les-evenements\/\" target=\"_blank\">\n                                                                                    <img data-lazy=\"https:\/\/www.vaud.ch\/app\/uploads\/2023\/08\/MJF_Vaudplus_Ambassadeur.jpg\" alt=\"Agenda et \u00e9v\u00e9nements\" class=\"skip-lazy\">\n                                                        <span class=\"text\">Agenda et \u00e9v\u00e9nements<\/span>\n                            <span class=\"read-more\">Read more<\/span>\n                                                    <\/a>\n                        <\/div>\n                <div class=\"col-md-3\">\n                                            <a class=\"cta-item \" href=\"https:\/\/www.vaud.ch\/fleurs-du-leman\" target=\"_blank\">\n                                                                                    <img data-lazy=\"https:\/\/www.vaud.ch\/app\/uploads\/2025\/03\/Tulipes-Morges-1-750x500.jpg\" alt=\"Le Canton de Vaud en fleurs\" class=\"skip-lazy\">\n                                                        <span class=\"text\">Le Canton de Vaud en fleurs<\/span>\n                            <span class=\"read-more\">Read more<\/span>\n                                                    <\/a>\n                        <\/div>\n                <div class=\"col-md-3\">\n                                            <a class=\"cta-item \" href=\"https:\/\/www.vaud.ch\/vivre\/sport\/gravel-canton-vaud\/\" target=\"_blank\">\n                                                                                    <img data-lazy=\"https:\/\/www.vaud.ch\/app\/uploads\/2025\/04\/IMG_6317-333x500.jpg\" alt=\"Le Gravel dans le Canton de Vaud\" class=\"skip-lazy\">\n                                                        <span class=\"text\">Le Gravel dans le Canton de Vaud<\/span>\n                            <span class=\"read-more\">Read more<\/span>\n                                                    <\/a>\n                        <\/div>\n<\/div>\n\n<\/div>\n","protected":false},"excerpt":{"rendered":"<p>The Canton of Vaud, a land of tradition and innovation Culture encompasses history, architecture, art, and music. In the Canton of Vaud, all these treasures are within easy reach. All you need to do is open your eyes and ears to make the most of them. Follow the guide. Celebrations and festivals Some traditional events [&hellip;]<\/p>\n","protected":false},"author":17,"featured_media":7541,"parent":2869,"menu_order":0,"comment_status":"closed","ping_status":"closed","template":"","meta":{"_acf_changed":false,"footnotes":""},"class_list":["post-16504","page","type-page","status-publish","has-post-thumbnail","hentry"],"acf":[],"aioseo_notices":[],"_links":{"self":[{"href":"https:\/\/www.vaud.ch\/en\/wp-json\/wp\/v2\/pages\/16504","targetHints":{"allow":["GET"]}}],"collection":[{"href":"https:\/\/www.vaud.ch\/en\/wp-json\/wp\/v2\/pages"}],"about":[{"href":"https:\/\/www.vaud.ch\/en\/wp-json\/wp\/v2\/types\/page"}],"author":[{"embeddable":true,"href":"https:\/\/www.vaud.ch\/en\/wp-json\/wp\/v2\/users\/17"}],"replies":[{"embeddable":true,"href":"https:\/\/www.vaud.ch\/en\/wp-json\/wp\/v2\/comments?post=16504"}],"version-history":[{"count":10,"href":"https:\/\/www.vaud.ch\/en\/wp-json\/wp\/v2\/pages\/16504\/revisions"}],"predecessor-version":[{"id":19562,"href":"https:\/\/www.vaud.ch\/en\/wp-json\/wp\/v2\/pages\/16504\/revisions\/19562"}],"up":[{"embeddable":true,"href":"https:\/\/www.vaud.ch\/en\/wp-json\/wp\/v2\/pages\/2869"}],"wp:featuredmedia":[{"embeddable":true,"href":"https:\/\/www.vaud.ch\/en\/wp-json\/wp\/v2\/media\/7541"}],"wp:attachment":[{"href":"https:\/\/www.vaud.ch\/en\/wp-json\/wp\/v2\/media?parent=16504"}],"curies":[{"name":"wp","href":"https:\/\/api.w.org\/{rel}","templated":true}]}}

<div class="wp-block-group is-style-section is-layout-constrained wp-block-group-is-layout-constrained">
<div class="wp-block-columns is-layout-flex wp-container-core-columns-is-layout-9d6595d7 wp-block-columns-is-layout-flex">
<div class="wp-block-column is-layout-flow wp-block-column-is-layout-flow">
<h2 class="wp-block-heading has-text-align-left">The Canton of Vaud, a land of tradition and innovation</h2>



<p>Culture encompasses history, architecture, art, and music. In the Canton of Vaud, all these treasures are within easy reach. All you need to do is open your eyes and ears to make the most of them. Follow the guide.</p>
</div>



<div class="wp-block-column is-vertically-aligned-top is-layout-flow wp-block-column-is-layout-flow">
<figure class="wp-block-video"><video height="1080" style="aspect-ratio: 1920 / 1080;" width="1920" controls src="https://www.vaud.ch/app/uploads/2025/12/2024-04_VAUD-Promotion_Final_FR_16x9.mov"></video></figure>
</div>
</div>
</div>



<div style="height:20px" aria-hidden="true" class="wp-block-spacer"></div>



<div class="wp-block-columns is-layout-flex wp-container-core-columns-is-layout-9d6595d7 wp-block-columns-is-layout-flex">
<div class="wp-block-column is-vertically-aligned-top is-layout-flow wp-block-column-is-layout-flow">
<h3 class="wp-block-heading">Celebrations and festivals</h3>



<p><strong>Some traditional events such as carnivals or “Brandons”, harvesting festivals, désalpes, and more have been held for centuries.</strong></p>



<p>More recent but a must: the music festivals attract a faithful public for whom the opening of the box office is already an event in itself.</p>



<p>Apart from these events, there are many opportunities to enjoy a festive atmosphere throughout the year. From cinema and books to local delights and sports gatherings, there is something for everyone&#8217;s taste.</p>



<div class="wp-block-buttons is-layout-flex wp-block-buttons-is-layout-flex">
<div class="wp-block-button"><a class="wp-block-button__link wp-element-button" href="https://www.vaud.ch/en/tourism/culture-and-heritage/festivals-in-the-canton-of-vaud/">Discover our celebrations and festivals</a></div>
</div>
</div>



<div class="wp-block-column is-layout-flow wp-block-column-is-layout-flow">
<figure class="wp-block-image size-full"><img loading="lazy" decoding="async" width="2000" height="1334" src="https://www.vaud.ch/app/uploads/2024/03/festival-images_2000_Mathilda-Olmi.jpeg" alt="festival-images_2000_Mathilda-Olmi" class="wp-image-5740" style="aspect-ratio:16/9;object-fit:cover" srcset="https://www.vaud.ch/app/uploads/2024/03/festival-images_2000_Mathilda-Olmi.jpeg 2000w, https://www.vaud.ch/app/uploads/2024/03/festival-images_2000_Mathilda-Olmi-750x500.jpeg 750w, https://www.vaud.ch/app/uploads/2024/03/festival-images_2000_Mathilda-Olmi-300x200.jpeg 300w, https://www.vaud.ch/app/uploads/2024/03/festival-images_2000_Mathilda-Olmi-768x512.jpeg 768w, https://www.vaud.ch/app/uploads/2024/03/festival-images_2000_Mathilda-Olmi-1024x683.jpeg 1024w, https://www.vaud.ch/app/uploads/2024/03/festival-images_2000_Mathilda-Olmi-1536x1025.jpeg 1536w" sizes="auto, (max-width: 2000px) 100vw, 2000px" /><figcaption class="wp-element-caption">©Mathilda Olmi</figcaption></figure>
</div>
</div>



<div style="height:50px" aria-hidden="true" class="wp-block-spacer"></div>



<div class="wp-block-columns is-layout-flex wp-container-core-columns-is-layout-9d6595d7 wp-block-columns-is-layout-flex">
<div class="wp-block-column is-layout-flow wp-block-column-is-layout-flow">
<figure class="wp-block-image size-full"><img loading="lazy" decoding="async" width="2560" height="1706" src="https://www.vaud.ch/app/uploads/2025/03/DJI_0189_Chateau_de_Vullierens_photo_Regis_Colombo_2021.jpg-scaled.jpg" alt="" class="wp-image-11101" style="aspect-ratio:16/9;object-fit:cover" srcset="https://www.vaud.ch/app/uploads/2025/03/DJI_0189_Chateau_de_Vullierens_photo_Regis_Colombo_2021.jpg-scaled.jpg 2560w, https://www.vaud.ch/app/uploads/2025/03/DJI_0189_Chateau_de_Vullierens_photo_Regis_Colombo_2021.jpg-1536x1023.jpg 1536w, https://www.vaud.ch/app/uploads/2025/03/DJI_0189_Chateau_de_Vullierens_photo_Regis_Colombo_2021.jpg-2048x1364.jpg 2048w, https://www.vaud.ch/app/uploads/2025/03/DJI_0189_Chateau_de_Vullierens_photo_Regis_Colombo_2021.jpg-750x500.jpg 750w, https://www.vaud.ch/app/uploads/2025/03/DJI_0189_Chateau_de_Vullierens_photo_Regis_Colombo_2021.jpg-300x200.jpg 300w, https://www.vaud.ch/app/uploads/2025/03/DJI_0189_Chateau_de_Vullierens_photo_Regis_Colombo_2021.jpg-768x512.jpg 768w, https://www.vaud.ch/app/uploads/2025/03/DJI_0189_Chateau_de_Vullierens_photo_Regis_Colombo_2021.jpg-1024x682.jpg 1024w" sizes="auto, (max-width: 2560px) 100vw, 2560px" /><figcaption class="wp-element-caption">Régis Colombo</figcaption></figure>
</div>



<div class="wp-block-column is-vertically-aligned-top is-layout-flow wp-block-column-is-layout-flow">
<h3 class="wp-block-heading">Castles and museums</h3>



<p><strong>Perfectly integrated into the landscape, Vaudois castles, churches, chalets, and other architectural monuments are witnesses of our rich past.</strong></p>



<p>Our heritage is sometimes also found in certain living traditions that are passed down from generation to generation. To immerse yourself in our thrilling history, there is nothing like visiting a museum or meeting artisans who will entertain you with a thousand and one anecdotes.</p>



<div class="wp-block-buttons is-layout-flex wp-block-buttons-is-layout-flex">
<div class="wp-block-button"><a class="wp-block-button__link wp-element-button" href="https://www.vaud.ch/en/tourism/culture-and-heritage/castles-and-museums/" target="_blank" rel="noreferrer noopener">Discover our castles and museums</a></div>
</div>
</div>
</div>



<div style="height:50px" aria-hidden="true" class="wp-block-spacer"></div>



<div class="wp-block-columns is-layout-flex wp-container-core-columns-is-layout-9d6595d7 wp-block-columns-is-layout-flex">
<div class="wp-block-column is-vertically-aligned-top is-layout-flow wp-block-column-is-layout-flow">
<h3 class="wp-block-heading">Flowers shows</h3>



<p><strong>The Canton of Vaud honours flowers throughout the year, from early March to the end of October.</strong></p>



<p>Around Lake Geneva and in many places in the Canton of Vaud, flower shows offer a colourful spectacle from early March to late October. Gardens, forests and floral arrangements are both artistic and intimately linked to nature &#8211; real soul balm.</p>



<div class="wp-block-buttons is-layout-flex wp-block-buttons-is-layout-flex">
<div class="wp-block-button"><a class="wp-block-button__link wp-element-button" href="https://www.vaud.ch/en/tourism/culture-and-heritage/lake-geneva-flowers/" target="_blank" rel="noreferrer noopener">Discover the Floralies</a></div>
</div>
</div>



<div class="wp-block-column is-layout-flow wp-block-column-is-layout-flow">
<figure class="wp-block-image size-full"><img loading="lazy" decoding="async" width="2560" height="1707" src="https://www.vaud.ch/app/uploads/2025/03/IMG_6494_DxO-1-scaled.jpg" alt="" class="wp-image-10986" style="aspect-ratio:16/9;object-fit:cover" srcset="https://www.vaud.ch/app/uploads/2025/03/IMG_6494_DxO-1-scaled.jpg 2560w, https://www.vaud.ch/app/uploads/2025/03/IMG_6494_DxO-1-2048x1365.jpg 2048w, https://www.vaud.ch/app/uploads/2025/03/IMG_6494_DxO-1-750x500.jpg 750w, https://www.vaud.ch/app/uploads/2025/03/IMG_6494_DxO-1-300x200.jpg 300w, https://www.vaud.ch/app/uploads/2025/03/IMG_6494_DxO-1-768x512.jpg 768w, https://www.vaud.ch/app/uploads/2025/03/IMG_6494_DxO-1-1024x683.jpg 1024w, https://www.vaud.ch/app/uploads/2025/03/IMG_6494_DxO-1-1536x1024.jpg 1536w" sizes="auto, (max-width: 2560px) 100vw, 2560px" /></figure>
</div>
</div>



<div style="height:84px" aria-hidden="true" class="wp-block-spacer"></div>



<div class="wp-block-group is-style-section has-white-color-color has-green-color-background-color has-text-color has-background has-link-color wp-elements-70a7d1615faff0357306de26bf4ef6e9 is-layout-flow wp-block-group-is-layout-flow" style="padding-top:var(--wp--preset--spacing--80);padding-bottom:var(--wp--preset--spacing--80)">
    <div class="post-list-arrows cta-title">
                    <h2>Découvrez d&#8217;autres idées d&#8217;activités dans le canton</h2>
                <div class="arrows">
            <div class=" prev-arrow">
                <img decoding="async" src="https://www.vaud.ch/app/themes/child/assets/images/system-outline-161-trending-flat.svg" alt="" class="skip-lazy">
            </div>
            <div class="next-arrow">
                <img decoding="async" src="https://www.vaud.ch/app/themes/child/assets/images/system-outline-161-trending-flat.svg" alt="" class="skip-lazy">
            </div>
        </div>

    </div>
    <div class="call-to-action  row  "  style="margin-top:0;margin-bottom:0;">
                        <div class="col-md-3">
                                            <a class="cta-item " href="https://www.vaud.ch/tourisme/tous-les-evenements/" target="_blank">
                                                                                    <img data-lazy="https://www.vaud.ch/app/uploads/2023/08/MJF_Vaudplus_Ambassadeur.jpg" alt="Agenda et événements" class="skip-lazy">
                                                        <span class="text">Agenda et événements</span>
                            <span class="read-more">Read more</span>
                                                    </a>
                        </div>
                <div class="col-md-3">
                                            <a class="cta-item " href="https://www.vaud.ch/fleurs-du-leman" target="_blank">
                                                                                    <img data-lazy="https://www.vaud.ch/app/uploads/2025/03/Tulipes-Morges-1-750x500.jpg" alt="Le Canton de Vaud en fleurs" class="skip-lazy">
                                                        <span class="text">Le Canton de Vaud en fleurs</span>
                            <span class="read-more">Read more</span>
                                                    </a>
                        </div>
                <div class="col-md-3">
                                            <a class="cta-item " href="https://www.vaud.ch/vivre/sport/gravel-canton-vaud/" target="_blank">
                                                                                    <img data-lazy="https://www.vaud.ch/app/uploads/2025/04/IMG_6317-333x500.jpg" alt="Le Gravel dans le Canton de Vaud" class="skip-lazy">
                                                        <span class="text">Le Gravel dans le Canton de Vaud</span>
                            <span class="read-more">Read more</span>
                                                    </a>
                        </div>
</div>

</div>
