{"id":2678,"date":"2023-08-22T10:27:05","date_gmt":"2023-08-22T08:27:05","guid":{"rendered":"https:\/\/www.vaud.ch\/?page_id=2678"},"modified":"2023-09-08T11:52:38","modified_gmt":"2023-09-08T09:52:38","slug":"sustainability","status":"publish","type":"page","link":"https:\/\/www.vaud.ch\/en\/sustainability\/","title":{"rendered":"Sustainability"},"content":{"rendered":"<div class=\"wp-bootstrap-blocks-row row justify-content-center\">\n\t\n\n<div class=\"col-12 col-md-10 col-xl-7\">\n\t\t\t\n\n<p class=\"is-style-heading-p\">Sustainability is at the heart of the promotion strategy of the canton of Vaud. Featuring lakes, mountains, cities and countryside, the canton boasts many assets that tourism professionals are keen to preserve in order to continue shining a light on their heritage both in Switzerland and abroad. <\/p>\n\n\n\n<h2 class=\"wp-block-heading\">VAUD is committed to sustainability<\/h2>\n\n\n\n<figure class=\"wp-block-image size-full\"><img loading=\"lazy\" decoding=\"async\" width=\"1600\" height=\"1066\" src=\"https:\/\/www.vaud.ch\/app\/uploads\/2023\/08\/Bretaye-Lac-des-Chavonnes-c-Sebastian-Trevissick-2.jpg\" alt=\"Lac des Chavonnes a Bretaye\" class=\"wp-image-1685\" srcset=\"https:\/\/www.vaud.ch\/app\/uploads\/2023\/08\/Bretaye-Lac-des-Chavonnes-c-Sebastian-Trevissick-2.jpg 1600w, https:\/\/www.vaud.ch\/app\/uploads\/2023\/08\/Bretaye-Lac-des-Chavonnes-c-Sebastian-Trevissick-2-750x500.jpg 750w, https:\/\/www.vaud.ch\/app\/uploads\/2023\/08\/Bretaye-Lac-des-Chavonnes-c-Sebastian-Trevissick-2-300x200.jpg 300w, https:\/\/www.vaud.ch\/app\/uploads\/2023\/08\/Bretaye-Lac-des-Chavonnes-c-Sebastian-Trevissick-2-768x512.jpg 768w, https:\/\/www.vaud.ch\/app\/uploads\/2023\/08\/Bretaye-Lac-des-Chavonnes-c-Sebastian-Trevissick-2-1024x682.jpg 1024w, https:\/\/www.vaud.ch\/app\/uploads\/2023\/08\/Bretaye-Lac-des-Chavonnes-c-Sebastian-Trevissick-2-1536x1023.jpg 1536w\" sizes=\"auto, (max-width: 1600px) 100vw, 1600px\" \/><figcaption class=\"wp-element-caption\">Sebastian Trevissick<\/figcaption><\/figure>\n\n\n\n<h3 class=\"wp-block-heading\">A strategy and sustainable tourism<\/h3>\n\n\n\n<p>Convinced of the need for a collective commitment to sustainable development, Vaud Promotion &#8211; the promotion body of the canton of Vaud &#8211; has embarked on this path.<\/p>\n\n\n\n<p>In 2009, we signed the <a href=\"https:\/\/www.vaud.ch\/app\/uploads\/2023\/09\/Charte_tourisme-durable.pdf\" target=\"_blank\" rel=\"noopener\" title=\"Sustainable Development Charter of Swiss Tourism\">Sustainable Development Charter of Swiss Tourism<\/a>. This commitment has been strengthened over time, particularly with the implementation \u2013 as early as 2022 \u2013 of the new multisectoral strategy. Our goal is to promote the many facets of the canton as well as its sustainable efforts. In addition, we actively participate in the deployment of the <a href=\"https:\/\/www.stnet.ch\/fr\/swisstainable\/\" target=\"_blank\" rel=\"noopener\" title=\"Swisstainable programme\">Swisstainable programme<\/a> in Vaud. As such, Vaud Promotion has been EcoEntreprise certified since 2012 and has the \u201cLevel III \u2013 Leading\u201d of the Swisstainable programme.&nbsp;&nbsp;<\/p>\n\n\n\n<p>The issues of economic, societal and environmental sustainability are at the core of obtaining our two labels that promote excellence in Vaud: <a href=\"https:\/\/www.vaud.ch\/en\/vaud-certifie-dici\/\" title=\"VAUD CERTIFI\u00c9 D'ICI\">VAUD CERTIFI\u00c9 D&#8217;ICI<\/a> and <a href=\"https:\/\/www.vaud.ch\/en\/vaud-ambassadeur\/\" target=\"_blank\" rel=\"noopener\" title=\"VAUD AMBASSADEUR\">VAUD AMBASSADEUR<\/a>.<\/p>\n\n\n\n<figure class=\"wp-block-image size-full\"><img loading=\"lazy\" decoding=\"async\" width=\"1600\" height=\"1067\" src=\"https:\/\/www.vaud.ch\/app\/uploads\/2023\/08\/campagne-ferme_Switzerland-Tourism-Lorenz-Richard.jpg\" alt=\"La durabilit\u00e9 dans le Canton de Vaud, une priorit\u00e9\" class=\"wp-image-1595\" srcset=\"https:\/\/www.vaud.ch\/app\/uploads\/2023\/08\/campagne-ferme_Switzerland-Tourism-Lorenz-Richard.jpg 1600w, https:\/\/www.vaud.ch\/app\/uploads\/2023\/08\/campagne-ferme_Switzerland-Tourism-Lorenz-Richard-750x500.jpg 750w, https:\/\/www.vaud.ch\/app\/uploads\/2023\/08\/campagne-ferme_Switzerland-Tourism-Lorenz-Richard-300x200.jpg 300w, https:\/\/www.vaud.ch\/app\/uploads\/2023\/08\/campagne-ferme_Switzerland-Tourism-Lorenz-Richard-768x512.jpg 768w, https:\/\/www.vaud.ch\/app\/uploads\/2023\/08\/campagne-ferme_Switzerland-Tourism-Lorenz-Richard-1024x683.jpg 1024w, https:\/\/www.vaud.ch\/app\/uploads\/2023\/08\/campagne-ferme_Switzerland-Tourism-Lorenz-Richard-1536x1024.jpg 1536w\" sizes=\"auto, (max-width: 1600px) 100vw, 1600px\" \/><figcaption class=\"wp-element-caption\">Switzerland Tourism\/Lorenz Richard<\/figcaption><\/figure>\n\n\n\n<h4 class=\"wp-block-heading\">A few examples of our actions at Vaud Promotion<\/h4>\n\n\n\n<ul class=\"editor-list wp-block-list\">\n<li><a href=\"https:\/\/www.vaud.ch\/actualites\/du-tour-de-france-aux-epaules-denfants-en-difficulte\/\" target=\"_blank\" rel=\"noopener\" title=\"Le recyclage de l\u2019illustration g\u00e9ante cr\u00e9\u00e9e pour le Tour de France 2022 en sacs de gym \"><\/a><a href=\"https:\/\/vaud-promotion.ch\/2023\/06\/du-tour-de-france-aux-epaules-denfants-en-difficulte-une-2e-etape-qui-vaud-encore-plus-le-detour\/\">Recycling the giant illustration created for the 2022 Tour de France into gym bags<\/a><\/li>\n\n\n\n<li>Showcasing VAUD CERTIFIED FROM HERE products at events<\/li>\n\n\n\n<li>Collaboration with the <a href=\"https:\/\/www.summit-foundation.org\/\">Summit Foundation<\/a> to fight against waste<\/li>\n\n\n\n<li><a href=\"https:\/\/www.myvaud.ch\/en\/Z14224\/vaudois-tourism-accessible-to-all\" target=\"_blank\" rel=\"noopener\" title=\"Promoting offers\">Promoting offers<\/a> that are accessible to people with disabilities<\/li>\n\n\n\n<li><a href=\"https:\/\/www.lausanne-montreux-congress.ch\/fr\/developpement-durable\/\">Support for the deployment of the Lausanne-Montreux region&#8217;s sustainability strategy<\/a><\/li>\n<\/ul>\n\n\n\n<h4 class=\"wp-block-heading\">Our partners<\/h4>\n\n\n\n<ul class=\"editor-list wp-block-list\">\n<li><a href=\"https:\/\/www.innovationsgenerator.ch\/accueil.html\">Generator of innovation<\/a><\/li>\n\n\n\n<li><a href=\"https:\/\/www.resilienttourism.ch\/fr\">Resilient tourism<\/a><\/li>\n\n\n\n<li><a href=\"https:\/\/www.summit-foundation.org\/?lang=en\">Summit Foundation<\/a><\/li>\n\n\n\n<li><a href=\"https:\/\/www.proinfirmis.ch\/fr\/index.html\">Pro Infirmis<\/a><\/li>\n\n\n\n<li><a href=\"https:\/\/www.claireundgeorge.ch\/fr\/vacances-et-voyages-sans-barrieres-en-suisse\">Claire &amp; George<\/a><\/li>\n<\/ul>\n\n\n\n<div class=\"wp-block-group has-white-color-color has-blue-color-background-color has-text-color has-background is-layout-flow wp-block-group-is-layout-flow\">\n<h4 class=\"wp-block-heading\">What is sustainable tourism?<\/h4>\n\n\n\n<p>The World Tourism Organization (WTO) defines as sustainable \u201ctourism that takes full account of its current and future economic, social, and environmental impacts, addressing the needs of visitors, the industry, the environment, and host communities\u201d.&nbsp;<\/p>\n<\/div>\n\n\t<\/div>\n\n<\/div>\n\n\n<div class=\"wp-bootstrap-blocks-row row\">\n\t\n\n<div class=\"col-12 col-md-6\">\n\t\t\t\n\n            <a class=\"special-link with-icon internal with-img\" href=\"https:\/\/www.vaud.ch\/une-priorite-regionale-et-nationale\/\" target=\"_self\">\n                            <img decoding=\"async\" src=\"https:\/\/www.vaud.ch\/app\/uploads\/2023\/08\/Matthias-Lehmann-2017-8-750x500.jpg\" alt=\"A priority at regional and national level (French page)\">\n                        <div class=\"special-link-content\">\n                                    <lord-icon src=\"https:\/\/cdn.lordicon.com\/zmkotitn.json\" target=\".special-link\" trigger=\"hover\" colors=\"primary:#199573\" style=\"width:28px;height:28px\"><\/lord-icon>\n                \n                A priority at regional and national level (French page)            <\/div>\n        <\/a>\n    \n\t<\/div>\n\n\n\n<div class=\"col-12 col-md-6\">\n\t\t\t\n\n            <a class=\"special-link with-icon internal with-img\" href=\"https:\/\/www.vaud.ch\/label-swisstainable\/\" target=\"_self\">\n                            <img decoding=\"async\" src=\"https:\/\/www.vaud.ch\/app\/uploads\/2023\/08\/VivreVaud_ST_3x2_Chateau-dOex-hot-air-balloon-flight_75366-750x500.jpg\" alt=\"Swisstainable label (French page)\">\n                        <div class=\"special-link-content\">\n                                    <lord-icon src=\"https:\/\/cdn.lordicon.com\/zmkotitn.json\" target=\".special-link\" trigger=\"hover\" colors=\"primary:#199573\" style=\"width:28px;height:28px\"><\/lord-icon>\n                \n                Swisstainable label (French page)            <\/div>\n        <\/a>\n    \n\t<\/div>\n\n<\/div>\n","protected":false},"excerpt":{"rendered":"","protected":false},"author":8,"featured_media":1477,"parent":0,"menu_order":0,"comment_status":"closed","ping_status":"closed","template":"","meta":{"_acf_changed":false,"footnotes":""},"class_list":["post-2678","page","type-page","status-publish","has-post-thumbnail","hentry"],"acf":[],"aioseo_notices":[],"_links":{"self":[{"href":"https:\/\/www.vaud.ch\/en\/wp-json\/wp\/v2\/pages\/2678","targetHints":{"allow":["GET"]}}],"collection":[{"href":"https:\/\/www.vaud.ch\/en\/wp-json\/wp\/v2\/pages"}],"about":[{"href":"https:\/\/www.vaud.ch\/en\/wp-json\/wp\/v2\/types\/page"}],"author":[{"embeddable":true,"href":"https:\/\/www.vaud.ch\/en\/wp-json\/wp\/v2\/users\/8"}],"replies":[{"embeddable":true,"href":"https:\/\/www.vaud.ch\/en\/wp-json\/wp\/v2\/comments?post=2678"}],"version-history":[{"count":4,"href":"https:\/\/www.vaud.ch\/en\/wp-json\/wp\/v2\/pages\/2678\/revisions"}],"predecessor-version":[{"id":3252,"href":"https:\/\/www.vaud.ch\/en\/wp-json\/wp\/v2\/pages\/2678\/revisions\/3252"}],"wp:featuredmedia":[{"embeddable":true,"href":"https:\/\/www.vaud.ch\/en\/wp-json\/wp\/v2\/media\/1477"}],"wp:attachment":[{"href":"https:\/\/www.vaud.ch\/en\/wp-json\/wp\/v2\/media?parent=2678"}],"curies":[{"name":"wp","href":"https:\/\/api.w.org\/{rel}","templated":true}]}}

<div class="wp-bootstrap-blocks-row row justify-content-center">
	

<div class="col-12 col-md-10 col-xl-7">
			

<p class="is-style-heading-p">Sustainability is at the heart of the promotion strategy of the canton of Vaud. Featuring lakes, mountains, cities and countryside, the canton boasts many assets that tourism professionals are keen to preserve in order to continue shining a light on their heritage both in Switzerland and abroad. </p>



<h2 class="wp-block-heading">VAUD is committed to sustainability</h2>



<figure class="wp-block-image size-full"><img loading="lazy" decoding="async" width="1600" height="1066" src="https://www.vaud.ch/app/uploads/2023/08/Bretaye-Lac-des-Chavonnes-c-Sebastian-Trevissick-2.jpg" alt="Lac des Chavonnes a Bretaye" class="wp-image-1685" srcset="https://www.vaud.ch/app/uploads/2023/08/Bretaye-Lac-des-Chavonnes-c-Sebastian-Trevissick-2.jpg 1600w, https://www.vaud.ch/app/uploads/2023/08/Bretaye-Lac-des-Chavonnes-c-Sebastian-Trevissick-2-750x500.jpg 750w, https://www.vaud.ch/app/uploads/2023/08/Bretaye-Lac-des-Chavonnes-c-Sebastian-Trevissick-2-300x200.jpg 300w, https://www.vaud.ch/app/uploads/2023/08/Bretaye-Lac-des-Chavonnes-c-Sebastian-Trevissick-2-768x512.jpg 768w, https://www.vaud.ch/app/uploads/2023/08/Bretaye-Lac-des-Chavonnes-c-Sebastian-Trevissick-2-1024x682.jpg 1024w, https://www.vaud.ch/app/uploads/2023/08/Bretaye-Lac-des-Chavonnes-c-Sebastian-Trevissick-2-1536x1023.jpg 1536w" sizes="auto, (max-width: 1600px) 100vw, 1600px" /><figcaption class="wp-element-caption">Sebastian Trevissick</figcaption></figure>



<h3 class="wp-block-heading">A strategy and sustainable tourism</h3>



<p>Convinced of the need for a collective commitment to sustainable development, Vaud Promotion &#8211; the promotion body of the canton of Vaud &#8211; has embarked on this path.</p>



<p>In 2009, we signed the <a href="https://www.vaud.ch/app/uploads/2023/09/Charte_tourisme-durable.pdf" target="_blank" rel="noopener" title="Sustainable Development Charter of Swiss Tourism">Sustainable Development Charter of Swiss Tourism</a>. This commitment has been strengthened over time, particularly with the implementation – as early as 2022 – of the new multisectoral strategy. Our goal is to promote the many facets of the canton as well as its sustainable efforts. In addition, we actively participate in the deployment of the <a href="https://www.stnet.ch/fr/swisstainable/" target="_blank" rel="noopener" title="Swisstainable programme">Swisstainable programme</a> in Vaud. As such, Vaud Promotion has been EcoEntreprise certified since 2012 and has the “Level III – Leading” of the Swisstainable programme.&nbsp;&nbsp;</p>



<p>The issues of economic, societal and environmental sustainability are at the core of obtaining our two labels that promote excellence in Vaud: <a href="https://www.vaud.ch/en/vaud-certifie-dici/" title="VAUD CERTIFIÉ D'ICI">VAUD CERTIFIÉ D&#8217;ICI</a> and <a href="https://www.vaud.ch/en/vaud-ambassadeur/" target="_blank" rel="noopener" title="VAUD AMBASSADEUR">VAUD AMBASSADEUR</a>.</p>



<figure class="wp-block-image size-full"><img loading="lazy" decoding="async" width="1600" height="1067" src="https://www.vaud.ch/app/uploads/2023/08/campagne-ferme_Switzerland-Tourism-Lorenz-Richard.jpg" alt="La durabilité dans le Canton de Vaud, une priorité" class="wp-image-1595" srcset="https://www.vaud.ch/app/uploads/2023/08/campagne-ferme_Switzerland-Tourism-Lorenz-Richard.jpg 1600w, https://www.vaud.ch/app/uploads/2023/08/campagne-ferme_Switzerland-Tourism-Lorenz-Richard-750x500.jpg 750w, https://www.vaud.ch/app/uploads/2023/08/campagne-ferme_Switzerland-Tourism-Lorenz-Richard-300x200.jpg 300w, https://www.vaud.ch/app/uploads/2023/08/campagne-ferme_Switzerland-Tourism-Lorenz-Richard-768x512.jpg 768w, https://www.vaud.ch/app/uploads/2023/08/campagne-ferme_Switzerland-Tourism-Lorenz-Richard-1024x683.jpg 1024w, https://www.vaud.ch/app/uploads/2023/08/campagne-ferme_Switzerland-Tourism-Lorenz-Richard-1536x1024.jpg 1536w" sizes="auto, (max-width: 1600px) 100vw, 1600px" /><figcaption class="wp-element-caption">Switzerland Tourism/Lorenz Richard</figcaption></figure>



<h4 class="wp-block-heading">A few examples of our actions at Vaud Promotion</h4>



<ul class="editor-list wp-block-list">
<li><a href="https://www.vaud.ch/actualites/du-tour-de-france-aux-epaules-denfants-en-difficulte/" target="_blank" rel="noopener" title="Le recyclage de l’illustration géante créée pour le Tour de France 2022 en sacs de gym "></a><a href="https://vaud-promotion.ch/2023/06/du-tour-de-france-aux-epaules-denfants-en-difficulte-une-2e-etape-qui-vaud-encore-plus-le-detour/">Recycling the giant illustration created for the 2022 Tour de France into gym bags</a></li>



<li>Showcasing VAUD CERTIFIED FROM HERE products at events</li>



<li>Collaboration with the <a href="https://www.summit-foundation.org/">Summit Foundation</a> to fight against waste</li>



<li><a href="https://www.myvaud.ch/en/Z14224/vaudois-tourism-accessible-to-all" target="_blank" rel="noopener" title="Promoting offers">Promoting offers</a> that are accessible to people with disabilities</li>



<li><a href="https://www.lausanne-montreux-congress.ch/fr/developpement-durable/">Support for the deployment of the Lausanne-Montreux region&#8217;s sustainability strategy</a></li>
</ul>



<h4 class="wp-block-heading">Our partners</h4>



<ul class="editor-list wp-block-list">
<li><a href="https://www.innovationsgenerator.ch/accueil.html">Generator of innovation</a></li>



<li><a href="https://www.resilienttourism.ch/fr">Resilient tourism</a></li>



<li><a href="https://www.summit-foundation.org/?lang=en">Summit Foundation</a></li>



<li><a href="https://www.proinfirmis.ch/fr/index.html">Pro Infirmis</a></li>



<li><a href="https://www.claireundgeorge.ch/fr/vacances-et-voyages-sans-barrieres-en-suisse">Claire &amp; George</a></li>
</ul>



<div class="wp-block-group has-white-color-color has-blue-color-background-color has-text-color has-background is-layout-flow wp-block-group-is-layout-flow">
<h4 class="wp-block-heading">What is sustainable tourism?</h4>



<p>The World Tourism Organization (WTO) defines as sustainable “tourism that takes full account of its current and future economic, social, and environmental impacts, addressing the needs of visitors, the industry, the environment, and host communities”.&nbsp;</p>
</div>

	</div>

</div>


<div class="wp-bootstrap-blocks-row row">
	

<div class="col-12 col-md-6">
			

            <a class="special-link with-icon internal with-img" href="https://www.vaud.ch/une-priorite-regionale-et-nationale/" target="_self">
                            <img decoding="async" src="https://www.vaud.ch/app/uploads/2023/08/Matthias-Lehmann-2017-8-750x500.jpg" alt="A priority at regional and national level (French page)">
                        <div class="special-link-content">
                                    <lord-icon src="https://cdn.lordicon.com/zmkotitn.json" target=".special-link" trigger="hover" colors="primary:#199573" style="width:28px;height:28px"></lord-icon>
                
                A priority at regional and national level (French page)            </div>
        </a>
    
	</div>



<div class="col-12 col-md-6">
			

            <a class="special-link with-icon internal with-img" href="https://www.vaud.ch/label-swisstainable/" target="_self">
                            <img decoding="async" src="https://www.vaud.ch/app/uploads/2023/08/VivreVaud_ST_3x2_Chateau-dOex-hot-air-balloon-flight_75366-750x500.jpg" alt="Swisstainable label (French page)">
                        <div class="special-link-content">
                                    <lord-icon src="https://cdn.lordicon.com/zmkotitn.json" target=".special-link" trigger="hover" colors="primary:#199573" style="width:28px;height:28px"></lord-icon>
                
                Swisstainable label (French page)            </div>
        </a>
    
	</div>

</div>
